-- Table structure for table `glpi_manuallinks`
--

CREATE TABLE `glpi_manuallinks` (
  `id` int(10) unsigned NOT NULL AUTO_INCREMENT,
  `name` varchar(255) DEFAULT NULL,
  `url` varchar(8096) NOT NULL,
  `open_window` tinyint(4) NOT NULL DEFAULT 1,
  `icon` varchar(255) DEFAULT NULL,
  `comment` text DEFAULT NULL,
  `items_id` int(10) unsigned NOT NULL DEFAULT 0,
  `itemtype` varchar(255) DEFAULT NULL,
  `date_creation` timestamp NULL DEFAULT NULL,
  `date_mod` timestamp NULL DEFAULT NULL,
  PRIMARY KEY (`id`),
  KEY `name` (`name`),
  KEY `item` (`itemtype`,`items_id`),
  KEY `items_id` (`items_id`),
  KEY `date_creation` (`date_creation`),
  KEY `date_mod` (`date_mod`)
) ENGINE=InnoDB DEFAULT CHARSET=utf8mb4 COLLATE=utf8mb4_unicode_ci ROW_FORMAT=DYNAMIC;

--
-- Dumping data for table `glpi_manuallinks`
--


--
-- Table structure for table `glpi_manufacturers`
--

CREATE TABLE `glpi_manufacturers` (
  `id` int(10) unsigned NOT NULL AUTO_INCREMENT,
  `name` varchar(255) DEFAULT NULL,
  `comment` text DEFAULT NULL,
  `date_mod` timestamp NULL DEFAULT NULL,
  `date_creation` timestamp NULL DEFAULT NULL,
  PRIMARY KEY (`id`),
  KEY `name` (`name`),
  KEY `date_mod` (`date_mod`),
  KEY `date_creation` (`date_creation`)
) ENGINE=InnoDB AUTO_INCREMENT=2 DEFAULT CHARSET=utf8mb4 COLLATE=utf8mb4_unicode_ci ROW_FORMAT=DYNAMIC;

--
-- Dumping data for table `glpi_manufacturers`
--

INSERT INTO `glpi_manufacturers` VALUES
(1,'DELL','','2024-12-27 14:00:32','2024-12-27 14:00:32');

--
-- Table structure for table `glpi_monitormodels`
--

CREATE TABLE `glpi_monitormodels` (
  `id` int(10) unsigned NOT NULL AUTO_INCREMENT,
  `name` varchar(255) DEFAULT NULL,
  `comment` text DEFAULT NULL,
  `product_number` varchar(255) DEFAULT NULL,
  `weight` int(11) NOT NULL DEFAULT 0,
  `required_units` int(11) NOT NULL DEFAULT 1,
  `depth` float NOT NULL DEFAULT 1,
  `power_connections` int(11) NOT NULL DEFAULT 0,
  `power_consumption` int(11) NOT NULL DEFAULT 0,
  `is_half_rack` tinyint(4) NOT NULL DEFAULT 0,
  `picture_front` text DEFAULT NULL,
  `picture_rear` text DEFAULT NULL,
  `pictures` text DEFAULT NULL,
  `date_mod` timestamp NULL DEFAULT NULL,
  `date_creation` timestamp NULL DEFAULT NULL,
  PRIMARY KEY (`id`),
  KEY `name` (`name`),
  KEY `date_mod` (`date_mod`),
  KEY `date_creation` (`date_creation`),
  KEY `product_number` (`product_number`)
) ENGINE=InnoDB DEFAULT CHARSET=utf8mb4 COLLATE=utf8mb4_unicode_ci ROW_FORMAT=DYNAMIC;

--
-- Dumping data for table `glpi_monitormodels`
--


--
-- Table structure for table `glpi_monitors`
--

CREATE TABLE `glpi_monitors` (
  `id` int(10) unsigned NOT NULL AUTO_INCREMENT,
  `entities_id` int(10) unsigned NOT NULL DEFAULT 0,
  `name` varchar(255) DEFAULT NULL,
  `date_mod` timestamp NULL DEFAULT NULL,
  `contact` varchar(255) DEFAULT NULL,
  `contact_num` varchar(255) DEFAULT NULL,
  `users_id_tech` int(10) unsigned NOT NULL DEFAULT 0,
  `groups_id_tech` int(10) unsigned NOT NULL DEFAULT 0,
  `comment` text DEFAULT NULL,
  `serial` varchar(255) DEFAULT NULL,
  `otherserial` varchar(255) DEFAULT NULL,
  `size` decimal(5,2) NOT NULL DEFAULT 0.00,
  `have_micro` tinyint(4) NOT NULL DEFAULT 0,
  `have_speaker` tinyint(4) NOT NULL DEFAULT 0,
  `have_subd` tinyint(4) NOT NULL DEFAULT 0,
  `have_bnc` tinyint(4) NOT NULL DEFAULT 0,
  `have_dvi` tinyint(4) NOT NULL DEFAULT 0,
  `have_pivot` tinyint(4) NOT NULL DEFAULT 0,
  `have_hdmi` tinyint(4) NOT NULL DEFAULT 0,
  `have_displayport` tinyint(4) NOT NULL DEFAULT 0,
  `locations_id` int(10) unsigned NOT NULL DEFAULT 0,
  `monitortypes_id` int(10) unsigned NOT NULL DEFAULT 0,
  `monitormodels_id` int(10) unsigned NOT NULL DEFAULT 0,
  `manufacturers_id` int(10) unsigned NOT NULL DEFAULT 0,
  `is_global` tinyint(4) NOT NULL DEFAULT 0,
  `is_deleted` tinyint(4) NOT NULL DEFAULT 0,
  `is_template` tinyint(4) NOT NULL DEFAULT 0,
  `template_name` varchar(255) DEFAULT NULL,
  `users_id` int(10) unsigned NOT NULL DEFAULT 0,
  `groups_id` int(10) unsigned NOT NULL DEFAULT 0,
  `states_id` int(10) unsigned NOT NULL DEFAULT 0,
  `ticket_tco` decimal(20,4) DEFAULT 0.0000,
  `is_dynamic` tinyint(4) NOT NULL DEFAULT 0,
  `autoupdatesystems_id` int(10) unsigned NOT NULL DEFAULT 0,
  `uuid` varchar(255) DEFAULT NULL,
  `date_creation` timestamp NULL DEFAULT NULL,
  `is_recursive` tinyint(4) NOT NULL DEFAULT 0,
  PRIMARY KEY (`id`),
  KEY `name` (`name`),
  KEY `is_template` (`is_template`),
  KEY `is_global` (`is_global`),
  KEY `entities_id` (`entities_id`),
  KEY `manufacturers_id` (`manufacturers_id`),
  KEY `groups_id` (`groups_id`),
  KEY `users_id` (`users_id`),
  KEY `locations_id` (`locations_id`),
  KEY `monitormodels_id` (`monitormodels_id`),
  KEY `states_id` (`states_id`),
  KEY `users_id_tech` (`users_id_tech`),
  KEY `monitortypes_id` (`monitortypes_id`),
  KEY `is_deleted` (`is_deleted`),
  KEY `groups_id_tech` (`groups_id_tech`),
  KEY `is_dynamic` (`is_dynamic`),
  KEY `autoupdatesystems_id` (`autoupdatesystems_id`),
  KEY `serial` (`serial`),
  KEY `otherserial` (`otherserial`),
  KEY `uuid` (`uuid`),
  KEY `date_creation` (`date_creation`),
  KEY `is_recursive` (`is_recursive`),
  KEY `date_mod` (`date_mod`)
) ENGINE=InnoDB DEFAULT CHARSET=utf8mb4 COLLATE=utf8mb4_unicode_ci ROW_FORMAT=DYNAMIC;

--
-- Dumping data for table `glpi_monitors`
--


--
-- Table structure for table `glpi_monitortypes`
--

CREATE TABLE `glpi_monitortypes` (
  `id` int(10) unsigned NOT NULL AUTO_INCREMENT,
  `name` varchar(255) DEFAULT NULL,
  `comment` text DEFAULT NULL,
  `date_mod` timestamp NULL DEFAULT NULL,
  `date_creation` timestamp NULL DEFAULT NULL,
  PRIMARY KEY (`id`),
  KEY `name` (`name`),
  KEY `date_mod` (`date_mod`),
  KEY `date_creation` (`date_creation`)
) ENGINE=InnoDB DEFAULT CHARSET=utf8mb4 COLLATE=utf8mb4_unicode_ci ROW_FORMAT=DYNAMIC;

--
-- Dumping data for table `glpi_monitortypes`
--


--
-- Table structure for table `glpi_networkaliases`
--

CREATE TABLE `glpi_networkaliases` (
  `id` int(10) unsigned NOT NULL AUTO_INCREMENT,
  `entities_id` int(10) unsigned NOT NULL DEFAULT 0,
  `networknames_id` int(10) unsigned NOT NULL DEFAULT 0,
  `name` varchar(255) DEFAULT NULL,
  `fqdns_id` int(10) unsigned NOT NULL DEFAULT 0,
  `comment` text DEFAULT NULL,
  PRIMARY KEY (`id`),
  KEY `entities_id` (`entities_id`),
  KEY `name` (`name`),
  KEY `networknames_id` (`networknames_id`),
  KEY `fqdns_id` (`fqdns_id`)
) ENGINE=InnoDB DEFAULT CHARSET=utf8mb4 COLLATE=utf8mb4_unicode_ci ROW_FORMAT=DYNAMIC;

--
-- Dumping data for table `glpi_networkaliases`
--


--
-- Table structure for table `glpi_networkequipmentmodels`
--

CREATE TABLE `glpi_networkequipmentmodels` (
  `id` int(10) unsigned NOT NULL AUTO_INCREMENT,
  `name` varchar(255) DEFAULT NULL,
  `comment` text DEFAULT NULL,
  `product_number` varchar(255) DEFAULT NULL,
  `weight` int(11) NOT NULL DEFAULT 0,
  `required_units` int(11) NOT NULL DEFAULT 1,
  `depth` float NOT NULL DEFAULT 1,
  `power_connections` int(11) NOT NULL DEFAULT 0,
  `power_consumption` int(11) NOT NULL DEFAULT 0,
  `is_half_rack` tinyint(4) NOT NULL DEFAULT 0,
  `picture_front` text DEFAULT NULL,
  `picture_rear` text DEFAULT NULL,
  `pictures` text DEFAULT NULL,
  `date_mod` timestamp NULL DEFAULT NULL,
  `date_creation` timestamp NULL DEFAULT NULL,
  PRIMARY KEY (`id`),
  KEY `name` (`name`),
  KEY `date_mod` (`date_mod`),
  KEY `date_creation` (`date_creation`),
  KEY `product_number` (`product_number`)
) ENGINE=InnoDB DEFAULT CHARSET=utf8mb4 COLLATE=utf8mb4_unicode_ci ROW_FORMAT=DYNAMIC;

--
-- Dumping data for table `glpi_networkequipmentmodels`
--


--
-- Table structure for table `glpi_networkequipments`
--

CREATE TABLE `glpi_networkequipments` (
  `id` int(10) unsigned NOT NULL AUTO_INCREMENT,
  `entities_id` int(10) unsigned NOT NULL DEFAULT 0,
  `is_recursive` tinyint(4) NOT NULL DEFAULT 0,
  `name` varchar(255) DEFAULT NULL,
  `ram` int(10) unsigned DEFAULT NULL,
  `serial` varchar(255) DEFAULT NULL,
  `otherserial` varchar(255) DEFAULT NULL,
  `contact` varchar(255) DEFAULT NULL,
  `contact_num` varchar(255) DEFAULT NULL,
  `users_id_tech` int(10) unsigned NOT NULL DEFAULT 0,
  `groups_id_tech` int(10) unsigned NOT NULL DEFAULT 0,
  `date_mod` timestamp NULL DEFAULT NULL,
  `comment` text DEFAULT NULL,
  `locations_id` int(10) unsigned NOT NULL DEFAULT 0,
  `networks_id` int(10) unsigned NOT NULL DEFAULT 0,
  `networkequipmenttypes_id` int(10) unsigned NOT NULL DEFAULT 0,
  `networkequipmentmodels_id` int(10) unsigned NOT NULL DEFAULT 0,
  `manufacturers_id` int(10) unsigned NOT NULL DEFAULT 0,
  `is_deleted` tinyint(4) NOT NULL DEFAULT 0,
  `is_template` tinyint(4) NOT NULL DEFAULT 0,
  `template_name` varchar(255) DEFAULT NULL,
  `users_id` int(10) unsigned NOT NULL DEFAULT 0,
  `groups_id` int(10) unsigned NOT NULL DEFAULT 0,
  `states_id` int(10) unsigned NOT NULL DEFAULT 0,
  `ticket_tco` decimal(20,4) DEFAULT 0.0000,
  `is_dynamic` tinyint(4) NOT NULL DEFAULT 0,
  `uuid` varchar(255) DEFAULT NULL,
  `date_creation` timestamp NULL DEFAULT NULL,
  `autoupdatesystems_id` int(10) unsigned NOT NULL DEFAULT 0,
  `sysdescr` text DEFAULT NULL,
  `cpu` int(11) NOT NULL DEFAULT 0,
  `uptime` varchar(255) NOT NULL DEFAULT '0',
  `last_inventory_update` timestamp NULL DEFAULT NULL,
  `snmpcredentials_id` int(10) unsigned NOT NULL DEFAULT 0,
  PRIMARY KEY (`id`),
  KEY `name` (`name`),
  KEY `is_template` (`is_template`),
  KEY `entities_id` (`entities_id`),
  KEY `is_recursive` (`is_recursive`),
  KEY `manufacturers_id` (`manufacturers_id`),
  KEY `groups_id` (`groups_id`),
  KEY `users_id` (`users_id`),
  KEY `locations_id` (`locations_id`),
  KEY `networkequipmentmodels_id` (`networkequipmentmodels_id`),
  KEY `networks_id` (`networks_id`),
  KEY `states_id` (`states_id`),
  KEY `users_id_tech` (`users_id_tech`),
  KEY `networkequipmenttypes_id` (`networkequipmenttypes_id`),
  KEY `is_deleted` (`is_deleted`),
  KEY `date_mod` (`date_mod`),
  KEY `groups_id_tech` (`groups_id_tech`),
  KEY `is_dynamic` (`is_dynamic`),
  KEY `serial` (`serial`),
  KEY `otherserial` (`otherserial`),
  KEY `uuid` (`uuid`),
  KEY `date_creation` (`date_creation`),
  KEY `autoupdatesystems_id` (`autoupdatesystems_id`),
  KEY `snmpcredentials_id` (`snmpcredentials_id`)
) ENGINE=InnoDB DEFAULT CHARSET=utf8mb4 COLLATE=utf8mb4_unicode_ci ROW_FORMAT=DYNAMIC;

--
-- Dumping data for table `glpi_networkequipments`
--


--
-- Table structure for table `glpi_networkequipmenttypes`
--

CREATE TABLE `glpi_networkequipmenttypes` (
  `id` int(10) unsigned NOT NULL AUTO_INCREMENT,
  `name` varchar(255) DEFAULT NULL,
  `comment` text DEFAULT NULL,
  `date_mod` timestamp NULL DEFAULT NULL,
  `date_creation` timestamp NULL DEFAULT NULL,
  PRIMARY KEY (`id`),
  KEY `name` (`name`),
  KEY `date_mod` (`date_mod`),
  KEY `date_creation` (`date_creation`)
) ENGINE=InnoDB DEFAULT CHARSET=utf8mb4 COLLATE=utf8mb4_unicode_ci ROW_FORMAT=DYNAMIC;

--
-- Dumping data for table `glpi_networkequipmenttypes`
--


--
-- Table structure for table `glpi_networkinterfaces`
--

CREATE TABLE `glpi_networkinterfaces` (
  `id` int(10) unsigned NOT NULL AUTO_INCREMENT,
  `name` varchar(255) DEFAULT NULL,
  `comment` text DEFAULT NULL,
  PRIMARY KEY (`id`),
  KEY `name` (`name`)
) ENGINE=InnoDB DEFAULT CHARSET=utf8mb4 COLLATE=utf8mb4_unicode_ci ROW_FORMAT=DYNAMIC;

--
-- Dumping data for table `glpi_networkinterfaces`
--


--
-- Table structure for table `glpi_networknames`
--

CREATE TABLE `glpi_networknames` (
  `id` int(10) unsigned NOT NULL AUTO_INCREMENT,
  `entities_id` int(10) unsigned NOT NULL DEFAULT 0,
  `items_id` int(10) unsigned NOT NULL DEFAULT 0,
  `itemtype` varchar(100) NOT NULL,
  `name` varchar(255) DEFAULT NULL,
  `comment` text DEFAULT NULL,
  `fqdns_id` int(10) unsigned NOT NULL DEFAULT 0,
  `ipnetworks_id` int(10) unsigned NOT NULL DEFAULT 0,
  `is_deleted` tinyint(4) NOT NULL DEFAULT 0,
  `is_dynamic` tinyint(4) NOT NULL DEFAULT 0,
  `date_mod` timestamp NULL DEFAULT NULL,
  `date_creation` timestamp NULL DEFAULT NULL,
  PRIMARY KEY (`id`),
  KEY `entities_id` (`entities_id`),
  KEY `FQDN` (`name`,`fqdns_id`),
  KEY `fqdns_id` (`fqdns_id`),
  KEY `is_deleted` (`is_deleted`),
  KEY `is_dynamic` (`is_dynamic`),
  KEY `item` (`itemtype`,`items_id`,`is_deleted`),
  KEY `date_mod` (`date_mod`),
  KEY `date_creation` (`date_creation`),
  KEY `ipnetworks_id` (`ipnetworks_id`)
) ENGINE=InnoDB DEFAULT CHARSET=utf8mb4 COLLATE=utf8mb4_unicode_ci ROW_FORMAT=DYNAMIC;

--
-- Dumping data for table `glpi_networknames`
--


--
-- Table structure for table `glpi_networkportaggregates`
--

CREATE TABLE `glpi_networkportaggregates` (
  `id` int(10) unsigned NOT NULL AUTO_INCREMENT,
  `networkports_id` int(10) unsigned NOT NULL DEFAULT 0,
  `networkports_id_list` text DEFAULT NULL COMMENT 'array of associated networkports_id',
  `date_mod` timestamp NULL DEFAULT NULL,
  `date_creation` timestamp NULL DEFAULT NULL,
  PRIMARY KEY (`id`),
  UNIQUE KEY `networkports_id` (`networkports_id`),
  KEY `date_mod` (`date_mod`),
  KEY `date_creation` (`date_creation`)
) ENGINE=InnoDB DEFAULT CHARSET=utf8mb4 COLLATE=utf8mb4_unicode_ci ROW_FORMAT=DYNAMIC;

--
-- Dumping data for table `glpi_networkportaggregates`
--


--
-- Table structure for table `glpi_networkportaliases`
--

CREATE TABLE `glpi_networkportaliases` (
  `id` int(10) unsigned NOT NULL AUTO_INCREMENT,
  `networkports_id` int(10) unsigned NOT NULL DEFAULT 0,
  `networkports_id_alias` int(10) unsigned NOT NULL DEFAULT 0,
  `date_mod` timestamp NULL DEFAULT NULL,
  `date_creation` timestamp NULL DEFAULT NULL,
  PRIMARY KEY (`id`),
  UNIQUE KEY `networkports_id` (`networkports_id`),
  KEY `networkports_id_alias` (`networkports_id_alias`),
  KEY `date_mod` (`date_mod`),
  KEY `date_creation` (`date_creation`)
) ENGINE=InnoDB DEFAULT CHARSET=utf8mb4 COLLATE=utf8mb4_unicode_ci ROW_FORMAT=DYNAMIC;

--
-- Dumping data for table `glpi_networkportaliases`
--


--
-- Table structure for table `glpi_networkportconnectionlogs`
--

CREATE TABLE `glpi_networkportconnectionlogs` (
  `id` int(10) unsigned NOT NULL AUTO_INCREMENT,
  `date` timestamp NULL DEFAULT NULL,
  `connected` tinyint(4) NOT NULL DEFAULT 0,
  `networkports_id_source` int(10) unsigned NOT NULL DEFAULT 0,
  `networkports_id_destination` int(10) unsigned NOT NULL DEFAULT 0,
  PRIMARY KEY (`id`),
  KEY `date` (`date`),
  KEY `networkports_id_source` (`networkports_id_source`),
  KEY `networkports_id_destination` (`networkports_id_destination`)
) ENGINE=InnoDB DEFAULT CHARSET=utf8mb4 COLLATE=utf8mb4_unicode_ci ROW_FORMAT=DYNAMIC;

--
-- Dumping data for table `glpi_networkportconnectionlogs`
--


--
-- Table structure for table `glpi_networkportdialups`
--

CREATE TABLE `glpi_networkportdialups` (
  `id` int(10) unsigned NOT NULL AUTO_INCREMENT,
  `networkports_id` int(10) unsigned NOT NULL DEFAULT 0,
  `date_mod` timestamp NULL DEFAULT NULL,
  `date_creation` timestamp NULL DEFAULT NULL,
  PRIMARY KEY (`id`),
  UNIQUE KEY `networkports_id` (`networkports_id`),
  KEY `date_mod` (`date_mod`),
  KEY `date_creation` (`date_creation`)
) ENGINE=InnoDB DEFAULT CHARSET=utf8mb4 COLLATE=utf8mb4_unicode_ci ROW_FORMAT=DYNAMIC;

--
-- Dumping data for table `glpi_networkportdialups`
--


--
-- Table structure for table `glpi_networkportethernets`
--

CREATE TABLE `glpi_networkportethernets` (
  `id` int(10) unsigned NOT NULL AUTO_INCREMENT,
  `networkports_id` int(10) unsigned NOT NULL DEFAULT 0,
  `items_devicenetworkcards_id` int(10) unsigned NOT NULL DEFAULT 0,
  `type` varchar(10) DEFAULT '' COMMENT 'T, LX, SX',
  `speed` int(11) NOT NULL DEFAULT 10 COMMENT 'Mbit/s: 10, 100, 1000, 10000',
  `date_mod` timestamp NULL DEFAULT NULL,
  `date_creation` timestamp NULL DEFAULT NULL,
  PRIMARY KEY (`id`),
  UNIQUE KEY `networkports_id` (`networkports_id`),
  KEY `card` (`items_devicenetworkcards_id`),
  KEY `type` (`type`),
  KEY `speed` (`speed`),
  KEY `date_mod` (`date_mod`),
  KEY `date_creation` (`date_creation`)
) ENGINE=InnoDB DEFAULT CHARSET=utf8mb4 COLLATE=utf8mb4_unicode_ci ROW_FORMAT=DYNAMIC;

--
-- Dumping data for table `glpi_networkportethernets`
--


--
-- Table structure for table `glpi_networkportfiberchannels`
--

CREATE TABLE `glpi_networkportfiberchannels` (
  `id` int(10) unsigned NOT NULL AUTO_INCREMENT,
  `networkports_id` int(10) unsigned NOT NULL DEFAULT 0,
  `items_devicenetworkcards_id` int(10) unsigned NOT NULL DEFAULT 0,
  `networkportfiberchanneltypes_id` int(10) unsigned NOT NULL DEFAULT 0,
  `wwn` varchar(50) DEFAULT '',
  `speed` int(11) NOT NULL DEFAULT 10 COMMENT 'Mbit/s: 10, 100, 1000, 10000',
  `date_mod` timestamp NULL DEFAULT NULL,
  `date_creation` timestamp NULL DEFAULT NULL,
  PRIMARY KEY (`id`),
  UNIQUE KEY `networkports_id` (`networkports_id`),
  KEY `card` (`items_devicenetworkcards_id`),
  KEY `type` (`networkportfiberchanneltypes_id`),
  KEY `wwn` (`wwn`),
  KEY `speed` (`speed`),
  KEY `date_mod` (`date_mod`),
  KEY `date_creation` (`date_creation`)
) ENGINE=InnoDB DEFAULT CHARSET=utf8mb4 COLLATE=utf8mb4_unicode_ci ROW_FORMAT=DYNAMIC;

--
-- Dumping data for table `glpi_networkportfiberchannels`
--


--
-- Table structure for table `glpi_networkportfiberchanneltypes`
--

CREATE TABLE `glpi_networkportfiberchanneltypes` (
  `id` int(10) unsigned NOT NULL AUTO_INCREMENT,
  `name` varchar(255) DEFAULT NULL,
  `comment` text DEFAULT NULL,
  `date_mod` timestamp NULL DEFAULT NULL,
  `date_creation` timestamp NULL DEFAULT NULL,
  PRIMARY KEY (`id`),
  KEY `name` (`name`),
  KEY `date_mod` (`date_mod`),
  KEY `date_creation` (`date_creation`)
) ENGINE=InnoDB DEFAULT CHARSET=utf8mb4 COLLATE=utf8mb4_unicode_ci ROW_FORMAT=DYNAMIC;

--
-- Dumping data for table `glpi_networkportfiberchanneltypes`
--


--
-- Table structure for table `glpi_networkportlocals`
--

CREATE TABLE `glpi_networkportlocals` (
  `id` int(10) unsigned NOT NULL AUTO_INCREMENT,
  `networkports_id` int(10) unsigned NOT NULL DEFAULT 0,
  `date_mod` timestamp NULL DEFAULT NULL,
  `date_creation` timestamp NULL DEFAULT NULL,
  PRIMARY KEY (`id`),
  UNIQUE KEY `networkports_id` (`networkports_id`),
  KEY `date_mod` (`date_mod`),
  KEY `date_creation` (`date_creation`)
) ENGINE=InnoDB DEFAULT CHARSET=utf8mb4 COLLATE=utf8mb4_unicode_ci ROW_FORMAT=DYNAMIC;

--
-- Dumping data for table `glpi_networkportlocals`
--


--
-- Table structure for table `glpi_networkportmetrics`
--

CREATE TABLE `glpi_networkportmetrics` (
  `id` int(10) unsigned NOT NULL AUTO_INCREMENT,
  `date` date DEFAULT NULL,
  `ifinbytes` bigint(20) NOT NULL DEFAULT 0,
  `ifinerrors` bigint(20) NOT NULL DEFAULT 0,
  `ifoutbytes` bigint(20) NOT NULL DEFAULT 0,
  `ifouterrors` bigint(20) NOT NULL DEFAULT 0,
  `networkports_id` int(10) unsigned NOT NULL DEFAULT 0,
  `date_creation` timestamp NULL DEFAULT NULL,
  `date_mod` timestamp NULL DEFAULT NULL,
  PRIMARY KEY (`id`),
  UNIQUE KEY `unicity` (`networkports_id`,`date`),
  KEY `date` (`date`),
  KEY `date_creation` (`date_creation`),
  KEY `date_mod` (`date_mod`)
) ENGINE=InnoDB DEFAULT CHARSET=utf8mb4 COLLATE=utf8mb4_unicode_ci ROW_FORMAT=DYNAMIC;

--
-- Dumping data for table `glpi_networkportmetrics`
--


--
-- Table structure for table `glpi_networkports`
--

CREATE TABLE `glpi_networkports` (
  `id` int(10) unsigned NOT NULL AUTO_INCREMENT,
  `items_id` int(10) unsigned NOT NULL DEFAULT 0,
  `itemtype` varchar(100) NOT NULL,
  `entities_id` int(10) unsigned NOT NULL DEFAULT 0,
  `is_recursive` tinyint(4) NOT NULL DEFAULT 0,
  `logical_number` int(11) NOT NULL DEFAULT 0,
  `name` varchar(255) DEFAULT NULL,
  `instantiation_type` varchar(255) DEFAULT NULL,
  `mac` varchar(255) DEFAULT NULL,
  `comment` text DEFAULT NULL,
  `is_deleted` tinyint(4) NOT NULL DEFAULT 0,
  `is_dynamic` tinyint(4) NOT NULL DEFAULT 0,
  `date_mod` timestamp NULL DEFAULT NULL,
  `date_creation` timestamp NULL DEFAULT NULL,
  `ifmtu` int(11) NOT NULL DEFAULT 0,
  `ifspeed` bigint(20) NOT NULL DEFAULT 0,
  `ifinternalstatus` varchar(255) DEFAULT NULL,
  `ifconnectionstatus` int(11) NOT NULL DEFAULT 0,
  `iflastchange` varchar(255) DEFAULT NULL,
  `ifinbytes` bigint(20) NOT NULL DEFAULT 0,
  `ifinerrors` bigint(20) NOT NULL DEFAULT 0,
  `ifoutbytes` bigint(20) NOT NULL DEFAULT 0,
  `ifouterrors` bigint(20) NOT NULL DEFAULT 0,
  `ifstatus` varchar(255) DEFAULT NULL,
  `ifdescr` varchar(255) DEFAULT NULL,
  `ifalias` varchar(255) DEFAULT NULL,
  `portduplex` varchar(255) DEFAULT NULL,
  `trunk` tinyint(4) NOT NULL DEFAULT 0,
  `lastup` timestamp NULL DEFAULT NULL,
  PRIMARY KEY (`id`),
  KEY `name` (`name`),
  KEY `item` (`itemtype`,`items_id`),
  KEY `entities_id` (`entities_id`),
  KEY `is_recursive` (`is_recursive`),
  KEY `mac` (`mac`),
  KEY `is_deleted` (`is_deleted`),
  KEY `is_dynamic` (`is_dynamic`),
  KEY `date_mod` (`date_mod`),
  KEY `date_creation` (`date_creation`)
) ENGINE=InnoDB DEFAULT CHARSET=utf8mb4 COLLATE=utf8mb4_unicode_ci ROW_FORMAT=DYNAMIC;

--
-- Dumping data for table `glpi_networkports`
--


--
-- Table structure for table `glpi_networkports_networkports`
--

CREATE TABLE `glpi_networkports_networkports` (
  `id` int(10) unsigned NOT NULL AUTO_INCREMENT,
  `networkports_id_1` int(10) unsigned NOT NULL DEFAULT 0,
  `networkports_id_2` int(10) unsigned NOT NULL DEFAULT 0,
  PRIMARY KEY (`id`),
  UNIQUE KEY `unicity` (`networkports_id_1`,`networkports_id_2`),
  KEY `networkports_id_2` (`networkports_id_2`)
) ENGINE=InnoDB DEFAULT CHARSET=utf8mb4 COLLATE=utf8mb4_unicode_ci ROW_FORMAT=DYNAMIC;

--
-- Dumping data for table `glpi_networkports_networkports`
--


--
-- Table structure for table `glpi_networkports_vlans`
--

CREATE TABLE `glpi_networkports_vlans` (
  `id` int(10) unsigned NOT NULL AUTO_INCREMENT,
  `networkports_id` int(10) unsigned NOT NULL DEFAULT 0,
  `vlans_id` int(10) unsigned NOT NULL DEFAULT 0,
  `tagged` tinyint(4) NOT NULL DEFAULT 0,
  PRIMARY KEY (`id`),
  UNIQUE KEY `unicity` (`networkports_id`,`vlans_id`),
  KEY `vlans_id` (`vlans_id`)
) ENGINE=InnoDB DEFAULT CHARSET=utf8mb4 COLLATE=utf8mb4_unicode_ci ROW_FORMAT=DYNAMIC;

--
-- Dumping data for table `glpi_networkports_vlans`
--


--
-- Table structure for table `glpi_networkporttypes`
--

CREATE TABLE `glpi_networkporttypes` (
  `id` int(10) unsigned NOT NULL AUTO_INCREMENT,
  `entities_id` int(10) unsigned NOT NULL DEFAULT 0,
  `is_recursive` tinyint(4) NOT NULL DEFAULT 0,
  `value_decimal` int(11) NOT NULL,
  `name` varchar(255) DEFAULT NULL,
  `comment` text DEFAULT NULL,
  `is_importable` tinyint(4) NOT NULL DEFAULT 0,
  `instantiation_type` varchar(255) DEFAULT NULL,
  `date_creation` timestamp NULL DEFAULT NULL,
  `date_mod` timestamp NULL DEFAULT NULL,
  PRIMARY KEY (`id`),
  KEY `value_decimal` (`value_decimal`),
  KEY `name` (`name`),
  KEY `entities_id` (`entities_id`),
  KEY `is_recursive` (`is_recursive`),
  KEY `is_importable` (`is_importable`),
  KEY `date_mod` (`date_mod`),
  KEY `date_creation` (`date_creation`)
) ENGINE=InnoDB AUTO_INCREMENT=305 DEFAULT CHARSET=utf8mb4 COLLATE=utf8mb4_unicode_ci ROW_FORMAT=DYNAMIC;

--
-- Dumping data for table `glpi_networkporttypes`
--

INSERT INTO `glpi_networkporttypes` VALUES
(1,0,0,0,'Name','Description References',0,NULL,'2024-12-27 05:21:51','2024-12-27 05:21:51'),
(2,0,0,1,'other','none of the following [RFC1213]',0,NULL,'2024-12-27 05:21:51','2024-12-27 05:21:51'),
(3,0,0,2,'regular1822','BBN Report 1822 [RFC1213]',0,NULL,'2024-12-27 05:21:51','2024-12-27 05:21:51'),
(4,0,0,3,'hdh1822','BBN Report 1822 [RFC1213]',0,NULL,'2024-12-27 05:21:51','2024-12-27 05:21:51'),
(5,0,0,4,'ddn-x25','BBN Report 1822 [RFC1213]',0,NULL,'2024-12-27 05:21:51','2024-12-27 05:21:51'),
(6,0,0,5,'x25','X.25 [RFC1382]',0,NULL,'2024-12-27 05:21:51','2024-12-27 05:21:51'),
(7,0,0,6,'ethernet-csmacd','[RFC1213]',1,'NetworkPortEthernet','2024-12-27 05:21:51','2024-12-27 05:21:51'),
(8,0,0,7,'IEEE802.3','DEPRECATED [RFC3635]',1,'NetworkPortEthernet','2024-12-27 05:21:51','2024-12-27 05:21:51'),
(9,0,0,8,'IEEE802.4','Token Bus-like Objects [RFC1239]',0,NULL,'2024-12-27 05:21:51','2024-12-27 05:21:51'),
(10,0,0,9,'IEEE802.5','Token Ring-like Objects [RFC1748]',0,NULL,'2024-12-27 05:21:51','2024-12-27 05:21:51'),
(11,0,0,10,'iso88026-man','[RFC1213]',0,NULL,'2024-12-27 05:21:51','2024-12-27 05:21:51'),
(12,0,0,11,'starLan','DEPRECATED [RFC3635]',0,NULL,'2024-12-27 05:21:51','2024-12-27 05:21:51'),
(13,0,0,12,'proteon-10Mbit','[RFC1213]',0,NULL,'2024-12-27 05:21:51','2024-12-27 05:21:51'),
(14,0,0,13,'proteon-80Mbit','[RFC1213]',0,NULL,'2024-12-27 05:21:51','2024-12-27 05:21:51'),
(15,0,0,14,'hyperchannel','[RFC1213]',0,NULL,'2024-12-27 05:21:51','2024-12-27 05:21:51'),
(16,0,0,15,'FDDI','FDDI Objects [RFC1512]',0,NULL,'2024-12-27 05:21:51','2024-12-27 05:21:51'),
(17,0,0,16,'lapb','LAP B [RFC1381]',0,NULL,'2024-12-27 05:21:51','2024-12-27 05:21:51'),
(18,0,0,17,'sdlc','[RFC1213]',0,NULL,'2024-12-27 05:21:51','2024-12-27 05:21:51'),
(19,0,0,18,'ds1','T1/E1 Carrier Objects [RFC4805]',0,NULL,'2024-12-27 05:21:51','2024-12-27 05:21:51'),
(20,0,0,19,'e1','obsolete [RFC4805]',0,NULL,'2024-12-27 05:21:51','2024-12-27 05:21:51'),
(21,0,0,20,'basicISDN','[RFC1213]',0,NULL,'2024-12-27 05:21:51','2024-12-27 05:21:51'),
(22,0,0,21,'primaryISDN','[RFC1213]',0,NULL,'2024-12-27 05:21:51','2024-12-27 05:21:51'),
(23,0,0,22,'propPointToPointSerial','[RFC1213]',0,NULL,'2024-12-27 05:21:51','2024-12-27 05:21:51'),
(24,0,0,23,'ppp','Point-to-Point Protocol [RFC1213][RFC1471]',0,NULL,'2024-12-27 05:21:51','2024-12-27 05:21:51'),
(25,0,0,24,'softwareLoopback','[RFC1213]',0,NULL,'2024-12-27 05:21:51','2024-12-27 05:21:51'),
(26,0,0,25,'eon','[RFC1213]',0,NULL,'2024-12-27 05:21:51','2024-12-27 05:21:51'),
(27,0,0,26,'ethernet-3Mbit','[RFC1213]',0,NULL,'2024-12-27 05:21:51','2024-12-27 05:21:51'),
(28,0,0,27,'nsip','[RFC1213]',0,NULL,'2024-12-27 05:21:51','2024-12-27 05:21:51'),
(29,0,0,28,'slip','[RFC1213]',0,NULL,'2024-12-27 05:21:51','2024-12-27 05:21:51'),
(30,0,0,29,'ultra','[RFC1213]',0,NULL,'2024-12-27 05:21:51','2024-12-27 05:21:51'),
(31,0,0,30,'ds3','DS3/E3 Interface Objects [RFC3896]',0,NULL,'2024-12-27 05:21:51','2024-12-27 05:21:51'),
(32,0,0,31,'sip','SMDS Interface Objects [RFC1694]',0,NULL,'2024-12-27 05:21:51','2024-12-27 05:21:51'),
(33,0,0,32,'frame-relay','Frame Relay Objects for DTE [RFC2115]',0,NULL,'2024-12-27 05:21:51','2024-12-27 05:21:51'),
(34,0,0,33,'RS-232','RS-232 Objects [RFC1659]',0,NULL,'2024-12-27 05:21:51','2024-12-27 05:21:51'),
(35,0,0,34,'Parallel','Parallel Printer Objects [RFC1660]',0,NULL,'2024-12-27 05:21:51','2024-12-27 05:21:51'),
(36,0,0,35,'arcnet','ARC network',0,NULL,'2024-12-27 05:21:51','2024-12-27 05:21:51'),
(37,0,0,36,'arcnet-plus','ARC network plus',0,NULL,'2024-12-27 05:21:51','2024-12-27 05:21:51'),
(38,0,0,37,'atm','ATM',0,NULL,'2024-12-27 05:21:51','2024-12-27 05:21:51'),
(39,0,0,38,'MIOX25','MIOX25 [RFC1461]',0,NULL,'2024-12-27 05:21:51','2024-12-27 05:21:51'),
(40,0,0,39,'SONET','SONET or SDH',0,NULL,'2024-12-27 05:21:51','2024-12-27 05:21:51'),
(41,0,0,40,'x25ple','X.25 packet level [RFC2127]',0,NULL,'2024-12-27 05:21:51','2024-12-27 05:21:51'),
(42,0,0,41,'iso88022llc','802.2 LLC',0,NULL,'2024-12-27 05:21:51','2024-12-27 05:21:51'),
(43,0,0,42,'localTalk','',0,NULL,'2024-12-27 05:21:51','2024-12-27 05:21:51'),
(44,0,0,43,'smds-dxi','SMDS DXI',0,NULL,'2024-12-27 05:21:51','2024-12-27 05:21:51'),
(45,0,0,44,'frameRelayService','Frame Relay DCE [RFC2954]',0,NULL,'2024-12-27 05:21:51','2024-12-27 05:21:51'),
(46,0,0,45,'v35','V.35',0,NULL,'2024-12-27 05:21:51','2024-12-27 05:21:51'),
(47,0,0,46,'hssi','HSSI',0,NULL,'2024-12-27 05:21:51','2024-12-27 05:21:51'),
(48,0,0,47,'hippi','HIPPI',0,NULL,'2024-12-27 05:21:51','2024-12-27 05:21:51'),
(49,0,0,48,'modem','generic modem',0,NULL,'2024-12-27 05:21:51','2024-12-27 05:21:51'),
(50,0,0,49,'aal5','AAL5 over ATM',0,NULL,'2024-12-27 05:21:51','2024-12-27 05:21:51'),
(51,0,0,50,'sonetPath','',0,NULL,'2024-12-27 05:21:51','2024-12-27 05:21:51'),
(52,0,0,51,'sonetVT','',0,NULL,'2024-12-27 05:21:51','2024-12-27 05:21:51'),
(53,0,0,52,'smds-icip','SMDS Inter-Carrier Interface Protocol',0,NULL,'2024-12-27 05:21:51','2024-12-27 05:21:51'),
(54,0,0,53,'propVirtual','proprietary vitural/internal interface [RFC2863]',0,NULL,'2024-12-27 05:21:51','2024-12-27 05:21:51'),
(55,0,0,54,'propMultiLink','proprietary multi-link multiplexing [RFC2863]',0,NULL,'2024-12-27 05:21:51','2024-12-27 05:21:51'),
(56,0,0,55,'ieee80212','100BaseVG',0,NULL,'2024-12-27 05:21:51','2024-12-27 05:21:51'),
(57,0,0,56,'fibre-channel','Fibre Channel',1,'NetworkPortFiberchannel','2024-12-27 05:21:51','2024-12-27 05:21:51'),
(58,0,0,57,'hippiInterfaces','HIPPI interfaces [Philip_Cameron]',0,NULL,'2024-12-27 05:21:51','2024-12-27 05:21:51'),
(59,0,0,58,'FrameRelayInterconnect','Interconnet over FR [Unknown]',0,NULL,'2024-12-27 05:21:51','2024-12-27 05:21:51'),
(60,0,0,59,'aflane8023','ATM Emulated LAN for 802.3 [Keith_McCloghrie]',0,NULL,'2024-12-27 05:21:51','2024-12-27 05:21:51'),
(61,0,0,60,'aflane8025','ATM Emulated LAN for 802.5 [Keith_McCloghrie]',0,NULL,'2024-12-27 05:21:51','2024-12-27 05:21:51'),
(62,0,0,61,'cctEmul','ATM Emulated circuit [Guy_Fedorkow]',0,NULL,'2024-12-27 05:21:51','2024-12-27 05:21:51'),
(63,0,0,62,'fastEther','DEPRECATED [RFC3635]',1,'NetworkPortEthernet','2024-12-27 05:21:51','2024-12-27 05:21:51'),
(64,0,0,63,'isdn','ISDN and X.25 [RFC1356]',0,NULL,'2024-12-27 05:21:51','2024-12-27 05:21:51'),
(65,0,0,64,'v11','CCITT V.11/X.21 [Satish_Popat]',0,NULL,'2024-12-27 05:21:51','2024-12-27 05:21:51'),
(66,0,0,65,'v36','CCITT V.36 [Satish_Popat]',0,NULL,'2024-12-27 05:21:51','2024-12-27 05:21:51'),
(67,0,0,66,'g703-64k','CCITT G703 at 64Kbps [Satish_Popat]',0,NULL,'2024-12-27 05:21:51','2024-12-27 05:21:51'),
(68,0,0,67,'g703-2mb','CCITT G703 at 2Mbps [Satish_Popat]',0,NULL,'2024-12-27 05:21:51','2024-12-27 05:21:51'),
(69,0,0,68,'qllc','SNA QLLC [Satish_Popat]',0,NULL,'2024-12-27 05:21:51','2024-12-27 05:21:51'),
(70,0,0,69,'fastEtherFX','DEPRECATED [RFC3635]',0,NULL,'2024-12-27 05:21:51','2024-12-27 05:21:51'),
(71,0,0,70,'channel','channel [Steven_Schwell]',0,NULL,'2024-12-27 05:21:51','2024-12-27 05:21:51'),
(72,0,0,71,'IEEE802.11','radio spread spectrum [Dawkoon_Paul_Lee]',1,'NetworkPortWifi','2024-12-27 05:21:51','2024-12-27 05:21:51'),
(73,0,0,72,'ibm370parChan','IBM System 360/370 OEMI Channel [Bill_Kwan]',0,NULL,'2024-12-27 05:21:51','2024-12-27 05:21:51'),
(74,0,0,73,'ESCON','IBM Enterprise Systems Connection [Bill_Kwan]',0,NULL,'2024-12-27 05:21:51','2024-12-27 05:21:51'),
(75,0,0,74,'DLSw','Data Link Switching [Bill_Kwan]',0,NULL,'2024-12-27 05:21:51','2024-12-27 05:21:51'),
(76,0,0,75,'ISDNs','ISDN S/T interface [Ed_Alcoff]',0,NULL,'2024-12-27 05:21:51','2024-12-27 05:21:51'),
(77,0,0,76,'ISDNu','ISDN U interface [Ed_Alcoff]',0,NULL,'2024-12-27 05:21:51','2024-12-27 05:21:51'),
(78,0,0,77,'lapd','Link Access Protocol D [Ed_Alcoff]',0,NULL,'2024-12-27 05:21:51','2024-12-27 05:21:51'),
(79,0,0,78,'ip-switch','IP Switching Objects [Joe_Wei]',0,NULL,'2024-12-27 05:21:51','2024-12-27 05:21:51'),
(80,0,0,79,'rsrb','Remote Source Route Bridging [Bob_Clouston]',0,NULL,'2024-12-27 05:21:51','2024-12-27 05:21:51'),
(81,0,0,80,'atm-logical','ATM Logical Port [RFC3606]',0,NULL,'2024-12-27 05:21:51','2024-12-27 05:21:51'),
(82,0,0,81,'ds0','Digital Signal Level 0 [RFC2494]',0,NULL,'2024-12-27 05:21:51','2024-12-27 05:21:51'),
(83,0,0,82,'ds0Bundle','group of ds0s on the same ds1 [RFC2494]',0,NULL,'2024-12-27 05:21:51','2024-12-27 05:21:51'),
(84,0,0,83,'bsc','Bisynchronous Protocol [Bill_Kwan]',0,NULL,'2024-12-27 05:21:51','2024-12-27 05:21:51'),
(85,0,0,84,'async','Asynchronous Protocol [Bill_Kwan]',0,NULL,'2024-12-27 05:21:51','2024-12-27 05:21:51'),
(86,0,0,85,'cnr','Combat Net Radio [Herb_Jensen]',0,NULL,'2024-12-27 05:21:51','2024-12-27 05:21:51'),
(87,0,0,86,'iso88025Dtr','ISO 802.5r DTR [Trevor_Warwick]',0,NULL,'2024-12-27 05:21:51','2024-12-27 05:21:51'),
(88,0,0,87,'eplrs','Enhanced  Pos Loc Report Sys [Herb_Jensen]',0,NULL,'2024-12-27 05:21:51','2024-12-27 05:21:51'),
(89,0,0,88,'arap','Appletalk Remote Access Protocol [Jim_Halpin]',0,NULL,'2024-12-27 05:21:51','2024-12-27 05:21:51'),
(90,0,0,89,'propCnls','Proprietary Connectionless Proto. [Robert_Neill]',0,NULL,'2024-12-27 05:21:51','2024-12-27 05:21:51'),
(91,0,0,90,'hostPad','CCITT-ITU X.29 PAD Protocol [Robert_Neill]',0,NULL,'2024-12-27 05:21:51','2024-12-27 05:21:51'),
(92,0,0,91,'termPad','CCITT-ITU X.3 PAD Facility [Robert_Neill]',0,NULL,'2024-12-27 05:21:51','2024-12-27 05:21:51'),
(93,0,0,92,'frameRelayMPI','Multiproto Interconnect over FR [Robert_Neill]',0,NULL,'2024-12-27 05:21:51','2024-12-27 05:21:51'),
(94,0,0,93,'x213','CCITT-ITU X213 [Robert_Neill]',0,NULL,'2024-12-27 05:21:51','2024-12-27 05:21:51'),
(95,0,0,94,'adsl','Asymmetric Digital Subscriber Loop [Gregory_Bathrick]',0,NULL,'2024-12-27 05:21:51','2024-12-27 05:21:51'),
(96,0,0,95,'radsl','Rate-Adapt. Digital Subscriber Loop [Gregory_Bathrick]',0,NULL,'2024-12-27 05:21:51','2024-12-27 05:21:51'),
(97,0,0,96,'sdsl','Symmetric Digital Subscriber Loop [Gregory_Bathrick]',0,NULL,'2024-12-27 05:21:51','2024-12-27 05:21:51'),
(98,0,0,97,'vdsl','Very H-Speed Digital Subscrib. Loop [Gregory_Bathrick]',0,NULL,'2024-12-27 05:21:51','2024-12-27 05:21:51'),
(99,0,0,98,'iso88025CRFPInt','ISO 802.5 CRFP [Trevor_Warwick]',0,NULL,'2024-12-27 05:21:51','2024-12-27 05:21:51'),
(100,0,0,99,'myrinet','Myricom Myrinet [Bob_Felderman]',0,NULL,'2024-12-27 05:21:51','2024-12-27 05:21:51'),
(101,0,0,100,'voiceEM','Voice recEive and transMit (E&#38;M) [Bob_Stewart]',0,NULL,'2024-12-27 05:21:51','2024-12-27 05:21:51'),
(102,0,0,101,'voiceFXO','Voice Foreign Exchange Office [Bob_Stewart]',0,NULL,'2024-12-27 05:21:51','2024-12-27 05:21:51'),
(103,0,0,102,'voiceFXS','Voice Foreign Exchange Station [Bob_Stewart]',0,NULL,'2024-12-27 05:21:51','2024-12-27 05:21:51'),
(104,0,0,103,'voiceEncap','Voice encapsulation [Bob_Stewart]',0,NULL,'2024-12-27 05:21:51','2024-12-27 05:21:51'),
(105,0,0,104,'voiceOverIp','Voice over IP encapsulation [Bob_Stewart]',0,NULL,'2024-12-27 05:21:51','2024-12-27 05:21:51'),
(106,0,0,105,'atmDxi','ATM DXI [Gary_Hanson]',0,NULL,'2024-12-27 05:21:51','2024-12-27 05:21:51'),
(107,0,0,106,'atmFuni','ATM FUNI [Gary_Hanson]',0,NULL,'2024-12-27 05:21:51','2024-12-27 05:21:51'),
(108,0,0,107,'atmIma','ATM IMA [Chris_Martin]',0,NULL,'2024-12-27 05:21:51','2024-12-27 05:21:51'),
(109,0,0,108,'pppMultilinkBundle','PPP Multilink Bundle [John_Shriver]',0,NULL,'2024-12-27 05:21:51','2024-12-27 05:21:51'),
(110,0,0,109,'ipOverCdlc','IBM ipOverCdlc [Ken_White]',0,NULL,'2024-12-27 05:21:51','2024-12-27 05:21:51'),
(111,0,0,110,'ipOverClaw','IBM Common Link Access to Workstn [Ken_White]',0,NULL,'2024-12-27 05:21:51','2024-12-27 05:21:51'),
(112,0,0,111,'stackToStack','IBM stackToStack [Ken_White]',0,NULL,'2024-12-27 05:21:51','2024-12-27 05:21:51'),
(113,0,0,112,'virtualIpAddress','IBM VIPA [Ken_White]',0,NULL,'2024-12-27 05:21:51','2024-12-27 05:21:51'),
(114,0,0,113,'mpc','IBM multi-protocol channel support [Ken_White]',0,NULL,'2024-12-27 05:21:51','2024-12-27 05:21:51'),
(115,0,0,114,'ipOverAtm','IBM ipOverAtm [RFC2320]',0,NULL,'2024-12-27 05:21:51','2024-12-27 05:21:51'),
(116,0,0,115,'iso88025Fiber','ISO 802.5j Fiber Token Ring [Kevin_Lingle]',0,NULL,'2024-12-27 05:21:51','2024-12-27 05:21:51'),
(117,0,0,116,'tdlc','IBM twinaxial data link control [John_Pechacek]',0,NULL,'2024-12-27 05:21:51','2024-12-27 05:21:51'),
(118,0,0,117,'gigabitEthernet','DEPRECATED [RFC3635]',1,'NetworkPortEthernet','2024-12-27 05:21:51','2024-12-27 05:21:51'),
(119,0,0,118,'hdlc','HDLC [Sebastien_Rosset]',0,NULL,'2024-12-27 05:21:51','2024-12-27 05:21:51'),
(120,0,0,119,'lapf','LAP F [Sebastien_Rosset]',0,NULL,'2024-12-27 05:21:51','2024-12-27 05:21:51'),
(121,0,0,120,'v37','V.37 [Sebastien_Rosset]',0,NULL,'2024-12-27 05:21:51','2024-12-27 05:21:51'),
(122,0,0,121,'x25mlp','Multi-Link Protocol [Sebastien_Rosset]',0,NULL,'2024-12-27 05:21:51','2024-12-27 05:21:51'),
(123,0,0,122,'x25huntGroup','X25 Hunt Group [Sebastien_Rosset]',0,NULL,'2024-12-27 05:21:51','2024-12-27 05:21:51'),
(124,0,0,123,'transpHdlc','Transp HDLC [Sebastien_Rosset]',0,NULL,'2024-12-27 05:21:51','2024-12-27 05:21:51'),
(125,0,0,124,'interleave','Interleave channel [Karmous_Edwards]',0,NULL,'2024-12-27 05:21:51','2024-12-27 05:21:51'),
(126,0,0,125,'fast','Fast channel [Karmous_Edwards]',0,NULL,'2024-12-27 05:21:51','2024-12-27 05:21:51'),
(127,0,0,126,'ip','IP (for APPN HPR in IP networks) [Robert_Moore]',0,NULL,'2024-12-27 05:21:51','2024-12-27 05:21:51'),
(128,0,0,127,'docsCableMaclayer','CATV Mac Layer [Azlina_Palmer]',0,NULL,'2024-12-27 05:21:51','2024-12-27 05:21:51'),
(129,0,0,128,'docsCableDownstream','CATV Downstream interface [Azlina_Palmer]',0,NULL,'2024-12-27 05:21:51','2024-12-27 05:21:51'),
(130,0,0,129,'docsCableUpstream','CATV Upstream interface [Azlina_Palmer]',0,NULL,'2024-12-27 05:21:51','2024-12-27 05:21:51'),
(131,0,0,130,'a12MppSwitch','Avalon Parallel Processor [Ross_Harvey]',0,NULL,'2024-12-27 05:21:51','2024-12-27 05:21:51'),
(132,0,0,131,'tunnel','Encapsulation interface [Dave_Thaler]',0,NULL,'2024-12-27 05:21:51','2024-12-27 05:21:51'),
(133,0,0,132,'coffee','coffee pot [RFC2325]',0,NULL,'2024-12-27 05:21:51','2024-12-27 05:21:51'),
(134,0,0,133,'ces','Circiut Emulation Service [Ron_Carmona]',0,NULL,'2024-12-27 05:21:51','2024-12-27 05:21:51'),
(135,0,0,134,'atmSubInterface','(x)  ATM Sub Interface [Keith_McCloghrie]',0,NULL,'2024-12-27 05:21:51','2024-12-27 05:21:51'),
(136,0,0,135,'l2vlan','Layer 2 Virtual LAN using 802.1Q [Mike_MacFaden]',0,NULL,'2024-12-27 05:21:51','2024-12-27 05:21:51'),
(137,0,0,136,'l3ipvlan','Layer 3 Virtual LAN - IP Protocol [Mike_MacFaden]',0,NULL,'2024-12-27 05:21:51','2024-12-27 05:21:51'),
(138,0,0,137,'l3ipxvlan','Layer 3 Virtual LAN - IPX Prot. [Mike_MacFaden]',0,NULL,'2024-12-27 05:21:51','2024-12-27 05:21:51'),
(139,0,0,138,'digitalPowerLine','IP over Power Lines [Hans_Scholtes]',0,NULL,'2024-12-27 05:21:51','2024-12-27 05:21:51'),
(140,0,0,139,'mediaMailOverIp','(xxx)  Multimedia Mail over IP [Hongchi_Shih]',0,NULL,'2024-12-27 05:21:51','2024-12-27 05:21:51'),
(141,0,0,140,'dtm','Dynamic synchronous Transfer Mode [Jakob_Ellerstedt]',0,NULL,'2024-12-27 05:21:51','2024-12-27 05:21:51'),
(142,0,0,141,'dcn','Data Communications Network [James_Card]',0,NULL,'2024-12-27 05:21:51','2024-12-27 05:21:51'),
(143,0,0,142,'ipForward','IP Forwarding Interface [James_Card]',0,NULL,'2024-12-27 05:21:51','2024-12-27 05:21:51'),
(144,0,0,143,'msdsl','Multi-rate Symmetric DSL [Gopinath_Durairaj]',0,NULL,'2024-12-27 05:21:51','2024-12-27 05:21:51'),
(145,0,0,144,'ieee1394     IEEE1394','High Performance Serial Bus [Kenji_Fujisawa]',0,NULL,'2024-12-27 05:21:51','2024-12-27 05:21:51'),
(146,0,0,145,'if-gsn','HIPPI-6400 [Jean_Michel_Pittet]',0,NULL,'2024-12-27 05:21:51','2024-12-27 05:21:51'),
(147,0,0,146,'dvbRccMacLayer','DVB-RCC MAC Layer [Maarten_Oelering]',0,NULL,'2024-12-27 05:21:51','2024-12-27 05:21:51'),
(148,0,0,147,'dvbRccDownstream','DVB-RCC Downstream Channel [Maarten_Oelering]',0,NULL,'2024-12-27 05:21:51','2024-12-27 05:21:51'),
(149,0,0,148,'dvbRccUpstream','DVB-RCC Upstream Channel [Maarten_Oelering]',0,NULL,'2024-12-27 05:21:51','2024-12-27 05:21:51'),
(150,0,0,149,'atmVirtual','ATM Virtual Interface [Subrahmanya_Hegde]',0,NULL,'2024-12-27 05:21:51','2024-12-27 05:21:51'),
(151,0,0,150,'mplsTunnel','MPLS Tunnel Virtual Interface [Cheenu_Srinivasan]',0,NULL,'2024-12-27 05:21:51','2024-12-27 05:21:51'),
(152,0,0,151,'srp','Spatial Reuse Protocol [Bill_Shetti]',0,NULL,'2024-12-27 05:21:51','2024-12-27 05:21:51'),
(153,0,0,152,'voiceOverAtm','Voice over ATM [Chris_White]',0,NULL,'2024-12-27 05:21:51','2024-12-27 05:21:51'),
(154,0,0,153,'voiceOverFrameRelay','Voice Over Frame Relay [Chris_White]',0,NULL,'2024-12-27 05:21:51','2024-12-27 05:21:51'),
(155,0,0,154,'idsl','Digital Subscriber Loop over ISDN [Patrick_Gili]',0,NULL,'2024-12-27 05:21:51','2024-12-27 05:21:51'),
(156,0,0,155,'compositeLink','Avici Composite Link Interface [Joseph_Dube]',0,NULL,'2024-12-27 05:21:51','2024-12-27 05:21:51'),
(157,0,0,156,'ss7SigLink','SS7 Signaling Link [Cheenu_Srinivasan]',0,NULL,'2024-12-27 05:21:51','2024-12-27 05:21:51'),
(158,0,0,157,'propWirelessP2P','Prop. P2P wireless interface [Joseph_Raja]',0,NULL,'2024-12-27 05:21:51','2024-12-27 05:21:51'),
(159,0,0,158,'frForward','Frame forward Interface [Subrahmanya_Hegde]',0,NULL,'2024-12-27 05:21:51','2024-12-27 05:21:51'),
(160,0,0,159,'rfc1483','Multiprotocol over ATM AAL5 [RFC1483]',0,NULL,'2024-12-27 05:21:51','2024-12-27 05:21:51'),
(161,0,0,160,'USB','USB Interface [Bejamin_Dolnik]',0,NULL,'2024-12-27 05:21:51','2024-12-27 05:21:51'),
(162,0,0,161,'ieee8023adLag','IEEE 802.3ad Link Aggregate [Les_Bell]',0,NULL,'2024-12-27 05:21:51','2024-12-27 05:21:51'),
(163,0,0,162,'bgpPolicyAccounting','BGP Policy Accounting [Vinod_B_C]',0,NULL,'2024-12-27 05:21:51','2024-12-27 05:21:51'),
(164,0,0,163,'frf16MfrBundle','FRF.16 Multilik Frame Relay [Pate_Prayson]',0,NULL,'2024-12-27 05:21:51','2024-12-27 05:21:51'),
(165,0,0,164,'h323Gatekeeper','H323 Gatekeeper [Chris_White]',0,NULL,'2024-12-27 05:21:51','2024-12-27 05:21:51'),
(166,0,0,165,'h323Proxy','H323 Voice and Video Proxy [Chris_White]',0,NULL,'2024-12-27 05:21:51','2024-12-27 05:21:51'),
(167,0,0,166,'mpls','MPLS [Cheenu_Srinivasan]',0,NULL,'2024-12-27 05:21:51','2024-12-27 05:21:51'),
(168,0,0,167,'mfSigLink','Multi-frequency signaling link [Cheenu_Srinivasan]',0,NULL,'2024-12-27 05:21:51','2024-12-27 05:21:51'),
(169,0,0,168,'hdsl2','High Bit-Rate DSL, 2nd gen. [Bob_Ray]',0,NULL,'2024-12-27 05:21:51','2024-12-27 05:21:51'),
(170,0,0,169,'shdsl','Multirate HDSL2 [Bob_Ray]',1,'NetworkPortEthernet','2024-12-27 05:21:51','2024-12-27 05:21:51'),
(171,0,0,170,'ds1FDL','Facility Data Link (4Kbps) on a DS1 [Bill_Kwan]',0,NULL,'2024-12-27 05:21:51','2024-12-27 05:21:51'),
(172,0,0,171,'POS','Packet over SONET/SDH Interface [Ewart_Tempest]',0,NULL,'2024-12-27 05:21:51','2024-12-27 05:21:51'),
(173,0,0,172,'dvbAsiIn','DVB-ASI Input [Hezi_Oved]',0,NULL,'2024-12-27 05:21:51','2024-12-27 05:21:51'),
(174,0,0,173,'dvbAsiOut','DVB-ASI Output [Hezi_Oved]',0,NULL,'2024-12-27 05:21:51','2024-12-27 05:21:51'),
(175,0,0,174,'plc','Power Line Communications [Andrew_Lunn]',0,NULL,'2024-12-27 05:21:51','2024-12-27 05:21:51'),
(176,0,0,175,'NFAS','Non-Facility Associated Signaling [Sidney_Antommarchi]',0,NULL,'2024-12-27 05:21:51','2024-12-27 05:21:51'),
(177,0,0,176,'TR008','TROO8 [Sidney_Antommarchi]',0,NULL,'2024-12-27 05:21:51','2024-12-27 05:21:51'),
(178,0,0,177,'GR303RDT','Remote Digital Terminal [Sidney_Antommarchi]',0,NULL,'2024-12-27 05:21:51','2024-12-27 05:21:51'),
(179,0,0,178,'GR303IDT','Integrated Digital Terminal [Sidney_Antommarchi]',0,NULL,'2024-12-27 05:21:51','2024-12-27 05:21:51'),
(180,0,0,179,'ISUP','ISUP [Sidney_Antommarchi]',0,NULL,'2024-12-27 05:21:51','2024-12-27 05:21:51'),
(181,0,0,180,'propDocsWirelessMaclayer','Cisco proprietary Maclayer [Joseph_Raja]',0,NULL,'2024-12-27 05:21:51','2024-12-27 05:21:51'),
(182,0,0,181,'propDocsWirelessDownstream','Cisco proprietary Downstream [Joseph_Raja]',0,NULL,'2024-12-27 05:21:51','2024-12-27 05:21:51'),
(183,0,0,182,'propDocsWirelessUpstream','Cisco proprietary Upstream [Joseph_Raja]',0,NULL,'2024-12-27 05:21:51','2024-12-27 05:21:51'),
(184,0,0,183,'hiperlan2','HIPERLAN Type 2 Radio Interface [Jamshid_Khun_Jush]',0,NULL,'2024-12-27 05:21:51','2024-12-27 05:21:51'),
(185,0,0,184,'propBWAp2Mp','PropBroadbandWirelessAccesspt2Multipt\n(use of this type for IEEE 802.16\nWMAN, interfaces as per IEEE 802.16\nis deprecated and iftype 237 should\nbe used instead) [Zvika_Zilberman]',0,NULL,'2024-12-27 05:21:51','2024-12-27 05:21:51'),
(186,0,0,185,'sonetOverheadChannel','SONET Overhead Channel [ODSI_Coalition_K_Arv]',0,NULL,'2024-12-27 05:21:51','2024-12-27 05:21:51'),
(187,0,0,186,'digitalWrapperOverheadChannel','Digital Wrapper\nOverhead [ODSI_Coalition_K_Arv]',0,NULL,'2024-12-27 05:21:51','2024-12-27 05:21:51'),
(188,0,0,187,'aal2','ATM adaptation layer 2 [K_Ashoka]',0,NULL,'2024-12-27 05:21:51','2024-12-27 05:21:51'),
(189,0,0,188,'radioMAC','MAC layer over radio links [Daniele_Behar]',0,NULL,'2024-12-27 05:21:51','2024-12-27 05:21:51'),
(190,0,0,189,'atmRadio','ATM over radio links [Daniele_Behar]',0,NULL,'2024-12-27 05:21:51','2024-12-27 05:21:51'),
(191,0,0,190,'IMT','Inter-Machine Trunks [Sidney_Antommarchi]',0,NULL,'2024-12-27 05:21:51','2024-12-27 05:21:51'),
(192,0,0,191,'mvl','Multiple Virtual Lines DSL [Kevin_Baughman]',0,NULL,'2024-12-27 05:21:51','2024-12-27 05:21:51'),
(193,0,0,192,'reachDSL','Long Reach DSL [Kevin_Baughman]',0,NULL,'2024-12-27 05:21:51','2024-12-27 05:21:51'),
(194,0,0,193,'frDlciEndPt','Frame Relay DLCI End Point [Robert_Steinberger]',0,NULL,'2024-12-27 05:21:51','2024-12-27 05:21:51'),
(195,0,0,194,'atmVciEndPt','ATM VCI End Point [Robert_Steinberger]',0,NULL,'2024-12-27 05:21:51','2024-12-27 05:21:51'),
(196,0,0,195,'opticalChannel','Optical Channel [Mark_Stewart]',0,NULL,'2024-12-27 05:21:51','2024-12-27 05:21:51'),
(197,0,0,196,'opticalTransport','Optical Transport [Mark_Stewart]',0,NULL,'2024-12-27 05:21:51','2024-12-27 05:21:51'),
(198,0,0,197,'propAtm','Proprietary ATM [Subrahmanya_Hegde]',0,NULL,'2024-12-27 05:21:51','2024-12-27 05:21:51'),
(199,0,0,198,'voiceOverCable','Voice Over Cable Interface [Eugene_Nechamkin]',0,NULL,'2024-12-27 05:21:51','2024-12-27 05:21:51'),
(200,0,0,199,'infiniband','Infiniband [Bill_Strahm]',0,NULL,'2024-12-27 05:21:51','2024-12-27 05:21:51'),
(201,0,0,200,'teLink','TE Link [Martin_Dubuc]',0,NULL,'2024-12-27 05:21:51','2024-12-27 05:21:51'),
(202,0,0,201,'q2931','Q.2931 [Sidney_Antommarchi_2]',0,NULL,'2024-12-27 05:21:51','2024-12-27 05:21:51'),
(203,0,0,202,'virtualTg','Virtual Trunk Group [Sidney_Antommarchi_2]',0,NULL,'2024-12-27 05:21:51','2024-12-27 05:21:51'),
(204,0,0,203,'sipTg','SIP Trunk Group [Sidney_Antommarchi_2]',0,NULL,'2024-12-27 05:21:51','2024-12-27 05:21:51'),
(205,0,0,204,'sipSig','SIP Signaling [Sidney_Antommarchi_2]',0,NULL,'2024-12-27 05:21:51','2024-12-27 05:21:51'),
(206,0,0,205,'docsCableUpstreamChannel','CATV Upstream Channel [Greg_Nakanishi]',0,NULL,'2024-12-27 05:21:51','2024-12-27 05:21:51'),
(207,0,0,206,'econet','Acorn Econet [Ben_Harris]',0,NULL,'2024-12-27 05:21:51','2024-12-27 05:21:51'),
(208,0,0,207,'pon155','FSAN 155Mb Symetrical PON interface [Graham_Higgins]',0,NULL,'2024-12-27 05:21:51','2024-12-27 05:21:51'),
(209,0,0,208,'pon622','FSAN 622Mb Symetrical PON interface [Graham_Higgins]',0,NULL,'2024-12-27 05:21:51','2024-12-27 05:21:51'),
(210,0,0,209,'bridge','Transparent bridge interface [Yuzo_Watanabe]',0,NULL,'2024-12-27 05:21:51','2024-12-27 05:21:51'),
(211,0,0,210,'linegroup','Interface common to multiple lines [Yuzo_Watanabe]',0,NULL,'2024-12-27 05:21:51','2024-12-27 05:21:51'),
(212,0,0,211,'voiceEMFGD','voice E&#38;M Feature Group D [Taher_Shaikh]',0,NULL,'2024-12-27 05:21:51','2024-12-27 05:21:51'),
(213,0,0,212,'voiceFGDEANA','voice FGD Exchange Access North American [Taher_Shaikh]',0,NULL,'2024-12-27 05:21:51','2024-12-27 05:21:51'),
(214,0,0,213,'voiceDID','voice Direct Inward Dialing [Taher_Shaikh]',0,NULL,'2024-12-27 05:21:51','2024-12-27 05:21:51'),
(215,0,0,214,'mpegTransport','MPEG transport interface [Gaurav_Aggarwal]',0,NULL,'2024-12-27 05:21:51','2024-12-27 05:21:51'),
(216,0,0,215,'sixToFour','6to4 interface  (DEPRECATED) [RFC4087]',0,NULL,'2024-12-27 05:21:51','2024-12-27 05:21:51'),
(217,0,0,216,'gtp','GTP (GPRS Tunneling Protocol) [Rajesh_M_L]',0,NULL,'2024-12-27 05:21:51','2024-12-27 05:21:51'),
(218,0,0,217,'pdnEtherLoop1','Paradyne EtherLoop 1 [Shu_Dong]',0,NULL,'2024-12-27 05:21:51','2024-12-27 05:21:51'),
(219,0,0,218,'pdnEtherLoop2','Paradyne EtherLoop 2 [Shu_Dong]',0,NULL,'2024-12-27 05:21:51','2024-12-27 05:21:51'),
(220,0,0,219,'opticalChannelGroup','Optical Channel Group [Hing_Kam_Lam]',0,NULL,'2024-12-27 05:21:51','2024-12-27 05:21:51'),
(221,0,0,220,'homepna','HomePNA ITU-T G.989 [Stephen_Palm]',0,NULL,'2024-12-27 05:21:51','2024-12-27 05:21:51'),
(222,0,0,221,'gfp','Generic Framing Procedure (GFP) [Italo_Busi]',0,NULL,'2024-12-27 05:21:51','2024-12-27 05:21:51'),
(223,0,0,222,'ciscoISLvlan','Layer 2 Virtual LAN using Cisco ISL [Sandeep_Raghavendra]',0,NULL,'2024-12-27 05:21:51','2024-12-27 05:21:51'),
(224,0,0,223,'actelisMetaLOOP','Acteleis proprietary MetaLOOP\nHigh Speed Link [Edward_Beili]',0,NULL,'2024-12-27 05:21:51','2024-12-27 05:21:51'),
(225,0,0,224,'fcipLink','FCIP Link [Anil_Rijhsinghani]',0,NULL,'2024-12-27 05:21:51','2024-12-27 05:21:51'),
(226,0,0,225,'rpr','Resilient Packet Ring Interface Type [IEEE 802.17]',0,NULL,'2024-12-27 05:21:51','2024-12-27 05:21:51'),
(227,0,0,226,'qam','RF Qam Interface [Jeyachitra_Alagar]',0,NULL,'2024-12-27 05:21:51','2024-12-27 05:21:51'),
(228,0,0,227,'lmp','Link Management Protocol [RFC4327]',0,NULL,'2024-12-27 05:21:51','2024-12-27 05:21:51'),
(229,0,0,228,'cblVectaStar','Cambridge Broadband Networks Limited\nVectaStar [John_Naylon]',0,NULL,'2024-12-27 05:21:51','2024-12-27 05:21:51'),
(230,0,0,229,'docsCableMCmtsDownstream','CATV Modular CMTS Downstream\nInterface [Eduardo_Cardona][\"Data-Over-Cable Service Interface Specifications:\nM-CMTS Operations Support System Interface Specification,\nCM-SP-M-OSSI-I01-050805\", DOCSIS, August 2005.][http://www.cablemodem.com/specifications][https://www.cablelabs.com/specifications/archives/docsis.html]',0,NULL,'2024-12-27 05:21:51','2024-12-27 05:21:51'),
(231,0,0,230,'adsl2','Asymmetric Digital Subscriber Loop\nVersion 2 (DEPRECATED - REPLACED\nBY 238) [RFC4706]',0,NULL,'2024-12-27 05:21:51','2024-12-27 05:21:51'),
(232,0,0,231,'macSecControlledIF','MACSecControlled [Paul_Congdon]',0,NULL,'2024-12-27 05:21:51','2024-12-27 05:21:51'),
(233,0,0,232,'macSecUncontrolledIF','MACSecUncontrolled [Paul_Congdon]',0,NULL,'2024-12-27 05:21:51','2024-12-27 05:21:51'),
(234,0,0,233,'aviciOpticalEther','Avici Optical Ethernet Aggregate [Somen_Bhattacharya]',0,NULL,'2024-12-27 05:21:51','2024-12-27 05:21:51'),
(235,0,0,234,'atmbond','atmbond [https://www.itu.int/rec/T-REC-G.998.1-200501-I/en]',0,NULL,'2024-12-27 05:21:51','2024-12-27 05:21:51'),
(236,0,0,235,'voiceFGDOS','voice FGD Operator Services [Lizzie_Cheung]',0,NULL,'2024-12-27 05:21:51','2024-12-27 05:21:51'),
(237,0,0,236,'mocaVersion1','MultiMedia over Coax Alliance [Ladd_Wardani]',0,NULL,'2024-12-27 05:21:51','2024-12-27 05:21:51'),
(238,0,0,237,'ieee80216WMAN','IEEE 802.16 WMAN interface [http://standards.ieee.org/getieee802/802.16.html]',0,NULL,'2024-12-27 05:21:51','2024-12-27 05:21:51'),
(239,0,0,238,'adsl2plus','Asymmetric Digital Subscriber Loop\nVersion 2 -- Version 2 Plus and all\nvariants [RFC4706]',0,NULL,'2024-12-27 05:21:51','2024-12-27 05:21:51'),
(240,0,0,239,'dvbRcsMacLayer','DVB-RCS MAC Layer [RFC5728][ETSI EN 301 790][https://web.archive.org/web/20181229131835/http://satlabs.org/pdf/SatLabs_System_Recommendations_v2.0_M&#38;C.pdf]',0,NULL,'2024-12-27 05:21:51','2024-12-27 05:21:51'),
(241,0,0,240,'dvbTdm','DVB Satellite TDM [RFC5728][ETSI EN 300 421][ETSI EN 302 307][https://web.archive.org/web/20181229131835/http://satlabs.org/pdf/SatLabs_System_Recommendations_v2.0_M&#38;C.pdf]',0,NULL,'2024-12-27 05:21:51','2024-12-27 05:21:51'),
(242,0,0,241,'dvbRcsTdma','DVB-RCS TDMA [RFC5728][ETSI EN 301 790][ETSI EN 300 421][https://web.archive.org/web/20181229131835/http://satlabs.org/pdf/SatLabs_System_Recommendations_v2.0_M&#38;C.pdf]',0,NULL,'2024-12-27 05:21:51','2024-12-27 05:21:51'),
(243,0,0,242,'x86Laps','LAPS based on ITU-T X.86/Y.1323 [Orly_Nicklass][http://grouper.ieee.org/groups/802/3/ad_hoc/etholaps/public/docs/opening_report_0301.pdf]',0,NULL,'2024-12-27 05:21:51','2024-12-27 05:21:51'),
(244,0,0,243,'wwanPP','3GPP WWAN [Gabriel_Montenegro][https://www.3gpp.org/ftp/specs/archive/23_series/23.060/23060-740.zip]',0,NULL,'2024-12-27 05:21:51','2024-12-27 05:21:51'),
(245,0,0,244,'wwanPP2','3GPP2 WWAN [Gabriel_Montenegro][http://www.3gpp2.org/Public_html/Specs/C.S0017-005-A_v1.0_040617.pdf]',0,NULL,'2024-12-27 05:21:51','2024-12-27 05:21:51'),
(246,0,0,245,'voiceEBS','voice P-phone EBS physical interface [Tom_Chou]',0,NULL,'2024-12-27 05:21:51','2024-12-27 05:21:51'),
(247,0,0,246,'ifPwType','Pseudowire interface type [RFC5601]',0,NULL,'2024-12-27 05:21:51','2024-12-27 05:21:51'),
(248,0,0,247,'ILAN','Internal LAN on a bridge per IEEE\n802.1ap [Glenn_Parsons][http://www.ieee802.org/1/files/private/ap-drafts/d3/802-1ap-D3-4.pdf]',0,NULL,'2024-12-27 05:21:51','2024-12-27 05:21:51'),
(249,0,0,248,'PIP','Provider Instance Port on a bridge\nper IEEE 802.1ah PBB [Glenn_Parsons][http://www.ieee802.org/1/files/private/ah-drafts/d4/802-1ah-d4-2.pdf]',0,NULL,'2024-12-27 05:21:51','2024-12-27 05:21:51'),
(250,0,0,249,'aluELP','Alcatel-Lucent Ethernet Link Protection [Xiaohua_Ma]',0,NULL,'2024-12-27 05:21:51','2024-12-27 05:21:51'),
(251,0,0,250,'gpon','Gigabit-capable passive optical networks\n(G-PON)  as per ITU-T G.984 [Hyeri_Koh]',0,NULL,'2024-12-27 05:21:51','2024-12-27 05:21:51'),
(252,0,0,251,'vdsl2','Very high speed digital subscriber\nline Version 2 (as per ITU-T Recommendation\nG.993.2) [Markus_Freudenberger][RFC5650]',0,NULL,'2024-12-27 05:21:51','2024-12-27 05:21:51'),
(253,0,0,252,'capwapDot11Profile','WLAN Profile Interface [RFC5834]',0,NULL,'2024-12-27 05:21:51','2024-12-27 05:21:51'),
(254,0,0,253,'capwapDot11Bss','WLAN BSS Interface [RFC5834]',0,NULL,'2024-12-27 05:21:51','2024-12-27 05:21:51'),
(255,0,0,254,'capwapWtpVirtualRadio','WTP Virtual Radio Interface [RFC5833]',0,NULL,'2024-12-27 05:21:51','2024-12-27 05:21:51'),
(256,0,0,255,'bits','bitsport [Du_Feng]',0,NULL,'2024-12-27 05:21:51','2024-12-27 05:21:51'),
(257,0,0,256,'docsCableUpstreamRfPort','DOCSIS CATV Upstream RF\nPort [Michael_Patrick][https://www.cablelabs.com/specifications/CM-SP-EQAM-PMI-I01-081209.pdf]',0,NULL,'2024-12-27 05:21:51','2024-12-27 05:21:51'),
(258,0,0,257,'cableDownstreamRfPort','CATV downstream RF port [Michael_Patrick]',0,NULL,'2024-12-27 05:21:51','2024-12-27 05:21:51'),
(259,0,0,258,'vmwareVirtualNic','VMware Virtual Network Interface [Mike_MacFaden]',0,NULL,'2024-12-27 05:21:51','2024-12-27 05:21:51'),
(260,0,0,259,'ieee802154','IEEE 802.15.4 WPAN interface [Juergen_Schoenwaelde][\"IEEE Std. 802.15.4-2006\", October 2006.]',0,NULL,'2024-12-27 05:21:51','2024-12-27 05:21:51'),
(261,0,0,260,'otnOdu','OTN Optical Data Unit [Jim_Vance][https://www.itu.int/ITU-T/studygroups/com15/otn/OTNtutorial.pdf]',0,NULL,'2024-12-27 05:21:51','2024-12-27 05:21:51'),
(262,0,0,261,'otnOtu','OTN Optical channel Transport Unit [Jim_Vance][https://www.itu.int/ITU-T/studygroups/com15/otn/OTNtutorial.pdf]',0,NULL,'2024-12-27 05:21:51','2024-12-27 05:21:51'),
(263,0,0,262,'ifVfiType','VPLS Forwarding Instance Interface\nType [Manas_Pati]',0,NULL,'2024-12-27 05:21:51','2024-12-27 05:21:51'),
(264,0,0,263,'g9981','G.998.1 bonded interface [RFC6768][RFC Errata 3591]',0,NULL,'2024-12-27 05:21:51','2024-12-27 05:21:51'),
(265,0,0,264,'g9982','G.998.2 bonded interface [RFC6767][RFC Errata 3589]',0,NULL,'2024-12-27 05:21:51','2024-12-27 05:21:51'),
(266,0,0,265,'g9983','G.998.3 bonded interface [RFC6766][RFC Errata 3588]',0,NULL,'2024-12-27 05:21:51','2024-12-27 05:21:51'),
(267,0,0,266,'aluEpon (E-PON)','Ethernet Passive Optical Networks [Karel_Meijfroidt]',0,NULL,'2024-12-27 05:21:51','2024-12-27 05:21:51'),
(268,0,0,267,'aluEponOnu','EPON Optical Network Unit [Karel_Meijfroidt]',0,NULL,'2024-12-27 05:21:51','2024-12-27 05:21:51'),
(269,0,0,268,'aluEponPhysicalUni','EPON physical User to Network\ninterface [Karel_Meijfroidt]',0,NULL,'2024-12-27 05:21:51','2024-12-27 05:21:51'),
(270,0,0,269,'aluEponLogicalLink','The emulation of a point-to-point\nlink over the EPON layer [Karel_Meijfroidt]',0,NULL,'2024-12-27 05:21:51','2024-12-27 05:21:51'),
(271,0,0,270,'aluGponOnu','GPON Optical Network Unit [Karel_Meijfroidt][https://www.itu.int/rec/T-REC-G.984.2/en]',0,NULL,'2024-12-27 05:21:51','2024-12-27 05:21:51'),
(272,0,0,271,'aluGponPhysicalUni','GPON physical User to Network\ninterface [Karel_Meijfroidt][https://www.itu.int/rec/T-REC-G.984.2/en]',0,NULL,'2024-12-27 05:21:51','2024-12-27 05:21:51'),
(273,0,0,272,'vmwareNicTeam','VMware NIC Team [Michael_MacFaden][https://www.vmware.com/pdf/esx2_NIC_Teaming.pdf]',0,NULL,'2024-12-27 05:21:51','2024-12-27 05:21:51'),
(274,0,0,273,'Reserved','The corresponding transmission value\nis allocated according to the following\nreference. [RFC6825]',0,NULL,'2024-12-27 05:21:51','2024-12-27 05:21:51'),
(275,0,0,274,'Reserved','The corresponding transmission value\nis allocated according to the following reference. [RFC7257]',0,NULL,'2024-12-27 05:21:51','2024-12-27 05:21:51'),
(276,0,0,275,'Reserved','The corresponding transmission value\nis allocated according to the following reference. [RFC7257]',0,NULL,'2024-12-27 05:21:51','2024-12-27 05:21:51'),
(277,0,0,276,'Reserved','The corresponding transmission value\nis allocated according to the following reference. [RFC7257]',0,NULL,'2024-12-27 05:21:51','2024-12-27 05:21:51'),
(278,0,0,277,'docsOfdmDownstream','CATV Downstream OFDM interface [https://www.cablelabs.com/specification/cable-modem-operations-support-system-interface-specification][Miguel_O_Alvarez]',0,NULL,'2024-12-27 05:21:51','2024-12-27 05:21:51'),
(279,0,0,278,'docsOfdmaUpstream','CATV Upstream OFDMA interface [https://www.cablelabs.com/specification/cable-modem-operations-support-system-interface-specification][Miguel_O_Alvarez]',0,NULL,'2024-12-27 05:21:51','2024-12-27 05:21:51'),
(280,0,0,279,'gfast','G.fast port [ITU-T G.9701]',0,NULL,'2024-12-27 05:21:51','2024-12-27 05:21:51'),
(281,0,0,280,'sdci','SDCI (IO-Link) [IEC 61131-9 Edition 1.0 2013-09][Markus_Rentschler]',0,NULL,'2024-12-27 05:21:51','2024-12-27 05:21:51'),
(282,0,0,281,'xboxWireless','Xbox wireless [Brandon_Jiang]',0,NULL,'2024-12-27 05:21:51','2024-12-27 05:21:51'),
(283,0,0,282,'fastdsl','FastDSL [BBF TR-355][Broadband_Forum]',0,NULL,'2024-12-27 05:21:51','2024-12-27 05:21:51'),
(284,0,0,283,'docsCableScte55d1FwdOob','Cable SCTE 55-1 OOB Forward Channel [https://www.scte.org/documents/pdf/Standards/ANSI_SCTE-55-1-2009.pdf][Brian_Hedstrom]',0,NULL,'2024-12-27 05:21:51','2024-12-27 05:21:51'),
(285,0,0,284,'docsCableScte55d1RetOob','Cable SCTE 55-1 OOB Return Channel [https://www.scte.org/documents/pdf/Standards/ANSI_SCTE-55-1-2009.pdf][Brian_Hedstrom]',0,NULL,'2024-12-27 05:21:51','2024-12-27 05:21:51'),
(286,0,0,285,'docsCableScte55d2DsOob','Cable SCTE 55-2 OOB Downstream Channel [https://web.archive.org/web/20190822104256/http://www.scte.org/documents/pdf/Standards/ANSI_SCTE%2055-2%202008.pdf][Brian_Hedstrom]',0,NULL,'2024-12-27 05:21:51','2024-12-27 05:21:51'),
(287,0,0,286,'docsCableScte55d2UsOob','Cable SCTE 55-2 OOB Upstream Channel [https://web.archive.org/web/20190822104256/http://www.scte.org/documents/pdf/Standards/ANSI_SCTE%2055-2%202008.pdf][Brian_Hedstrom]',0,NULL,'2024-12-27 05:21:51','2024-12-27 05:21:51'),
(288,0,0,287,'docsCableNdf','Cable Narrowband Digital Forward [http://www.cablelabs.com/wp-content/uploads/specdocs/CM-SP-R-OOB-I04-160923.pdf][Brian_Hedstrom]',0,NULL,'2024-12-27 05:21:51','2024-12-27 05:21:51'),
(289,0,0,288,'docsCableNdr','Cable Narrowband Digital Return [http://www.cablelabs.com/wp-content/uploads/specdocs/CM-SP-R-OOB-I04-160923.pdf][Brian_Hedstrom]',0,NULL,'2024-12-27 05:21:51','2024-12-27 05:21:51'),
(290,0,0,289,'ptm','Packet Transfer Mode [ITU-T G.993.1, Annex H][ITU-T G.993.2][ITU-T G.9701][Broadband_Forum]',0,NULL,'2024-12-27 05:21:51','2024-12-27 05:21:51'),
(291,0,0,290,'ghn','G.hn port [ITU-T G.9961][Broadband_Forum]',0,NULL,'2024-12-27 05:21:51','2024-12-27 05:21:51'),
(292,0,0,291,'otnOtsi','Optical Tributary Signal [ITU-T G.959.1][Koteswara_Boyapati]',0,NULL,'2024-12-27 05:21:51','2024-12-27 05:21:51'),
(293,0,0,292,'otnOtuc','OTN OTUCn [ITU-T G.709/Y.1331][Koteswara_Boyapati]',0,NULL,'2024-12-27 05:21:51','2024-12-27 05:21:51'),
(294,0,0,293,'otnOduc','OTN ODUC [ITU-T G.709][Koteswara_Boyapati]',0,NULL,'2024-12-27 05:21:51','2024-12-27 05:21:51'),
(295,0,0,294,'otnOtsig','OTN OTUC Signal [ITU-T G.709][Koteswara_Boyapati]',0,NULL,'2024-12-27 05:21:51','2024-12-27 05:21:51'),
(296,0,0,295,'microwaveCarrierTermination','air interface of a single microwave carrier [RFC8561]',0,NULL,'2024-12-27 05:21:51','2024-12-27 05:21:51'),
(297,0,0,296,'microwaveRadioLinkTerminal','radio link interface for one or several aggregated microwave carriers [RFC8561]',0,NULL,'2024-12-27 05:21:51','2024-12-27 05:21:51'),
(298,0,0,297,'ieee8021axDrni','IEEE 802.1AX Distributed Resilient Network Interface [IEEE 802.1AX-Rev-d2-0][John_Messenger]',0,NULL,'2024-12-27 05:21:51','2024-12-27 05:21:51'),
(299,0,0,298,'ax25','AX.25 network interfaces [AX.25 Link Access Protocol for Amateur Packet Radio version 2.2][Iain_Learmonth]',0,NULL,'2024-12-27 05:21:51','2024-12-27 05:21:51'),
(300,0,0,299,'ieee19061nanocom','Nanoscale and Molecular Communication [IEEE 1906.1-2015][Stephen_F_Bush]',0,NULL,'2024-12-27 05:21:51','2024-12-27 05:21:51'),
(301,0,0,300,'cpri','Common Public Radio Interface [CPRI v7.0][Renwang_Liu]',0,NULL,'2024-12-27 05:21:51','2024-12-27 05:21:51'),
(302,0,0,301,'omni','Overlay Multilink Network Interface (OMNI) [draft-templin-6man-omni-00][Fred_L_Templin]',0,NULL,'2024-12-27 05:21:51','2024-12-27 05:21:51'),
(303,0,0,302,'roe','Radio over Ethernet Interface [1914.3-2018 - IEEE Standard for Radio over Ethernet Encapsulations and Mappings][Renwang_Liu]',0,NULL,'2024-12-27 05:21:51','2024-12-27 05:21:51'),
(304,0,0,303,'p2pOverLan','Point to Point over LAN interface [RFC9296]',0,NULL,'2024-12-27 05:21:51','2024-12-27 05:21:51');

--
-- Table structure for table `glpi_networkportwifis`
--

CREATE TABLE `glpi_networkportwifis` (
  `id` int(10) unsigned NOT NULL AUTO_INCREMENT,
  `networkports_id` int(10) unsigned NOT NULL DEFAULT 0,
  `items_devicenetworkcards_id` int(10) unsigned NOT NULL DEFAULT 0,
  `wifinetworks_id` int(10) unsigned NOT NULL DEFAULT 0,
  `networkportwifis_id` int(10) unsigned NOT NULL DEFAULT 0 COMMENT 'only useful in case of Managed node',
  `version` varchar(20) DEFAULT NULL COMMENT 'a, a/b, a/b/g, a/b/g/n, a/b/g/n/y',
  `mode` varchar(20) DEFAULT NULL COMMENT 'ad-hoc, managed, master, repeater, secondary, monitor, auto',
  `date_mod` timestamp NULL DEFAULT NULL,
  `date_creation` timestamp NULL DEFAULT NULL,
  PRIMARY KEY (`id`),
  UNIQUE KEY `networkports_id` (`networkports_id`),
  KEY `card` (`items_devicenetworkcards_id`),
  KEY `essid` (`wifinetworks_id`),
  KEY `version` (`version`),
  KEY `mode` (`mode`),
  KEY `date_mod` (`date_mod`),
  KEY `date_creation` (`date_creation`),
  KEY `networkportwifis_id` (`networkportwifis_id`)
) ENGINE=InnoDB DEFAULT CHARSET=utf8mb4 COLLATE=utf8mb4_unicode_ci ROW_FORMAT=DYNAMIC;

--
-- Dumping data for table `glpi_networkportwifis`
--


--
-- Table structure for table `glpi_networks`
--

CREATE TABLE `glpi_networks` (
  `id` int(10) unsigned NOT NULL AUTO_INCREMENT,
  `name` varchar(255) DEFAULT NULL,
  `comment` text DEFAULT NULL,
  `date_mod` timestamp NULL DEFAULT NULL,
  `date_creation` timestamp NULL DEFAULT NULL,
  PRIMARY KEY (`id`),
  KEY `name` (`name`),
  KEY `date_mod` (`date_mod`),
  KEY `date_creation` (`date_creation`)
) ENGINE=InnoDB DEFAULT CHARSET=utf8mb4 COLLATE=utf8mb4_unicode_ci ROW_FORMAT=DYNAMIC;

--
-- Dumping data for table `glpi_networks`
--


--
-- Table structure for table `glpi_notepads`
--

CREATE TABLE `glpi_notepads` (
  `id` int(10) unsigned NOT NULL AUTO_INCREMENT,
  `itemtype` varchar(100) DEFAULT NULL,
  `items_id` int(10) unsigned NOT NULL DEFAULT 0,
  `date_creation` timestamp NULL DEFAULT NULL,
  `date_mod` timestamp NULL DEFAULT NULL,
  `users_id` int(10) unsigned NOT NULL DEFAULT 0,
  `users_id_lastupdater` int(10) unsigned NOT NULL DEFAULT 0,
  `content` longtext DEFAULT NULL,
  PRIMARY KEY (`id`),
  KEY `item` (`itemtype`,`items_id`),
  KEY `date_mod` (`date_mod`),
  KEY `date_creation` (`date_creation`),
  KEY `users_id_lastupdater` (`users_id_lastupdater`),
  KEY `users_id` (`users_id`)
) ENGINE=InnoDB DEFAULT CHARSET=utf8mb4 COLLATE=utf8mb4_unicode_ci ROW_FORMAT=DYNAMIC;

--
-- Dumping data for table `glpi_notepads`
--


--
-- Table structure for table `glpi_notifications`
--

CREATE TABLE `glpi_notifications` (
  `id` int(10) unsigned NOT NULL AUTO_INCREMENT,
  `name` varchar(255) DEFAULT NULL,
  `entities_id` int(10) unsigned NOT NULL DEFAULT 0,
  `itemtype` varchar(100) NOT NULL,
  `event` varchar(255) NOT NULL,
  `comment` text DEFAULT NULL,
  `is_recursive` tinyint(4) NOT NULL DEFAULT 0,
  `is_active` tinyint(4) NOT NULL DEFAULT 0,
  `date_mod` timestamp NULL DEFAULT NULL,
  `date_creation` timestamp NULL DEFAULT NULL,
  `allow_response` tinyint(4) NOT NULL DEFAULT 1,
  PRIMARY KEY (`id`),
  KEY `name` (`name`),
  KEY `itemtype` (`itemtype`),
  KEY `entities_id` (`entities_id`),
  KEY `is_active` (`is_active`),
  KEY `date_mod` (`date_mod`),
  KEY `is_recursive` (`is_recursive`),
  KEY `date_creation` (`date_creation`)
) ENGINE=InnoDB AUTO_INCREMENT=79 DEFAULT CHARSET=utf8mb4 COLLATE=utf8mb4_unicode_ci ROW_FORMAT=DYNAMIC;

--
-- Dumping data for table `glpi_notifications`
--

INSERT INTO `glpi_notifications` VALUES
(1,'Alert Tickets not closed',0,'Ticket','alertnotclosed',NULL,1,1,NULL,NULL,1),
(2,'New Ticket',0,'Ticket','new',NULL,1,1,NULL,NULL,1),
(3,'Update Ticket',0,'Ticket','update',NULL,1,1,'2025-01-29 02:50:37',NULL,1),
(4,'Close Ticket',0,'Ticket','closed',NULL,1,1,NULL,NULL,1),
(5,'Add Followup',0,'Ticket','add_followup',NULL,1,1,NULL,NULL,1),
(6,'Add Task',0,'Ticket','add_task',NULL,1,1,NULL,NULL,1),
(7,'Update Followup',0,'Ticket','update_followup',NULL,1,1,NULL,NULL,1),
(8,'Update Task',0,'Ticket','update_task',NULL,1,1,NULL,NULL,1),
(9,'Delete Followup',0,'Ticket','delete_followup',NULL,1,1,NULL,NULL,1),
(10,'Delete Task',0,'Ticket','delete_task',NULL,1,1,NULL,NULL,1),
(11,'Resolve ticket',0,'Ticket','solved',NULL,1,1,NULL,NULL,1),
(12,'Ticket Validation',0,'Ticket','validation',NULL,1,1,NULL,NULL,1),
(13,'New Reservation',0,'Reservation','new',NULL,1,1,NULL,NULL,1),
(14,'Update Reservation',0,'Reservation','update',NULL,1,1,NULL,NULL,1),
(15,'Delete Reservation',0,'Reservation','delete',NULL,1,1,NULL,NULL,1),
(16,'Alert Reservation',0,'Reservation','alert',NULL,1,1,NULL,NULL,1),
(17,'Contract Notice',0,'Contract','notice',NULL,1,1,NULL,NULL,1),
(18,'Contract End',0,'Contract','end',NULL,1,1,NULL,NULL,1),
(19,'MySQL Synchronization',0,'DBConnection','desynchronization',NULL,1,1,NULL,NULL,1),
(20,'Cartridges',0,'CartridgeItem','alert',NULL,1,1,NULL,NULL,1),
(21,'Consumables',0,'ConsumableItem','alert',NULL,1,1,NULL,NULL,1),
(22,'Infocoms',0,'Infocom','alert',NULL,1,1,NULL,NULL,1),
(23,'Software Licenses',0,'SoftwareLicense','alert',NULL,1,1,NULL,NULL,1),
(24,'Ticket Recall',0,'Ticket','recall',NULL,1,1,NULL,NULL,1),
(25,'Password Forget',0,'User','passwordforget',NULL,1,1,NULL,NULL,1),
(26,'Ticket Satisfaction',0,'Ticket','satisfaction',NULL,1,1,NULL,NULL,1),
(27,'Item not unique',0,'FieldUnicity','refuse',NULL,1,1,NULL,NULL,1),
(28,'CronTask Watcher',0,'CronTask','alert',NULL,1,1,NULL,NULL,1),
(29,'New Problem',0,'Problem','new',NULL,1,1,NULL,NULL,1),
(30,'Update Problem',0,'Problem','update',NULL,1,1,NULL,NULL,1),
(31,'Resolve Problem',0,'Problem','solved',NULL,1,1,NULL,NULL,1),
(32,'Add Task',0,'Problem','add_task',NULL,1,1,NULL,NULL,1),
(33,'Update Task',0,'Problem','update_task',NULL,1,1,NULL,NULL,1),
(34,'Delete Task',0,'Problem','delete_task',NULL,1,1,NULL,NULL,1),
(35,'Close Problem',0,'Problem','closed',NULL,1,1,NULL,NULL,1),
(36,'Delete Problem',0,'Problem','delete',NULL,1,1,NULL,NULL,1),
(37,'Ticket Validation Answer',0,'Ticket','validation_answer',NULL,1,1,NULL,NULL,1),
(38,'Contract End Periodicity',0,'Contract','periodicity',NULL,1,1,NULL,NULL,1),
(39,'Contract Notice Periodicity',0,'Contract','periodicitynotice',NULL,1,1,NULL,NULL,1),
(40,'Planning recall',0,'PlanningRecall','planningrecall',NULL,1,1,NULL,NULL,1),
(41,'Delete Ticket',0,'Ticket','delete',NULL,1,1,NULL,NULL,1),
(42,'New Change',0,'Change','new',NULL,1,1,NULL,NULL,1),
(43,'Update Change',0,'Change','update',NULL,1,1,NULL,NULL,1),
(44,'Resolve Change',0,'Change','solved',NULL,1,1,NULL,NULL,1),
(45,'Add Task',0,'Change','add_task',NULL,1,1,NULL,NULL,1),
(46,'Update Task',0,'Change','update_task',NULL,1,1,NULL,NULL,1),
(47,'Delete Task',0,'Change','delete_task',NULL,1,1,NULL,NULL,1),
(48,'Close Change',0,'Change','closed',NULL,1,1,NULL,NULL,1),
(49,'Delete Change',0,'Change','delete',NULL,1,1,NULL,NULL,1),
(50,'Ticket Satisfaction Answer',0,'Ticket','replysatisfaction',NULL,1,1,NULL,NULL,1),
(51,'Receiver errors',0,'MailCollector','error',NULL,1,1,NULL,NULL,1),
(52,'New Project',0,'Project','new',NULL,1,1,NULL,NULL,1),
(53,'Update Project',0,'Project','update',NULL,1,1,NULL,NULL,1),
(54,'Delete Project',0,'Project','delete',NULL,1,1,NULL,NULL,1),
(55,'New Project Task',0,'ProjectTask','new',NULL,1,1,NULL,NULL,1),
(56,'Update Project Task',0,'ProjectTask','update',NULL,1,1,NULL,NULL,1),
(57,'Delete Project Task',0,'ProjectTask','delete',NULL,1,1,NULL,NULL,1),
(58,'Request Unlock Items',0,'ObjectLock','unlock',NULL,1,1,NULL,NULL,1),
(59,'New user in requesters',0,'Ticket','requester_user',NULL,1,1,NULL,NULL,1),
(60,'New group in requesters',0,'Ticket','requester_group',NULL,1,1,NULL,NULL,1),
(61,'New user in observers',0,'Ticket','observer_user',NULL,1,1,NULL,NULL,1),
(62,'New group in observers',0,'Ticket','observer_group',NULL,1,1,NULL,NULL,1),
(63,'New user in assignees',0,'Ticket','assign_user',NULL,1,1,NULL,NULL,1),
(64,'New group in assignees',0,'Ticket','assign_group',NULL,1,1,NULL,NULL,1),
(65,'New supplier in assignees',0,'Ticket','assign_supplier',NULL,1,1,NULL,NULL,1),
(66,'Saved searches',0,'SavedSearch_Alert','alert',NULL,1,1,NULL,NULL,1),
(67,'Certificates',0,'Certificate','alert',NULL,1,1,NULL,NULL,1),
(68,'Alert expired domains',0,'Domain','ExpiredDomains',NULL,1,1,NULL,NULL,1),
(69,'Alert domains close expiries',0,'Domain','DomainsWhichExpire',NULL,1,1,NULL,NULL,1),
(70,'Password expires alert',0,'User','passwordexpires',NULL,1,1,NULL,NULL,1),
(71,'Check plugin updates',0,'Glpi\\Marketplace\\Controller','checkpluginsupdate',NULL,1,1,NULL,NULL,1),
(72,'New user mentioned',0,'Ticket','user_mention',NULL,1,1,NULL,NULL,1),
(73,'Formulário criado',0,'PluginFormcreatorFormAnswer','plugin_formcreator_form_created','',1,1,'2025-01-10 21:20:07','2025-01-10 21:20:07',1),
(74,'Um formulário precisa de validação',0,'PluginFormcreatorFormAnswer','plugin_formcreator_need_validation','',1,1,'2025-01-10 21:20:07','2025-01-10 21:20:07',1),
(75,'Formulário rejeitado',0,'PluginFormcreatorFormAnswer','plugin_formcreator_refused','',1,1,'2025-01-10 21:20:07','2025-01-10 21:20:07',1),
(76,'Formulário aceito',0,'PluginFormcreatorFormAnswer','plugin_formcreator_accepted','',1,1,'2025-01-10 21:20:07','2025-01-10 21:20:07',1),
(77,'Formulário deletado',0,'PluginFormcreatorFormAnswer','plugin_formcreator_deleted','',1,1,'2025-01-10 21:20:07','2025-01-10 21:20:07',1);

--
-- Table structure for table `glpi_notifications_notificationtemplates`
--

CREATE TABLE `glpi_notifications_notificationtemplates` (
  `id` int(10) unsigned NOT NULL AUTO_INCREMENT,
  `notifications_id` int(10) unsigned NOT NULL DEFAULT 0,
  `mode` varchar(20) NOT NULL COMMENT 'See Notification_NotificationTemplate::MODE_* constants',
  `notificationtemplates_id` int(10) unsigned NOT NULL DEFAULT 0,
  PRIMARY KEY (`id`),
  UNIQUE KEY `unicity` (`notifications_id`,`mode`,`notificationtemplates_id`),
  KEY `notificationtemplates_id` (`notificationtemplates_id`),
  KEY `mode` (`mode`)
) ENGINE=InnoDB AUTO_INCREMENT=83 DEFAULT CHARSET=utf8mb4 COLLATE=utf8mb4_unicode_ci ROW_FORMAT=DYNAMIC;

--
-- Dumping data for table `glpi_notifications_notificationtemplates`
--

INSERT INTO `glpi_notifications_notificationtemplates` VALUES
(1,1,'mailing',6),
(79,2,'ajax',4),
(2,2,'mailing',4),
(81,3,'ajax',4),
(3,3,'mailing',4),
(4,4,'mailing',4),
(82,5,'ajax',4),
(5,5,'mailing',4),
(6,6,'mailing',4),
(7,7,'mailing',4),
(8,8,'mailing',4),
(9,9,'mailing',4),
(10,10,'mailing',4),
(11,11,'mailing',4),
(12,12,'mailing',7),
(13,13,'mailing',2),
(14,14,'mailing',2),
(15,15,'mailing',2),
(16,16,'mailing',3),
(17,17,'mailing',12),
(18,18,'mailing',12),
(19,19,'mailing',1),
(20,20,'mailing',8),
(21,21,'mailing',9),
(22,22,'mailing',10),
(23,23,'mailing',11),
(24,24,'mailing',4),
(25,25,'mailing',13),
(26,26,'mailing',14),
(27,27,'mailing',15),
(28,28,'mailing',16),
(29,29,'mailing',17),
(30,30,'mailing',17),
(31,31,'mailing',17),
(32,32,'mailing',17),
(33,33,'mailing',17),
(34,34,'mailing',17),
(35,35,'mailing',17),
(36,36,'mailing',17),
(37,37,'mailing',7),
(38,38,'mailing',12),
(39,39,'mailing',12),
(40,40,'mailing',18),
(41,41,'mailing',4),
(42,42,'mailing',19),
(43,43,'mailing',19),
(44,44,'mailing',19),
(45,45,'mailing',19),
(46,46,'mailing',19),
(47,47,'mailing',19),
(48,48,'mailing',19),
(49,49,'mailing',19),
(50,50,'mailing',14),
(51,51,'mailing',20),
(52,52,'mailing',21),
(53,53,'mailing',21),
(54,54,'mailing',21),
(55,55,'mailing',22),
(56,56,'mailing',22),
(57,57,'mailing',22),
(58,58,'mailing',23),
(59,59,'mailing',4),
(60,60,'mailing',4),
(61,61,'mailing',4),
(62,62,'mailing',4),
(63,63,'mailing',4),
(64,64,'mailing',4),
(65,65,'mailing',4),
(66,66,'mailing',24),
(67,67,'mailing',25),
(68,68,'mailing',26),
(69,69,'mailing',26),
(70,70,'mailing',27),
(71,71,'mailing',28),
(72,72,'mailing',4),
(73,73,'mailing',29),
(74,74,'mailing',30),
(75,75,'mailing',31),
(76,76,'mailing',32),
(77,77,'mailing',33);

--
-- Table structure for table `glpi_notificationtargets`
--

CREATE TABLE `glpi_notificationtargets` (
  `id` int(10) unsigned NOT NULL AUTO_INCREMENT,
  `items_id` int(10) unsigned NOT NULL DEFAULT 0,
  `type` int(11) NOT NULL DEFAULT 0,
  `notifications_id` int(10) unsigned NOT NULL DEFAULT 0,
  PRIMARY KEY (`id`),
  KEY `items` (`type`,`items_id`),
  KEY `notifications_id` (`notifications_id`)
) ENGINE=InnoDB AUTO_INCREMENT=156 DEFAULT CHARSET=utf8mb4 COLLATE=utf8mb4_unicode_ci ROW_FORMAT=DYNAMIC;

--
-- Dumping data for table `glpi_notificationtargets`
--

INSERT INTO `glpi_notificationtargets` VALUES
(1,3,1,13),
(2,1,1,13),
(3,3,2,2),
(4,1,1,2),
(5,1,1,3),
(6,1,1,5),
(7,1,1,4),
(8,2,1,3),
(9,4,1,3),
(10,3,1,2),
(11,3,1,3),
(12,3,1,5),
(13,3,1,4),
(14,1,1,19),
(15,14,1,12),
(16,3,1,14),
(17,1,1,14),
(18,3,1,15),
(19,1,1,15),
(20,1,1,6),
(21,3,1,6),
(22,1,1,7),
(23,3,1,7),
(24,1,1,8),
(25,3,1,8),
(26,1,1,9),
(27,3,1,9),
(28,1,1,10),
(29,3,1,10),
(30,1,1,11),
(31,3,1,11),
(32,19,1,25),
(33,3,1,26),
(34,21,1,2),
(35,21,1,3),
(36,21,1,5),
(37,21,1,4),
(38,21,1,6),
(39,21,1,7),
(40,21,1,8),
(41,21,1,9),
(42,21,1,10),
(43,21,1,11),
(46,1,1,28),
(47,3,1,29),
(48,1,1,29),
(49,21,1,29),
(50,2,1,30),
(51,4,1,30),
(52,3,1,30),
(53,1,1,30),
(54,21,1,30),
(55,3,1,31),
(56,1,1,31),
(57,21,1,31),
(58,3,1,32),
(59,1,1,32),
(60,21,1,32),
(61,3,1,33),
(62,1,1,33),
(63,21,1,33),
(64,3,1,34),
(65,1,1,34),
(66,21,1,34),
(67,3,1,35),
(68,1,1,35),
(69,21,1,35),
(70,3,1,36),
(71,1,1,36),
(72,21,1,36),
(73,14,1,37),
(74,3,1,40),
(75,1,1,41),
(76,3,1,42),
(77,1,1,42),
(78,21,1,42),
(79,2,1,43),
(80,4,1,43),
(81,3,1,43),
(82,1,1,43),
(83,21,1,43),
(84,3,1,44),
(85,1,1,44),
(86,21,1,44),
(87,3,1,45),
(88,1,1,45),
(89,21,1,45),
(90,3,1,46),
(91,1,1,46),
(92,21,1,46),
(93,3,1,47),
(94,1,1,47),
(95,21,1,47),
(96,3,1,48),
(97,1,1,48),
(98,21,1,48),
(99,3,1,49),
(100,1,1,49),
(101,21,1,49),
(102,3,1,50),
(103,2,1,50),
(104,1,1,51),
(105,27,1,52),
(106,1,1,52),
(107,28,1,52),
(108,27,1,53),
(109,1,1,53),
(110,28,1,53),
(111,27,1,54),
(112,1,1,54),
(113,28,1,54),
(114,31,1,55),
(115,1,1,55),
(116,32,1,55),
(117,31,1,56),
(118,1,1,56),
(119,32,1,56),
(120,31,1,57),
(121,1,1,57),
(122,32,1,57),
(123,19,1,58),
(124,3,1,59),
(125,13,1,60),
(126,21,1,61),
(127,20,1,62),
(128,2,1,63),
(129,9,1,64),
(130,8,1,65),
(131,19,1,66),
(132,5,1,67),
(133,23,1,67),
(134,5,1,68),
(135,23,1,68),
(136,5,1,69),
(137,23,1,69),
(138,19,1,70),
(139,1,1,71),
(140,39,1,72),
(141,101,1,73),
(142,102,1,74),
(143,101,1,75),
(144,101,1,76),
(145,101,1,77),
(146,5,2,2),
(149,4,2,2),
(151,1,2,3),
(152,2,1,5),
(154,1,2,5),
(155,5,2,5);

--
-- Table structure for table `glpi_notificationtemplates`
--

CREATE TABLE `glpi_notificationtemplates` (
  `id` int(10) unsigned NOT NULL AUTO_INCREMENT,
  `name` varchar(255) DEFAULT NULL,
  `itemtype` varchar(100) NOT NULL,
  `date_mod` timestamp NULL DEFAULT NULL,
  `comment` text DEFAULT NULL,
  `css` text DEFAULT NULL,
  `date_creation` timestamp NULL DEFAULT NULL,
  PRIMARY KEY (`id`),
  KEY `itemtype` (`itemtype`),
  KEY `date_mod` (`date_mod`),
  KEY `name` (`name`),
  KEY `date_creation` (`date_creation`)
) ENGINE=InnoDB AUTO_INCREMENT=38 DEFAULT CHARSET=utf8mb4 COLLATE=utf8mb4_unicode_ci ROW_FORMAT=DYNAMIC;

--
-- Dumping data for table `glpi_notificationtemplates`
--

INSERT INTO `glpi_notificationtemplates` VALUES
(1,'MySQL Synchronization','DBConnection',NULL,NULL,NULL,NULL),
(2,'Reservations','Reservation',NULL,NULL,NULL,NULL),
(3,'Alert Reservation','Reservation',NULL,NULL,NULL,NULL),
(4,'Tickets','Ticket',NULL,NULL,NULL,NULL),
(5,'Tickets (Simple)','Ticket',NULL,NULL,NULL,NULL),
(6,'Alert Tickets not closed','Ticket',NULL,NULL,NULL,NULL),
(7,'Tickets Validation','Ticket',NULL,NULL,NULL,NULL),
(8,'Cartridges','CartridgeItem',NULL,NULL,NULL,NULL),
(9,'Consumables','ConsumableItem',NULL,NULL,NULL,NULL),
(10,'Infocoms','Infocom',NULL,NULL,NULL,NULL),
(11,'Licenses','SoftwareLicense',NULL,NULL,NULL,NULL),
(12,'Contracts','Contract',NULL,NULL,NULL,NULL),
(13,'Password Forget','User',NULL,NULL,NULL,NULL),
(14,'Ticket Satisfaction','Ticket',NULL,NULL,NULL,NULL),
(15,'Item not unique','FieldUnicity',NULL,NULL,NULL,NULL),
(16,'CronTask','CronTask',NULL,NULL,NULL,NULL),
(17,'Problems','Problem',NULL,NULL,NULL,NULL),
(18,'Planning recall','PlanningRecall',NULL,NULL,NULL,NULL),
(19,'Changes','Change',NULL,NULL,NULL,NULL),
(20,'Receiver errors','MailCollector',NULL,NULL,NULL,NULL),
(21,'Projects','Project',NULL,NULL,NULL,NULL),
(22,'Project Tasks','ProjectTask',NULL,NULL,NULL,NULL),
(23,'Unlock Item request','ObjectLock',NULL,NULL,NULL,NULL),
(24,'Saved searches alerts','SavedSearch_Alert',NULL,NULL,NULL,NULL),
(25,'Certificates','Certificate',NULL,NULL,NULL,NULL),
(26,'Alert domains','Domain',NULL,NULL,NULL,NULL),
(27,'Password expires alert','User',NULL,NULL,NULL,NULL),
(28,'Plugin updates','Glpi\\Marketplace\\Controller',NULL,NULL,NULL,NULL),
(29,'Formulário criado','PluginFormcreatorFormAnswer','2025-01-10 21:20:07','',NULL,'2025-01-10 21:20:07'),
(30,'Um formulário precisa de validação','PluginFormcreatorFormAnswer','2025-01-10 21:20:07','',NULL,'2025-01-10 21:20:07'),
(31,'Formulário rejeitado','PluginFormcreatorFormAnswer','2025-01-10 21:20:07','',NULL,'2025-01-10 21:20:07'),
(32,'Formulário aceito','PluginFormcreatorFormAnswer','2025-01-10 21:20:07','',NULL,'2025-01-10 21:20:07'),
(33,'Formulário deletado','PluginFormcreatorFormAnswer','2025-01-10 21:20:07','',NULL,'2025-01-10 21:20:07');

--
-- Table structure for table `glpi_notificationtemplatetranslations`
--

CREATE TABLE `glpi_notificationtemplatetranslations` (
  `id` int(10) unsigned NOT NULL AUTO_INCREMENT,
  `notificationtemplates_id` int(10) unsigned NOT NULL DEFAULT 0,
  `language` varchar(10) NOT NULL DEFAULT '',
  `subject` varchar(255) NOT NULL,
  `content_text` text DEFAULT NULL,
  `content_html` text DEFAULT NULL,
  PRIMARY KEY (`id`),
  KEY `notificationtemplates_id` (`notificationtemplates_id`)
) ENGINE=InnoDB AUTO_INCREMENT=38 DEFAULT CHARSET=utf8mb4 COLLATE=utf8mb4_unicode_ci ROW_FORMAT=DYNAMIC;

--
-- Dumping data for table `glpi_notificationtemplatetranslations`
--

INSERT INTO `glpi_notificationtemplatetranslations` VALUES
(1,1,'','##lang.dbconnection.title##','##lang.dbconnection.delay## : ##dbconnection.delay##','&lt;p&gt;##lang.dbconnection.delay## : ##dbconnection.delay##&lt;/p&gt;'),
(2,2,'','##reservation.action##','======================================================================\n##lang.reservation.user##: ##reservation.user##\n##lang.reservation.item.name##: ##reservation.itemtype## - ##reservation.item.name##\n##IFreservation.tech## ##lang.reservation.tech## ##reservation.tech## ##ENDIFreservation.tech##\n##lang.reservation.begin##: ##reservation.begin##\n##lang.reservation.end##: ##reservation.end##\n##lang.reservation.comment##: ##reservation.comment##\n======================================================================','&lt;!-- description{ color: inherit; background: #ebebeb;border-style: solid;border-color: #8d8d8d; border-width: 0px 1px 1px 0px; } --&gt;\n&lt;p&gt;&lt;span style=\"color: #8b8c8f; font-weight: bold; text-decoration: underline;\"&gt;##lang.reservation.user##:&lt;/span&gt;##reservation.user##&lt;br /&gt; &lt;span style=\"color: #8b8c8f; font-weight: bold; text-decoration: underline;\"&gt;##lang.reservation.item.name##:&lt;/span&gt;##reservation.itemtype## - ##reservation.item.name##&lt;br /&gt;##IFreservation.tech## ##lang.reservation.tech## ##reservation.tech####ENDIFreservation.tech##&lt;br /&gt; &lt;span style=\"color: #8b8c8f; font-weight: bold; text-decoration: underline;\"&gt;##lang.reservation.begin##:&lt;/span&gt; ##reservation.begin##&lt;br /&gt; &lt;span style=\"color: #8b8c8f; font-weight: bold; text-decoration: underline;\"&gt;##lang.reservation.end##:&lt;/span&gt;##reservation.end##&lt;br /&gt; &lt;span style=\"color: #8b8c8f; font-weight: bold; text-decoration: underline;\"&gt;##lang.reservation.comment##:&lt;/span&gt; ##reservation.comment##&lt;/p&gt;'),
(3,3,'','##reservation.action##  ##reservation.entity##','##lang.reservation.entity## : ##reservation.entity##\n\n\n##FOREACHreservations##\n##lang.reservation.itemtype## : ##reservation.itemtype##\n\n ##lang.reservation.item## : ##reservation.item##\n\n ##reservation.url##\n\n ##ENDFOREACHreservations##','&lt;p&gt;##lang.reservation.entity## : ##reservation.entity## &lt;br /&gt; &lt;br /&gt;\n##FOREACHreservations## &lt;br /&gt;##lang.reservation.itemtype## :  ##reservation.itemtype##&lt;br /&gt;\n ##lang.reservation.item## :  ##reservation.item##&lt;br /&gt; &lt;br /&gt;\n &lt;a href=\"##reservation.url##\"&gt; ##reservation.url##&lt;/a&gt;&lt;br /&gt;\n ##ENDFOREACHreservations##&lt;/p&gt;'),
(4,4,'','##ticket.action## ##ticket.title##',' ##IFticket.storestatus=5##\n ##lang.ticket.url## : ##ticket.urlapprove##\n ##lang.ticket.autoclosewarning##\n ##lang.ticket.solvedate## : ##ticket.solvedate##\n ##lang.ticket.solution.type## : ##ticket.solution.type##\n ##lang.ticket.solution.description## : ##ticket.solution.description## ##ENDIFticket.storestatus##\n ##ELSEticket.storestatus## ##lang.ticket.url## : ##ticket.url## ##ENDELSEticket.storestatus##\n\n ##lang.ticket.description##\n\n ##lang.ticket.title## : ##ticket.title##\n ##lang.ticket.authors## : ##IFticket.authors## ##ticket.authors## ##ENDIFticket.authors## ##ELSEticket.authors##--##ENDELSEticket.authors##\n ##lang.ticket.creationdate## : ##ticket.creationdate##\n ##lang.ticket.closedate## : ##ticket.closedate##\n ##lang.ticket.requesttype## : ##ticket.requesttype##\n##lang.ticket.item.name## :\n\n##FOREACHitems##\n\n ##IFticket.itemtype##\n  ##ticket.itemtype## - ##ticket.item.name##\n  ##IFticket.item.model## ##lang.ticket.item.model## : ##ticket.item.model## ##ENDIFticket.item.model##\n  ##IFticket.item.serial## ##lang.ticket.item.serial## : ##ticket.item.serial## ##ENDIFticket.item.serial##\n  ##IFticket.item.otherserial## ##lang.ticket.item.otherserial## : ##ticket.item.otherserial## ##ENDIFticket.item.otherserial##\n ##ENDIFticket.itemtype##\n\n##ENDFOREACHitems##\n##IFticket.assigntousers## ##lang.ticket.assigntousers## : ##ticket.assigntousers## ##ENDIFticket.assigntousers##\n ##lang.ticket.status## : ##ticket.status##\n##IFticket.assigntogroups## ##lang.ticket.assigntogroups## : ##ticket.assigntogroups## ##ENDIFticket.assigntogroups##\n ##lang.ticket.urgency## : ##ticket.urgency##\n ##lang.ticket.impact## : ##ticket.impact##\n ##lang.ticket.priority## : ##ticket.priority##\n##IFticket.user.email## ##lang.ticket.user.email## : ##ticket.user.email ##ENDIFticket.user.email##\n##IFticket.category## ##lang.ticket.category## : ##ticket.category## ##ENDIFticket.category## ##ELSEticket.category## ##lang.ticket.nocategoryassigned## ##ENDELSEticket.category##\n ##lang.ticket.content## : ##ticket.content##\n ##IFticket.storestatus=6##\n\n ##lang.ticket.solvedate## : ##ticket.solvedate##\n ##lang.ticket.solution.type## : ##ticket.solution.type##\n ##lang.ticket.solution.description## : ##ticket.solution.description##\n ##ENDIFticket.storestatus##\n\n##FOREACHtimelineitems##\n[##timelineitems.date##]\n##lang.timelineitems.author## ##timelineitems.author##\n##lang.timelineitems.description## ##timelineitems.description##\n##lang.timelineitems.date## ##timelineitems.date##\n##lang.timelineitems.position## ##timelineitems.position##\n##lang.timelineitems.type## ##timelineitems.type##\n##lang.timelineitems.typename## ##timelineitems.typename##\n##ENDFOREACHtimelineitems##\n\n##lang.ticket.numberoffollowups## : ##ticket.numberoffollowups##\n##lang.ticket.numberoftasks## : ##ticket.numberoftasks##','&lt;!-- description{ color: inherit; background: #ebebeb; border-style: solid;border-color: #8d8d8d; border-width: 0px 1px 1px 0px; }    --&gt;\n&lt;div&gt;##IFticket.storestatus=5##&lt;/div&gt;\n&lt;div&gt;##lang.ticket.url## : &lt;a href=\"##ticket.urlapprove##\"&gt;##ticket.urlapprove##&lt;/a&gt; &lt;strong&gt;&#160;&lt;/strong&gt;&lt;/div&gt;\n&lt;div&gt;&lt;strong&gt;##lang.ticket.autoclosewarning##&lt;/strong&gt;&lt;/div&gt;\n&lt;div&gt;&lt;span style=\"color: #888888;\"&gt;&lt;strong&gt;&lt;span style=\"text-decoration: underline;\"&gt;##lang.ticket.solvedate##&lt;/span&gt;&lt;/strong&gt;&lt;/span&gt; : ##ticket.solvedate##&lt;br /&gt;&lt;span style=\"text-decoration: underline; color: #888888;\"&gt;&lt;strong&gt;##lang.ticket.solution.type##&lt;/strong&gt;&lt;/span&gt; : ##ticket.solution.type##&lt;br /&gt;&lt;span style=\"text-decoration: underline; color: #888888;\"&gt;&lt;strong&gt;##lang.ticket.solution.description##&lt;/strong&gt;&lt;/span&gt; : ##ticket.solution.description## ##ENDIFticket.storestatus##&lt;/div&gt;\n&lt;div&gt;##ELSEticket.storestatus## ##lang.ticket.url## : &lt;a href=\"##ticket.url##\"&gt;##ticket.url##&lt;/a&gt; ##ENDELSEticket.storestatus##&lt;/div&gt;\n&lt;p class=\"description b\"&gt;&lt;strong&gt;##lang.ticket.description##&lt;/strong&gt;&lt;/p&gt;\n&lt;p&gt;&lt;span style=\"color: #8b8c8f; font-weight: bold; text-decoration: underline;\"&gt; ##lang.ticket.title##&lt;/span&gt;&#160;:##ticket.title## &lt;br /&gt; &lt;span style=\"color: #8b8c8f; font-weight: bold; text-decoration: underline;\"&gt; ##lang.ticket.authors##&lt;/span&gt;&#160;:##IFticket.authors## ##ticket.authors## ##ENDIFticket.authors##    ##ELSEticket.authors##--##ENDELSEticket.authors## &lt;br /&gt; &lt;span style=\"color: #8b8c8f; font-weight: bold; text-decoration: underline;\"&gt; ##lang.ticket.creationdate##&lt;/span&gt;&#160;:##ticket.creationdate## &lt;br /&gt; &lt;span style=\"color: #8b8c8f; font-weight: bold; text-decoration: underline;\"&gt; ##lang.ticket.closedate##&lt;/span&gt;&#160;:##ticket.closedate## &lt;br /&gt; &lt;span style=\"color: #8b8c8f; font-weight: bold; text-decoration: underline;\"&gt; ##lang.ticket.requesttype##&lt;/span&gt;&#160;:##ticket.requesttype##&lt;br /&gt;\n&lt;br /&gt;&lt;span style=\"color: #8b8c8f; font-weight: bold; text-decoration: underline;\"&gt; ##lang.ticket.item.name##&lt;/span&gt;&#160;:\n&lt;p&gt;##FOREACHitems##&lt;/p&gt;\n&lt;div class=\"description b\"&gt;##IFticket.itemtype## ##ticket.itemtype##&#160;- ##ticket.item.name## ##IFticket.item.model## ##lang.ticket.item.model## : ##ticket.item.model## ##ENDIFticket.item.model## ##IFticket.item.serial## ##lang.ticket.item.serial## : ##ticket.item.serial## ##ENDIFticket.item.serial## ##IFticket.item.otherserial## ##lang.ticket.item.otherserial## : ##ticket.item.otherserial## ##ENDIFticket.item.otherserial## ##ENDIFticket.itemtype## &lt;/div&gt;&lt;br /&gt;\n&lt;p&gt;##ENDFOREACHitems##&lt;/p&gt;\n##IFticket.assigntousers## &lt;span style=\"color: #8b8c8f; font-weight: bold; text-decoration: underline;\"&gt; ##lang.ticket.assigntousers##&lt;/span&gt;&#160;: ##ticket.assigntousers## ##ENDIFticket.assigntousers##&lt;br /&gt; &lt;span style=\"color: #8b8c8f; font-weight: bold; text-decoration: underline;\"&gt;##lang.ticket.status## &lt;/span&gt;&#160;: ##ticket.status##&lt;br /&gt; ##IFticket.assigntogroups## &lt;span style=\"color: #8b8c8f; font-weight: bold; text-decoration: underline;\"&gt; ##lang.ticket.assigntogroups##&lt;/span&gt;&#160;: ##ticket.assigntogroups## ##ENDIFticket.assigntogroups##&lt;br /&gt; &lt;span style=\"color: #8b8c8f; font-weight: bold; text-decoration: underline;\"&gt; ##lang.ticket.urgency##&lt;/span&gt;&#160;: ##ticket.urgency##&lt;br /&gt; &lt;span style=\"color: #8b8c8f; font-weight: bold; text-decoration: underline;\"&gt; ##lang.ticket.impact##&lt;/span&gt;&#160;: ##ticket.impact##&lt;br /&gt; &lt;span style=\"color: #8b8c8f; font-weight: bold; text-decoration: underline;\"&gt; ##lang.ticket.priority##&lt;/span&gt;&#160;: ##ticket.priority## &lt;br /&gt; ##IFticket.user.email##&lt;span style=\"color: #8b8c8f; font-weight: bold; text-decoration: underline;\"&gt; ##lang.ticket.user.email##&lt;/span&gt;&#160;: ##ticket.user.email ##ENDIFticket.user.email##    &lt;br /&gt; ##IFticket.category##&lt;span style=\"color: #8b8c8f; font-weight: bold; text-decoration: underline;\"&gt;##lang.ticket.category## &lt;/span&gt;&#160;:##ticket.category## ##ENDIFticket.category## ##ELSEticket.category## ##lang.ticket.nocategoryassigned## ##ENDELSEticket.category##    &lt;br /&gt; &lt;span style=\"color: #8b8c8f; font-weight: bold; text-decoration: underline;\"&gt; ##lang.ticket.content##&lt;/span&gt;&#160;: ##ticket.content##&lt;/p&gt;\n&lt;br /&gt;##IFticket.storestatus=6##&lt;br /&gt;&lt;span style=\"text-decoration: underline;\"&gt;&lt;strong&gt;&lt;span style=\"color: #888888;\"&gt;##lang.ticket.solvedate##&lt;/span&gt;&lt;/strong&gt;&lt;/span&gt; : ##ticket.solvedate##&lt;br /&gt;&lt;span style=\"color: #888888;\"&gt;&lt;strong&gt;&lt;span style=\"text-decoration: underline;\"&gt;##lang.ticket.solution.type##&lt;/span&gt;&lt;/strong&gt;&lt;/span&gt; : ##ticket.solution.type##&lt;br /&gt;&lt;span style=\"text-decoration: underline; color: #888888;\"&gt;&lt;strong&gt;##lang.ticket.solution.description##&lt;/strong&gt;&lt;/span&gt; : ##ticket.solution.description##&lt;br /&gt;##ENDIFticket.storestatus##&lt;/p&gt;\n&lt;p&gt;##FOREACHtimelineitems##&lt;/p&gt;\n&lt;div class=\"description b\"&gt;&lt;br /&gt;&lt;strong&gt; [##timelineitems.date##]&lt;/strong&gt;&lt;br /&gt;&lt;span style=\"color: #8b8c8f; font-weight: bold; text-decoration: underline;\"&gt; ##lang.timelineitems.author## &lt;/span&gt; &lt;span style=\"color: #000000; font-weight: bold; text-decoration: underline;\"&gt;##timelineitems.author##&lt;/span&gt;&lt;br /&gt;&lt;span style=\"color: #8b8c8f; font-weight: bold; text-decoration: underline;\"&gt; ##lang.timelineitems.description## &lt;/span&gt; &lt;span style=\"color: #000000; font-weight: bold; text-decoration: underline;\"&gt;##timelineitems.description##&lt;/span&gt;&lt;br /&gt;&lt;span style=\"color: #8b8c8f; font-weight: bold; text-decoration: underline;\"&gt; ##lang.timelineitems.date## &lt;/span&gt; &lt;span style=\"color: #000000; font-weight: bold; text-decoration: underline;\"&gt;##timelineitems.date##&lt;/span&gt;&lt;br /&gt;&lt;span style=\"color: #8b8c8f; font-weight: bold; text-decoration: underline;\"&gt;##lang.timelineitems.position## &lt;/span&gt;&lt;span style=\"color: #000000; font-weight: bold; text-decoration: underline;\"&gt; ##timelineitems.position##&lt;/span&gt;&lt;/div&gt;\n&lt;div class=\"description b\"&gt;&lt;span style=\"color: #8b8c8f; font-weight: bold; text-decoration: underline;\"&gt;##lang.timelineitems.type## &lt;/span&gt;&lt;span style=\"color: #000000; font-weight: bold; text-decoration: underline;\"&gt; ##timelineitems.type##&lt;/span&gt;&lt;/div&gt;\n&lt;div class=\"description b\"&gt;&lt;span style=\"color: #8b8c8f; font-weight: bold; text-decoration: underline;\"&gt;##lang.timelineitems.typename## &lt;/span&gt; &lt;span style=\"color: #000000; font-weight: bold; text-decoration: underline;\"&gt;##timelineitems.typename##&lt;/span&gt;&lt;/div&gt;\n&lt;p&gt;##ENDFOREACHtimelineitems##&lt;/p&gt;\n&lt;div class=\"description b\"&gt;##lang.ticket.numberoffollowups##&#160;: ##ticket.numberoffollowups##&lt;/div&gt;\n&lt;div class=\"description b\"&gt;##lang.ticket.numberoftasks##&#160;: ##ticket.numberoftasks##&lt;/div&gt;'),
(5,12,'','##contract.action##  ##contract.entity##','##lang.contract.entity## : ##contract.entity##\n\n##FOREACHcontracts##\n##lang.contract.name## : ##contract.name##\n##lang.contract.number## : ##contract.number##\n##lang.contract.time## : ##contract.time##\n##IFcontract.type####lang.contract.type## : ##contract.type####ENDIFcontract.type##\n##contract.url##\n##ENDFOREACHcontracts##','&lt;p&gt;##lang.contract.entity## : ##contract.entity##&lt;br /&gt;\n&lt;br /&gt;##FOREACHcontracts##&lt;br /&gt;##lang.contract.name## :\n##contract.name##&lt;br /&gt;\n##lang.contract.number## : ##contract.number##&lt;br /&gt;\n##lang.contract.time## : ##contract.time##&lt;br /&gt;\n##IFcontract.type####lang.contract.type## : ##contract.type##\n##ENDIFcontract.type##&lt;br /&gt;\n&lt;a href=\"##contract.url##\"&gt;\n##contract.url##&lt;/a&gt;&lt;br /&gt;\n##ENDFOREACHcontracts##&lt;/p&gt;'),
(6,5,'','##ticket.action## ##ticket.title##','##lang.ticket.url## : ##ticket.url##\n\n##lang.ticket.description##\n\n\n##lang.ticket.title##  :##ticket.title##\n\n##lang.ticket.authors##  :##IFticket.authors##\n##ticket.authors## ##ENDIFticket.authors##\n##ELSEticket.authors##--##ENDELSEticket.authors##\n\n##IFticket.category## ##lang.ticket.category##  :##ticket.category##\n##ENDIFticket.category## ##ELSEticket.category##\n##lang.ticket.nocategoryassigned## ##ENDELSEticket.category##\n\n##lang.ticket.content##  : ##ticket.content##\n##IFticket.itemtype##\n##lang.ticket.item.name##  : ##ticket.itemtype## - ##ticket.item.name##\n##ENDIFticket.itemtype##','&lt;div&gt;##lang.ticket.url## : &lt;a href=\"##ticket.url##\"&gt;\n##ticket.url##&lt;/a&gt;&lt;/div&gt;\n&lt;div class=\"description b\"&gt;\n##lang.ticket.description##&lt;/div&gt;\n&lt;p&gt;&lt;span\nstyle=\"color: #8b8c8f; font-weight: bold; text-decoration: underline;\"&gt;\n##lang.ticket.title##&lt;/span&gt;&#160;:##ticket.title##\n&lt;br /&gt; &lt;span style=\"color: #8b8c8f; font-weight: bold; text-decoration: underline;\"&gt;\n##lang.ticket.authors##&lt;/span&gt;\n##IFticket.authors## ##ticket.authors##\n##ENDIFticket.authors##\n##ELSEticket.authors##--##ENDELSEticket.authors##\n&lt;span style=\"color: #8b8c8f; font-weight: bold; text-decoration: underline;\"&gt;\n&lt;/span&gt;&lt;br /&gt; &lt;span style=\"color: #8b8c8f; font-weight: bold; text-decoration: underline;\"&gt; &lt;/span&gt;\n##IFticket.category##&lt;span style=\"color: #8b8c8f; font-weight: bold; text-decoration: underline;\"&gt;\n##lang.ticket.category## &lt;/span&gt;&#160;:##ticket.category##\n##ENDIFticket.category## ##ELSEticket.category##\n##lang.ticket.nocategoryassigned## ##ENDELSEticket.category##\n&lt;br /&gt; &lt;span style=\"color: #8b8c8f; font-weight: bold; text-decoration: underline;\"&gt;\n##lang.ticket.content##&lt;/span&gt;&#160;:\n##ticket.content##&lt;br /&gt;##IFticket.itemtype##\n&lt;span style=\"color: #8b8c8f; font-weight: bold; text-decoration: underline;\"&gt;\n##lang.ticket.item.name##&lt;/span&gt;&#160;:\n##ticket.itemtype## - ##ticket.item.name##\n##ENDIFticket.itemtype##&lt;/p&gt;'),
(7,7,'','##ticket.action## ##ticket.title##','##FOREACHvalidations##\n\n##IFvalidation.storestatus=2##\n##validation.submission.title##\n##lang.validation.commentsubmission## : ##validation.commentsubmission##\n##ENDIFvalidation.storestatus##\n##ELSEvalidation.storestatus## ##validation.answer.title## ##ENDELSEvalidation.storestatus##\n\n##lang.ticket.url## : ##ticket.urlvalidation##\n\n##IFvalidation.status## ##lang.validation.status## : ##validation.status## ##ENDIFvalidation.status##\n##IFvalidation.commentvalidation##\n##lang.validation.commentvalidation## : ##validation.commentvalidation##\n##ENDIFvalidation.commentvalidation##\n##ENDFOREACHvalidations##','&lt;div&gt;##FOREACHvalidations##&lt;/div&gt;\n&lt;p&gt;##IFvalidation.storestatus=2##&lt;/p&gt;\n&lt;div&gt;##validation.submission.title##&lt;/div&gt;\n&lt;div&gt;##lang.validation.commentsubmission## : ##validation.commentsubmission##&lt;/div&gt;\n&lt;div&gt;##ENDIFvalidation.storestatus##&lt;/div&gt;\n&lt;div&gt;##ELSEvalidation.storestatus## ##validation.answer.title## ##ENDELSEvalidation.storestatus##&lt;/div&gt;\n&lt;div&gt;&lt;/div&gt;\n&lt;div&gt;\n&lt;div&gt;##lang.ticket.url## : &lt;a href=\"##ticket.urlvalidation##\"&gt; ##ticket.urlvalidation## &lt;/a&gt;&lt;/div&gt;\n&lt;/div&gt;\n&lt;p&gt;##IFvalidation.status## ##lang.validation.status## : ##validation.status## ##ENDIFvalidation.status##\n&lt;br /&gt; ##IFvalidation.commentvalidation##&lt;br /&gt; ##lang.validation.commentvalidation## :\n&#160; ##validation.commentvalidation##&lt;br /&gt; ##ENDIFvalidation.commentvalidation##\n&lt;br /&gt;##ENDFOREACHvalidations##&lt;/p&gt;'),
(8,6,'','##ticket.action## ##ticket.entity##','##FOREACHtickets##\n##lang.ticket.authors##: ##ticket.authors##\n##lang.ticket.title##: ##ticket.title##\n##lang.ticket.priority##: ##ticket.priority##\n##lang.ticket.status##: ##ticket.status##\n##lang.ticket.attribution##: ##IFticket.assigntousers####ticket.assigntousers##\n##ENDIFticket.assigntousers####IFticket.assigntogroups##\n##ticket.assigntogroups## ##ENDIFticket.assigntogroups####IFticket.assigntosupplier##\n##ticket.assigntosupplier## ##ENDIFticket.assigntosupplier##\n##lang.ticket.creationdate##: ##ticket.creationdate##\n##lang.ticket.content##: ##ticket.content## ##ENDFOREACHtickets##','&lt;table class=\"tab_cadre\" border=\"1\" cellspacing=\"2\" cellpadding=\"3\"&gt;\n&lt;tbody&gt;\n&lt;tr&gt;\n&lt;td style=\"text-align: left;\" width=\"auto\" bgcolor=\"#cccccc\"&gt;&lt;span style=\"font-size: 11px; text-align: left;\"&gt;##lang.ticket.authors##&lt;/span&gt;&lt;/td&gt;\n&lt;td style=\"text-align: left;\" width=\"auto\" bgcolor=\"#cccccc\"&gt;&lt;span style=\"font-size: 11px; text-align: left;\"&gt;##lang.ticket.title##&lt;/span&gt;&lt;/td&gt;\n&lt;td style=\"text-align: left;\" width=\"auto\" bgcolor=\"#cccccc\"&gt;&lt;span style=\"font-size: 11px; text-align: left;\"&gt;##lang.ticket.priority##&lt;/span&gt;&lt;/td&gt;\n&lt;td style=\"text-align: left;\" width=\"auto\" bgcolor=\"#cccccc\"&gt;&lt;span style=\"font-size: 11px; text-align: left;\"&gt;##lang.ticket.status##&lt;/span&gt;&lt;/td&gt;\n&lt;td style=\"text-align: left;\" width=\"auto\" bgcolor=\"#cccccc\"&gt;&lt;span style=\"font-size: 11px; text-align: left;\"&gt;##lang.ticket.attribution##&lt;/span&gt;&lt;/td&gt;\n&lt;td style=\"text-align: left;\" width=\"auto\" bgcolor=\"#cccccc\"&gt;&lt;span style=\"font-size: 11px; text-align: left;\"&gt;##lang.ticket.creationdate##&lt;/span&gt;&lt;/td&gt;\n&lt;td style=\"text-align: left;\" width=\"auto\" bgcolor=\"#cccccc\"&gt;&lt;span style=\"font-size: 11px; text-align: left;\"&gt;##lang.ticket.content##&lt;/span&gt;##FOREACHtickets##&lt;/td&gt;\n&lt;/tr&gt;\n&lt;tr&gt;\n&lt;td width=\"auto\"&gt;&lt;span style=\"font-size: 11px; text-align: left;\"&gt;##ticket.authors##&lt;/span&gt;&lt;/td&gt;\n&lt;td width=\"auto\"&gt;&lt;span style=\"font-size: 11px; text-align: left;\"&gt;&lt;a href=\"##ticket.url##\"&gt;##ticket.title##&lt;/a&gt;&lt;/span&gt;&lt;/td&gt;\n&lt;td width=\"auto\"&gt;&lt;span style=\"font-size: 11px; text-align: left;\"&gt;##ticket.priority##&lt;/span&gt;&lt;/td&gt;\n&lt;td width=\"auto\"&gt;&lt;span style=\"font-size: 11px; text-align: left;\"&gt;##ticket.status##&lt;/span&gt;&lt;/td&gt;\n&lt;td width=\"auto\"&gt;&lt;span style=\"font-size: 11px; text-align: left;\"&gt;##IFticket.assigntousers####ticket.assigntousers##&lt;br /&gt;##ENDIFticket.assigntousers####IFticket.assigntogroups##&lt;br /&gt;##ticket.assigntogroups## ##ENDIFticket.assigntogroups####IFticket.assigntosupplier##&lt;br /&gt;##ticket.assigntosupplier## ##ENDIFticket.assigntosupplier##&lt;/span&gt;&lt;/td&gt;\n&lt;td width=\"auto\"&gt;&lt;span style=\"font-size: 11px; text-align: left;\"&gt;##ticket.creationdate##&lt;/span&gt;&lt;/td&gt;\n&lt;td width=\"auto\"&gt;&lt;span style=\"font-size: 11px; text-align: left;\"&gt;##ticket.content##&lt;/span&gt;##ENDFOREACHtickets##&lt;/td&gt;\n&lt;/tr&gt;\n&lt;/tbody&gt;\n&lt;/table&gt;'),
(9,9,'','##consumable.action##  ##consumable.entity##','##lang.consumable.entity## : ##consumable.entity##\n\n\n##FOREACHconsumables##\n##lang.consumable.item## : ##consumable.item##\n\n\n##lang.consumable.reference## : ##consumable.reference##\n\n##lang.consumable.remaining## : ##consumable.remaining##\n##lang.consumable.stock_target## : ##consumable.stock_target##\n##lang.consumable.to_order## : ##consumable.to_order##\n\n##consumable.url##\n\n##ENDFOREACHconsumables##','&lt;p&gt;\n##lang.consumable.entity## : ##consumable.entity##\n&lt;br /&gt; &lt;br /&gt;##FOREACHconsumables##\n&lt;br /&gt;##lang.consumable.item## : ##consumable.item##&lt;br /&gt;\n&lt;br /&gt;##lang.consumable.reference## : ##consumable.reference##&lt;br /&gt;\n##lang.consumable.remaining## : ##consumable.remaining##&lt;br /&gt;\n##lang.consumable.stock_target## : ##consumable.stock_target##&lt;br /&gt;\n##lang.consumable.to_order## : ##consumable.to_order##&lt;br /&gt;\n&lt;a href=\"##consumable.url##\"&gt; ##consumable.url##&lt;/a&gt;&lt;br /&gt;\n   ##ENDFOREACHconsumables##&lt;/p&gt;'),
(10,8,'','##cartridge.action##  ##cartridge.entity##','##lang.cartridge.entity## : ##cartridge.entity##\n\n\n##FOREACHcartridges##\n##lang.cartridge.item## : ##cartridge.item##\n\n\n##lang.cartridge.reference## : ##cartridge.reference##\n\n##lang.cartridge.remaining## : ##cartridge.remaining##\n##lang.cartridge.stock_target## : ##cartridge.stock_target##\n##lang.cartridge.to_order## : ##cartridge.to_order##\n\n##cartridge.url##\n ##ENDFOREACHcartridges##','&lt;p&gt;##lang.cartridge.entity## : ##cartridge.entity##\n&lt;br /&gt; &lt;br /&gt;##FOREACHcartridges##\n&lt;br /&gt;##lang.cartridge.item## :\n##cartridge.item##&lt;br /&gt; &lt;br /&gt;\n##lang.cartridge.reference## :\n##cartridge.reference##&lt;br /&gt;\n##lang.cartridge.remaining## :\n##cartridge.remaining##&lt;br /&gt;\n##lang.cartridge.stock_target## :\n##cartridge.stock_target##&lt;br /&gt;\n##lang.cartridge.to_order## :\n##cartridge.to_order##&lt;br /&gt;\n&lt;a href=\"##cartridge.url##\"&gt;\n##cartridge.url##&lt;/a&gt;&lt;br /&gt;\n##ENDFOREACHcartridges##&lt;/p&gt;'),
(11,10,'','##infocom.action##  ##infocom.entity##','##lang.infocom.entity## : ##infocom.entity##\n\n\n##FOREACHinfocoms##\n\n##lang.infocom.itemtype## : ##infocom.itemtype##\n\n##lang.infocom.item## : ##infocom.item##\n\n\n##lang.infocom.expirationdate## : ##infocom.expirationdate##\n\n##infocom.url##\n ##ENDFOREACHinfocoms##','&lt;p&gt;##lang.infocom.entity## : ##infocom.entity##\n&lt;br /&gt; &lt;br /&gt;##FOREACHinfocoms##\n&lt;br /&gt;##lang.infocom.itemtype## : ##infocom.itemtype##&lt;br /&gt;\n##lang.infocom.item## : ##infocom.item##&lt;br /&gt; &lt;br /&gt;\n##lang.infocom.expirationdate## : ##infocom.expirationdate##\n&lt;br /&gt; &lt;a href=\"##infocom.url##\"&gt;\n##infocom.url##&lt;/a&gt;&lt;br /&gt;\n##ENDFOREACHinfocoms##&lt;/p&gt;'),
(12,11,'','##license.action##  ##license.entity##','##lang.license.entity## : ##license.entity##\n\n##FOREACHlicenses##\n\n##lang.license.item## : ##license.item##\n\n##lang.license.serial## : ##license.serial##\n\n##lang.license.expirationdate## : ##license.expirationdate##\n\n##license.url##\n ##ENDFOREACHlicenses##','&lt;p&gt;\n##lang.license.entity## : ##license.entity##&lt;br /&gt;\n##FOREACHlicenses##\n&lt;br /&gt;##lang.license.item## : ##license.item##&lt;br /&gt;\n##lang.license.serial## : ##license.serial##&lt;br /&gt;\n##lang.license.expirationdate## : ##license.expirationdate##\n&lt;br /&gt; &lt;a href=\"##license.url##\"&gt; ##license.url##\n&lt;/a&gt;&lt;br /&gt; ##ENDFOREACHlicenses##&lt;/p&gt;'),
(13,13,'','##user.action##','##user.realname## ##user.firstname##\n\n##lang.passwordforget.information##\n\n##lang.passwordforget.link## ##user.passwordforgeturl##','&lt;p&gt;&lt;strong&gt;##user.realname## ##user.firstname##&lt;/strong&gt;&lt;/p&gt;\n&lt;p&gt;##lang.passwordforget.information##&lt;/p&gt;\n&lt;p&gt;##lang.passwordforget.link## &lt;a title=\"##user.passwordforgeturl##\" href=\"##user.passwordforgeturl##\"&gt;##user.passwordforgeturl##&lt;/a&gt;&lt;/p&gt;'),
(14,14,'','##ticket.action## ##ticket.title##','##lang.ticket.title## : ##ticket.title##\n\n##lang.ticket.closedate## : ##ticket.closedate##\n\n##lang.satisfaction.text## ##ticket.urlsatisfaction##','&lt;p&gt;##lang.ticket.title## : ##ticket.title##&lt;/p&gt;\n&lt;p&gt;##lang.ticket.closedate## : ##ticket.closedate##&lt;/p&gt;\n&lt;p&gt;##lang.satisfaction.text## &lt;a href=\"##ticket.urlsatisfaction##\"&gt;##ticket.urlsatisfaction##&lt;/a&gt;&lt;/p&gt;'),
(15,15,'','##lang.unicity.action##','##lang.unicity.entity## : ##unicity.entity##\n\n##lang.unicity.itemtype## : ##unicity.itemtype##\n\n##lang.unicity.message## : ##unicity.message##\n\n##lang.unicity.action_user## : ##unicity.action_user##\n\n##lang.unicity.action_type## : ##unicity.action_type##\n\n##lang.unicity.date## : ##unicity.date##','&lt;p&gt;##lang.unicity.entity## : ##unicity.entity##&lt;/p&gt;\n&lt;p&gt;##lang.unicity.itemtype## : ##unicity.itemtype##&lt;/p&gt;\n&lt;p&gt;##lang.unicity.message## : ##unicity.message##&lt;/p&gt;\n&lt;p&gt;##lang.unicity.action_user## : ##unicity.action_user##&lt;/p&gt;\n&lt;p&gt;##lang.unicity.action_type## : ##unicity.action_type##&lt;/p&gt;\n&lt;p&gt;##lang.unicity.date## : ##unicity.date##&lt;/p&gt;'),
(16,16,'','##crontask.action##','##lang.crontask.warning##\n\n##FOREACHcrontasks##\n ##crontask.name## : ##crontask.description##\n\n##ENDFOREACHcrontasks##','&lt;p&gt;##lang.crontask.warning##&lt;/p&gt;\n&lt;p&gt;##FOREACHcrontasks## &lt;br /&gt;&lt;a href=\"##crontask.url##\"&gt;##crontask.name##&lt;/a&gt; : ##crontask.description##&lt;br /&gt; &lt;br /&gt;##ENDFOREACHcrontasks##&lt;/p&gt;'),
(17,17,'','##problem.action## ##problem.title##','##IFproblem.storestatus=5##\n ##lang.problem.url## : ##problem.urlapprove##\n ##lang.problem.solvedate## : ##problem.solvedate##\n ##lang.problem.solution.type## : ##problem.solution.type##\n ##lang.problem.solution.description## : ##problem.solution.description## ##ENDIFproblem.storestatus##\n ##ELSEproblem.storestatus## ##lang.problem.url## : ##problem.url## ##ENDELSEproblem.storestatus##\n\n ##lang.problem.description##\n\n ##lang.problem.title##  :##problem.title##\n ##lang.problem.authors##  :##IFproblem.authors## ##problem.authors## ##ENDIFproblem.authors## ##ELSEproblem.authors##--##ENDELSEproblem.authors##\n ##lang.problem.creationdate##  :##problem.creationdate##\n ##IFproblem.assigntousers## ##lang.problem.assigntousers##  : ##problem.assigntousers## ##ENDIFproblem.assigntousers##\n ##lang.problem.status##  : ##problem.status##\n ##IFproblem.assigntogroups## ##lang.problem.assigntogroups##  : ##problem.assigntogroups## ##ENDIFproblem.assigntogroups##\n ##lang.problem.urgency##  : ##problem.urgency##\n ##lang.problem.impact##  : ##problem.impact##\n ##lang.problem.priority## : ##problem.priority##\n##IFproblem.category## ##lang.problem.category##  :##problem.category## ##ENDIFproblem.category## ##ELSEproblem.category## ##lang.problem.nocategoryassigned## ##ENDELSEproblem.category##\n ##lang.problem.content##  : ##problem.content##\n\n##IFproblem.storestatus=6##\n ##lang.problem.solvedate## : ##problem.solvedate##\n ##lang.problem.solution.type## : ##problem.solution.type##\n ##lang.problem.solution.description## : ##problem.solution.description##\n##ENDIFproblem.storestatus##\n ##lang.problem.numberoffollowups## : ##problem.numberoffollowups##\n\n##FOREACHfollowups##\n\n [##followup.date##] ##lang.followup.isprivate## : ##followup.isprivate##\n ##lang.followup.author## ##followup.author##\n ##lang.followup.description## ##followup.description##\n ##lang.followup.date## ##followup.date##\n ##lang.followup.requesttype## ##followup.requesttype##\n\n##ENDFOREACHfollowups##\n ##lang.problem.numberoftickets## : ##problem.numberoftickets##\n\n##FOREACHtickets##\n [##ticket.date##] ##lang.problem.title## : ##ticket.title##\n ##lang.problem.content## ##ticket.content##\n\n##ENDFOREACHtickets##\n ##lang.problem.numberoftasks## : ##problem.numberoftasks##\n\n##FOREACHtasks##\n [##task.date##]\n ##lang.task.author## ##task.author##\n ##lang.task.description## ##task.description##\n ##lang.task.time## ##task.time##\n ##lang.task.category## ##task.category##\n\n##ENDFOREACHtasks##\n','&lt;p&gt;##IFproblem.storestatus=5##&lt;/p&gt;\n&lt;div&gt;##lang.problem.url## : &lt;a href=\"##problem.urlapprove##\"&gt;##problem.urlapprove##&lt;/a&gt;&lt;/div&gt;\n&lt;div&gt;&lt;span style=\"color: #888888;\"&gt;&lt;strong&gt;&lt;span style=\"text-decoration: underline;\"&gt;##lang.problem.solvedate##&lt;/span&gt;&lt;/strong&gt;&lt;/span&gt; : ##problem.solvedate##&lt;br /&gt;&lt;span style=\"text-decoration: underline; color: #888888;\"&gt;&lt;strong&gt;##lang.problem.solution.type##&lt;/strong&gt;&lt;/span&gt; : ##problem.solution.type##&lt;br /&gt;&lt;span style=\"text-decoration: underline; color: #888888;\"&gt;&lt;strong&gt;##lang.problem.solution.description##&lt;/strong&gt;&lt;/span&gt; : ##problem.solution.description## ##ENDIFproblem.storestatus##&lt;/div&gt;\n&lt;div&gt;##ELSEproblem.storestatus## ##lang.problem.url## : &lt;a href=\"##problem.url##\"&gt;##problem.url##&lt;/a&gt; ##ENDELSEproblem.storestatus##&lt;/div&gt;\n&lt;p class=\"description b\"&gt;&lt;strong&gt;##lang.problem.description##&lt;/strong&gt;&lt;/p&gt;\n&lt;p&gt;&lt;span style=\"color: #8b8c8f; font-weight: bold; text-decoration: underline;\"&gt; ##lang.problem.title##&lt;/span&gt;&#160;:##problem.title## &lt;br /&gt; &lt;span style=\"color: #8b8c8f; font-weight: bold; text-decoration: underline;\"&gt; ##lang.problem.authors##&lt;/span&gt;&#160;:##IFproblem.authors## ##problem.authors## ##ENDIFproblem.authors##    ##ELSEproblem.authors##--##ENDELSEproblem.authors## &lt;br /&gt; &lt;span style=\"color: #8b8c8f; font-weight: bold; text-decoration: underline;\"&gt; ##lang.problem.creationdate##&lt;/span&gt;&#160;:##problem.creationdate## &lt;br /&gt; ##IFproblem.assigntousers## &lt;span style=\"color: #8b8c8f; font-weight: bold; text-decoration: underline;\"&gt; ##lang.problem.assigntousers##&lt;/span&gt;&#160;: ##problem.assigntousers## ##ENDIFproblem.assigntousers##&lt;br /&gt; &lt;span style=\"color: #8b8c8f; font-weight: bold; text-decoration: underline;\"&gt;##lang.problem.status## &lt;/span&gt;&#160;: ##problem.status##&lt;br /&gt; ##IFproblem.assigntogroups## &lt;span style=\"color: #8b8c8f; font-weight: bold; text-decoration: underline;\"&gt; ##lang.problem.assigntogroups##&lt;/span&gt;&#160;: ##problem.assigntogroups## ##ENDIFproblem.assigntogroups##&lt;br /&gt; &lt;span style=\"color: #8b8c8f; font-weight: bold; text-decoration: underline;\"&gt; ##lang.problem.urgency##&lt;/span&gt;&#160;: ##problem.urgency##&lt;br /&gt; &lt;span style=\"color: #8b8c8f; font-weight: bold; text-decoration: underline;\"&gt; ##lang.problem.impact##&lt;/span&gt;&#160;: ##problem.impact##&lt;br /&gt; &lt;span style=\"color: #8b8c8f; font-weight: bold; text-decoration: underline;\"&gt; ##lang.problem.priority##&lt;/span&gt; : ##problem.priority## &lt;br /&gt;##IFproblem.category##&lt;span style=\"color: #8b8c8f; font-weight: bold; text-decoration: underline;\"&gt;##lang.problem.category## &lt;/span&gt;&#160;:##problem.category##  ##ENDIFproblem.category## ##ELSEproblem.category##  ##lang.problem.nocategoryassigned## ##ENDELSEproblem.category##    &lt;br /&gt; &lt;span style=\"color: #8b8c8f; font-weight: bold; text-decoration: underline;\"&gt; ##lang.problem.content##&lt;/span&gt;&#160;: ##problem.content##&lt;/p&gt;\n&lt;p&gt;##IFproblem.storestatus=6##&lt;br /&gt;&lt;span style=\"text-decoration: underline;\"&gt;&lt;strong&gt;&lt;span style=\"color: #888888;\"&gt;##lang.problem.solvedate##&lt;/span&gt;&lt;/strong&gt;&lt;/span&gt; : ##problem.solvedate##&lt;br /&gt;&lt;span style=\"color: #888888;\"&gt;&lt;strong&gt;&lt;span style=\"text-decoration: underline;\"&gt;##lang.problem.solution.type##&lt;/span&gt;&lt;/strong&gt;&lt;/span&gt; : ##problem.solution.type##&lt;br /&gt;&lt;span style=\"text-decoration: underline; color: #888888;\"&gt;&lt;strong&gt;##lang.problem.solution.description##&lt;/strong&gt;&lt;/span&gt; : ##problem.solution.description##&lt;br /&gt;##ENDIFproblem.storestatus##&lt;/p&gt;\n&lt;div class=\"description b\"&gt;##lang.problem.numberoffollowups##&#160;: ##problem.numberoffollowups##&lt;/div&gt;\n&lt;p&gt;##FOREACHfollowups##&lt;/p&gt;\n&lt;div class=\"description b\"&gt;&lt;br /&gt; &lt;strong&gt; [##followup.date##] &lt;em&gt;##lang.followup.isprivate## : ##followup.isprivate## &lt;/em&gt;&lt;/strong&gt;&lt;br /&gt; &lt;span style=\"color: #8b8c8f; font-weight: bold; text-decoration: underline;\"&gt; ##lang.followup.author## &lt;/span&gt; ##followup.author##&lt;br /&gt; &lt;span style=\"color: #8b8c8f; font-weight: bold; text-decoration: underline;\"&gt; ##lang.followup.description## &lt;/span&gt; ##followup.description##&lt;br /&gt; &lt;span style=\"color: #8b8c8f; font-weight: bold; text-decoration: underline;\"&gt; ##lang.followup.date## &lt;/span&gt; ##followup.date##&lt;br /&gt; &lt;span style=\"color: #8b8c8f; font-weight: bold; text-decoration: underline;\"&gt; ##lang.followup.requesttype## &lt;/span&gt; ##followup.requesttype##&lt;/div&gt;\n&lt;p&gt;##ENDFOREACHfollowups##&lt;/p&gt;\n&lt;div class=\"description b\"&gt;##lang.problem.numberoftickets##&#160;: ##problem.numberoftickets##&lt;/div&gt;\n&lt;p&gt;##FOREACHtickets##&lt;/p&gt;\n&lt;div&gt;&lt;strong&gt; [##ticket.date##] &lt;em&gt;##lang.problem.title## : &lt;a href=\"##ticket.url##\"&gt;##ticket.title## &lt;/a&gt;&lt;/em&gt;&lt;/strong&gt;&lt;br /&gt; &lt;span style=\"color: #8b8c8f; font-weight: bold; text-decoration: underline;\"&gt; &lt;/span&gt;&lt;span style=\"color: #8b8c8f; font-weight: bold; text-decoration: underline;\"&gt;##lang.problem.content## &lt;/span&gt; ##ticket.content##\n&lt;p&gt;##ENDFOREACHtickets##&lt;/p&gt;\n&lt;div class=\"description b\"&gt;##lang.problem.numberoftasks##&#160;: ##problem.numberoftasks##&lt;/div&gt;\n&lt;p&gt;##FOREACHtasks##&lt;/p&gt;\n&lt;div class=\"description b\"&gt;&lt;strong&gt;[##task.date##] &lt;/strong&gt;&lt;br /&gt; &lt;span style=\"color: #8b8c8f; font-weight: bold; text-decoration: underline;\"&gt; ##lang.task.author##&lt;/span&gt; ##task.author##&lt;br /&gt; &lt;span style=\"color: #8b8c8f; font-weight: bold; text-decoration: underline;\"&gt; ##lang.task.description##&lt;/span&gt; ##task.description##&lt;br /&gt; &lt;span style=\"color: #8b8c8f; font-weight: bold; text-decoration: underline;\"&gt; ##lang.task.time##&lt;/span&gt; ##task.time##&lt;br /&gt; &lt;span style=\"color: #8b8c8f; font-weight: bold; text-decoration: underline;\"&gt; ##lang.task.category##&lt;/span&gt; ##task.category##&lt;/div&gt;\n&lt;p&gt;##ENDFOREACHtasks##&lt;/p&gt;\n&lt;/div&gt;'),
(18,18,'','##recall.action##: ##recall.item.name##','##recall.action##: ##recall.item.name##\n\n##recall.item.content##\n\n##lang.recall.planning.begin##: ##recall.planning.begin##\n##lang.recall.planning.end##: ##recall.planning.end##\n##lang.recall.planning.state##: ##recall.planning.state##\n##lang.recall.item.private##: ##recall.item.private##','&lt;p&gt;##recall.action##: &lt;a href=\"##recall.item.url##\"&gt;##recall.item.name##&lt;/a&gt;&lt;/p&gt;\n&lt;p&gt;##recall.item.content##&lt;/p&gt;\n&lt;p&gt;##lang.recall.planning.begin##: ##recall.planning.begin##&lt;br /&gt;##lang.recall.planning.end##: ##recall.planning.end##&lt;br /&gt;##lang.recall.planning.state##: ##recall.planning.state##&lt;br /&gt;##lang.recall.item.private##: ##recall.item.private##&lt;br /&gt;&lt;br /&gt;&lt;/p&gt;\n&lt;p&gt;&lt;br /&gt;&lt;br /&gt;&lt;/p&gt;'),
(19,19,'','##change.action## ##change.title##','##IFchange.storestatus=5##\n ##lang.change.url## : ##change.urlapprove##\n ##lang.change.solvedate## : ##change.solvedate##\n ##lang.change.solution.type## : ##change.solution.type##\n ##lang.change.solution.description## : ##change.solution.description## ##ENDIFchange.storestatus##\n ##ELSEchange.storestatus## ##lang.change.url## : ##change.url## ##ENDELSEchange.storestatus##\n\n ##lang.change.description##\n\n ##lang.change.title##  :##change.title##\n ##lang.change.authors##  :##IFchange.authors## ##change.authors## ##ENDIFchange.authors## ##ELSEchange.authors##--##ENDELSEchange.authors##\n ##lang.change.creationdate##  :##change.creationdate##\n ##IFchange.assigntousers## ##lang.change.assigntousers##  : ##change.assigntousers## ##ENDIFchange.assigntousers##\n ##lang.change.status##  : ##change.status##\n ##IFchange.assigntogroups## ##lang.change.assigntogroups##  : ##change.assigntogroups## ##ENDIFchange.assigntogroups##\n ##lang.change.urgency##  : ##change.urgency##\n ##lang.change.impact##  : ##change.impact##\n ##lang.change.priority## : ##change.priority##\n##IFchange.category## ##lang.change.category##  :##change.category## ##ENDIFchange.category## ##ELSEchange.category## ##lang.change.nocategoryassigned## ##ENDELSEchange.category##\n ##lang.change.content##  : ##change.content##\n\n##IFchange.storestatus=6##\n ##lang.change.solvedate## : ##change.solvedate##\n ##lang.change.solution.type## : ##change.solution.type##\n ##lang.change.solution.description## : ##change.solution.description##\n##ENDIFchange.storestatus##\n ##lang.change.numberoffollowups## : ##change.numberoffollowups##\n\n##FOREACHfollowups##\n\n [##followup.date##] ##lang.followup.isprivate## : ##followup.isprivate##\n ##lang.followup.author## ##followup.author##\n ##lang.followup.description## ##followup.description##\n ##lang.followup.date## ##followup.date##\n ##lang.followup.requesttype## ##followup.requesttype##\n\n##ENDFOREACHfollowups##\n ##lang.change.numberofproblems## : ##change.numberofproblems##\n\n##FOREACHproblems##\n [##problem.date##] ##lang.change.title## : ##problem.title##\n ##lang.change.content## ##problem.content##\n\n##ENDFOREACHproblems##\n ##lang.change.numberoftasks## : ##change.numberoftasks##\n\n##FOREACHtasks##\n [##task.date##]\n ##lang.task.author## ##task.author##\n ##lang.task.description## ##task.description##\n ##lang.task.time## ##task.time##\n ##lang.task.category## ##task.category##\n\n##ENDFOREACHtasks##\n','&lt;p&gt;##IFchange.storestatus=5##&lt;/p&gt;\n&lt;div&gt;##lang.change.url## : &lt;a href=\"##change.urlapprove##\"&gt;##change.urlapprove##&lt;/a&gt;&lt;/div&gt;\n&lt;div&gt;&lt;span style=\"color: #888888;\"&gt;&lt;strong&gt;&lt;span style=\"text-decoration: underline;\"&gt;##lang.change.solvedate##&lt;/span&gt;&lt;/strong&gt;&lt;/span&gt; : ##change.solvedate##&lt;br /&gt;&lt;span style=\"text-decoration: underline; color: #888888;\"&gt;&lt;strong&gt;##lang.change.solution.type##&lt;/strong&gt;&lt;/span&gt; : ##change.solution.type##&lt;br /&gt;&lt;span style=\"text-decoration: underline; color: #888888;\"&gt;&lt;strong&gt;##lang.change.solution.description##&lt;/strong&gt;&lt;/span&gt; : ##change.solution.description## ##ENDIFchange.storestatus##&lt;/div&gt;\n&lt;div&gt;##ELSEchange.storestatus## ##lang.change.url## : &lt;a href=\"##change.url##\"&gt;##change.url##&lt;/a&gt; ##ENDELSEchange.storestatus##&lt;/div&gt;\n&lt;p class=\"description b\"&gt;&lt;strong&gt;##lang.change.description##&lt;/strong&gt;&lt;/p&gt;\n&lt;p&gt;&lt;span style=\"color: #8b8c8f; font-weight: bold; text-decoration: underline;\"&gt; ##lang.change.title##&lt;/span&gt;&#160;:##change.title## &lt;br /&gt; &lt;span style=\"color: #8b8c8f; font-weight: bold; text-decoration: underline;\"&gt; ##lang.change.authors##&lt;/span&gt;&#160;:##IFchange.authors## ##change.authors## ##ENDIFchange.authors##    ##ELSEchange.authors##--##ENDELSEchange.authors## &lt;br /&gt; &lt;span style=\"color: #8b8c8f; font-weight: bold; text-decoration: underline;\"&gt; ##lang.change.creationdate##&lt;/span&gt;&#160;:##change.creationdate## &lt;br /&gt; ##IFchange.assigntousers## &lt;span style=\"color: #8b8c8f; font-weight: bold; text-decoration: underline;\"&gt; ##lang.change.assigntousers##&lt;/span&gt;&#160;: ##change.assigntousers## ##ENDIFchange.assigntousers##&lt;br /&gt; &lt;span style=\"color: #8b8c8f; font-weight: bold; text-decoration: underline;\"&gt;##lang.change.status## &lt;/span&gt;&#160;: ##change.status##&lt;br /&gt; ##IFchange.assigntogroups## &lt;span style=\"color: #8b8c8f; font-weight: bold; text-decoration: underline;\"&gt; ##lang.change.assigntogroups##&lt;/span&gt;&#160;: ##change.assigntogroups## ##ENDIFchange.assigntogroups##&lt;br /&gt; &lt;span style=\"color: #8b8c8f; font-weight: bold; text-decoration: underline;\"&gt; ##lang.change.urgency##&lt;/span&gt;&#160;: ##change.urgency##&lt;br /&gt; &lt;span style=\"color: #8b8c8f; font-weight: bold; text-decoration: underline;\"&gt; ##lang.change.impact##&lt;/span&gt;&#160;: ##change.impact##&lt;br /&gt; &lt;span style=\"color: #8b8c8f; font-weight: bold; text-decoration: underline;\"&gt; ##lang.change.priority##&lt;/span&gt; : ##change.priority## &lt;br /&gt;##IFchange.category##&lt;span style=\"color: #8b8c8f; font-weight: bold; text-decoration: underline;\"&gt;##lang.change.category## &lt;/span&gt;&#160;:##change.category##  ##ENDIFchange.category## ##ELSEchange.category##  ##lang.change.nocategoryassigned## ##ENDELSEchange.category##    &lt;br /&gt; &lt;span style=\"color: #8b8c8f; font-weight: bold; text-decoration: underline;\"&gt; ##lang.change.content##&lt;/span&gt;&#160;: ##change.content##&lt;/p&gt;\n&lt;p&gt;##IFchange.storestatus=6##&lt;br /&gt;&lt;span style=\"text-decoration: underline;\"&gt;&lt;strong&gt;&lt;span style=\"color: #888888;\"&gt;##lang.change.solvedate##&lt;/span&gt;&lt;/strong&gt;&lt;/span&gt; : ##change.solvedate##&lt;br /&gt;&lt;span style=\"color: #888888;\"&gt;&lt;strong&gt;&lt;span style=\"text-decoration: underline;\"&gt;##lang.change.solution.type##&lt;/span&gt;&lt;/strong&gt;&lt;/span&gt; : ##change.solution.type##&lt;br /&gt;&lt;span style=\"text-decoration: underline; color: #888888;\"&gt;&lt;strong&gt;##lang.change.solution.description##&lt;/strong&gt;&lt;/span&gt; : ##change.solution.description##&lt;br /&gt;##ENDIFchange.storestatus##&lt;/p&gt;\n&lt;div class=\"description b\"&gt;##lang.change.numberoffollowups##&#160;: ##change.numberoffollowups##&lt;/div&gt;\n&lt;p&gt;##FOREACHfollowups##&lt;/p&gt;\n&lt;div class=\"description b\"&gt;&lt;br /&gt; &lt;strong&gt; [##followup.date##] &lt;em&gt;##lang.followup.isprivate## : ##followup.isprivate## &lt;/em&gt;&lt;/strong&gt;&lt;br /&gt; &lt;span style=\"color: #8b8c8f; font-weight: bold; text-decoration: underline;\"&gt; ##lang.followup.author## &lt;/span&gt; ##followup.author##&lt;br /&gt; &lt;span style=\"color: #8b8c8f; font-weight: bold; text-decoration: underline;\"&gt; ##lang.followup.description## &lt;/span&gt; ##followup.description##&lt;br /&gt; &lt;span style=\"color: #8b8c8f; font-weight: bold; text-decoration: underline;\"&gt; ##lang.followup.date## &lt;/span&gt; ##followup.date##&lt;br /&gt; &lt;span style=\"color: #8b8c8f; font-weight: bold; text-decoration: underline;\"&gt; ##lang.followup.requesttype## &lt;/span&gt; ##followup.requesttype##&lt;/div&gt;\n&lt;p&gt;##ENDFOREACHfollowups##&lt;/p&gt;\n&lt;div class=\"description b\"&gt;##lang.change.numberofproblems##&#160;: ##change.numberofproblems##&lt;/div&gt;\n&lt;p&gt;##FOREACHproblems##&lt;/p&gt;\n&lt;div&gt;&lt;strong&gt; [##problem.date##] &lt;em&gt;##lang.change.title## : &lt;a href=\"##problem.url##\"&gt;##problem.title## &lt;/a&gt;&lt;/em&gt;&lt;/strong&gt;&lt;br /&gt; &lt;span style=\"color: #8b8c8f; font-weight: bold; text-decoration: underline;\"&gt; &lt;/span&gt;&lt;span style=\"color: #8b8c8f; font-weight: bold; text-decoration: underline;\"&gt;##lang.change.content## &lt;/span&gt; ##problem.content##\n&lt;p&gt;##ENDFOREACHproblems##&lt;/p&gt;\n&lt;div class=\"description b\"&gt;##lang.change.numberoftasks##&#160;: ##change.numberoftasks##&lt;/div&gt;\n&lt;p&gt;##FOREACHtasks##&lt;/p&gt;\n&lt;div class=\"description b\"&gt;&lt;strong&gt;[##task.date##] &lt;/strong&gt;&lt;br /&gt; &lt;span style=\"color: #8b8c8f; font-weight: bold; text-decoration: underline;\"&gt; ##lang.task.author##&lt;/span&gt; ##task.author##&lt;br /&gt; &lt;span style=\"color: #8b8c8f; font-weight: bold; text-decoration: underline;\"&gt; ##lang.task.description##&lt;/span&gt; ##task.description##&lt;br /&gt; &lt;span style=\"color: #8b8c8f; font-weight: bold; text-decoration: underline;\"&gt; ##lang.task.time##&lt;/span&gt; ##task.time##&lt;br /&gt; &lt;span style=\"color: #8b8c8f; font-weight: bold; text-decoration: underline;\"&gt; ##lang.task.category##&lt;/span&gt; ##task.category##&lt;/div&gt;\n&lt;p&gt;##ENDFOREACHtasks##&lt;/p&gt;\n&lt;/div&gt;'),
(20,20,'','##mailcollector.action##','##FOREACHmailcollectors##\n##lang.mailcollector.name## : ##mailcollector.name##\n##lang.mailcollector.errors## : ##mailcollector.errors##\n##mailcollector.url##\n##ENDFOREACHmailcollectors##','&lt;p&gt;##FOREACHmailcollectors##&lt;br /&gt;##lang.mailcollector.name## : ##mailcollector.name##&lt;br /&gt; ##lang.mailcollector.errors## : ##mailcollector.errors##&lt;br /&gt;&lt;a href=\"##mailcollector.url##\"&gt;##mailcollector.url##&lt;/a&gt;&lt;br /&gt; ##ENDFOREACHmailcollectors##&lt;/p&gt;\n&lt;p&gt;&lt;/p&gt;'),
(21,21,'','##project.action## ##project.name## ##project.code##','##lang.project.url## : ##project.url##\n\n##lang.project.description##\n\n##lang.project.name## : ##project.name##\n##lang.project.code## : ##project.code##\n##lang.project.manager## : ##project.manager##\n##lang.project.managergroup## : ##project.managergroup##\n##lang.project.creationdate## : ##project.creationdate##\n##lang.project.priority## : ##project.priority##\n##lang.project.state## : ##project.state##\n##lang.project.type## : ##project.type##\n##lang.project.description## : ##project.description##\n\n##lang.project.numberoftasks## : ##project.numberoftasks##\n\n\n\n##FOREACHtasks##\n\n[##task.creationdate##]\n##lang.task.name## : ##task.name##\n##lang.task.state## : ##task.state##\n##lang.task.type## : ##task.type##\n##lang.task.percent## : ##task.percent##\n##lang.task.description## : ##task.description##\n\n##ENDFOREACHtasks##','&lt;p&gt;##lang.project.url## : &lt;a href=\"##project.url##\"&gt;##project.url##&lt;/a&gt;&lt;/p&gt;\n&lt;p&gt;&lt;strong&gt;##lang.project.description##&lt;/strong&gt;&lt;/p&gt;\n&lt;p&gt;##lang.project.name## : ##project.name##&lt;br /&gt;##lang.project.code## : ##project.code##&lt;br /&gt; ##lang.project.manager## : ##project.manager##&lt;br /&gt;##lang.project.managergroup## : ##project.managergroup##&lt;br /&gt; ##lang.project.creationdate## : ##project.creationdate##&lt;br /&gt;##lang.project.priority## : ##project.priority## &lt;br /&gt;##lang.project.state## : ##project.state##&lt;br /&gt;##lang.project.type## : ##project.type##&lt;br /&gt;##lang.project.description## : ##project.description##&lt;/p&gt;\n&lt;p&gt;##lang.project.numberoftasks## : ##project.numberoftasks##&lt;/p&gt;\n&lt;div&gt;\n&lt;p&gt;##FOREACHtasks##&lt;/p&gt;\n&lt;div&gt;&lt;strong&gt;[##task.creationdate##] &lt;/strong&gt;&lt;br /&gt; ##lang.task.name## : ##task.name##&lt;br /&gt;##lang.task.state## : ##task.state##&lt;br /&gt;##lang.task.type## : ##task.type##&lt;br /&gt;##lang.task.percent## : ##task.percent##&lt;br /&gt;##lang.task.description## : ##task.description##&lt;/div&gt;\n&lt;p&gt;##ENDFOREACHtasks##&lt;/p&gt;\n&lt;/div&gt;'),
(22,22,'','##projecttask.action## ##projecttask.name##','##lang.projecttask.url## : ##projecttask.url##\n\n##lang.projecttask.description##\n\n##lang.projecttask.name## : ##projecttask.name##\n##lang.projecttask.project## : ##projecttask.project##\n##lang.projecttask.creationdate## : ##projecttask.creationdate##\n##lang.projecttask.state## : ##projecttask.state##\n##lang.projecttask.type## : ##projecttask.type##\n##lang.projecttask.description## : ##projecttask.description##\n\n##lang.projecttask.numberoftasks## : ##projecttask.numberoftasks##\n\n\n\n##FOREACHtasks##\n\n[##task.creationdate##]\n##lang.task.name## : ##task.name##\n##lang.task.state## : ##task.state##\n##lang.task.type## : ##task.type##\n##lang.task.percent## : ##task.percent##\n##lang.task.description## : ##task.description##\n\n##ENDFOREACHtasks##','&lt;p&gt;##lang.projecttask.url## : &lt;a href=\"##projecttask.url##\"&gt;##projecttask.url##&lt;/a&gt;&lt;/p&gt;\n&lt;p&gt;&lt;strong&gt;##lang.projecttask.description##&lt;/strong&gt;&lt;/p&gt;\n&lt;p&gt;##lang.projecttask.name## : ##projecttask.name##&lt;br /&gt;##lang.projecttask.project## : &lt;a href=\"##projecttask.projecturl##\"&gt;##projecttask.project##&lt;/a&gt;&lt;br /&gt;##lang.projecttask.creationdate## : ##projecttask.creationdate##&lt;br /&gt;##lang.projecttask.state## : ##projecttask.state##&lt;br /&gt;##lang.projecttask.type## : ##projecttask.type##&lt;br /&gt;##lang.projecttask.description## : ##projecttask.description##&lt;/p&gt;\n&lt;p&gt;##lang.projecttask.numberoftasks## : ##projecttask.numberoftasks##&lt;/p&gt;\n&lt;div&gt;\n&lt;p&gt;##FOREACHtasks##&lt;/p&gt;\n&lt;div&gt;&lt;strong&gt;[##task.creationdate##] &lt;/strong&gt;&lt;br /&gt;##lang.task.name## : ##task.name##&lt;br /&gt;##lang.task.state## : ##task.state##&lt;br /&gt;##lang.task.type## : ##task.type##&lt;br /&gt;##lang.task.percent## : ##task.percent##&lt;br /&gt;##lang.task.description## : ##task.description##&lt;/div&gt;\n&lt;p&gt;##ENDFOREACHtasks##&lt;/p&gt;\n&lt;/div&gt;'),
(23,23,'','##objectlock.action##','##objectlock.type## ###objectlock.id## - ##objectlock.name##\n\n      ##lang.objectlock.url##\n      ##objectlock.url##\n\n      ##lang.objectlock.date_mod##\n      ##objectlock.date_mod##\n\n      Hello ##objectlock.lockedby.firstname##,\n      Could go to this item and unlock it for me?\n      Thank you,\n      Regards,\n      ##objectlock.requester.firstname##','&lt;table&gt;\n      &lt;tbody&gt;\n      &lt;tr&gt;&lt;th colspan=\"2\"&gt;&lt;a href=\"##objectlock.url##\"&gt;##objectlock.type## ###objectlock.id## - ##objectlock.name##&lt;/a&gt;&lt;/th&gt;&lt;/tr&gt;\n      &lt;tr&gt;\n      &lt;td&gt;##lang.objectlock.url##&lt;/td&gt;\n      &lt;td&gt;##objectlock.url##&lt;/td&gt;\n      &lt;/tr&gt;\n      &lt;tr&gt;\n      &lt;td&gt;##lang.objectlock.date_mod##&lt;/td&gt;\n      &lt;td&gt;##objectlock.date_mod##&lt;/td&gt;\n      &lt;/tr&gt;\n      &lt;/tbody&gt;\n      &lt;/table&gt;\n      &lt;p&gt;&lt;span style=\"font-size: small;\"&gt;Hello ##objectlock.lockedby.firstname##,&lt;br /&gt;Could go to this item and unlock it for me?&lt;br /&gt;Thank you,&lt;br /&gt;Regards,&lt;br /&gt;##objectlock.requester.firstname## ##objectlock.requester.lastname##&lt;/span&gt;&lt;/p&gt;'),
(24,24,'','##savedsearch.action## ##savedsearch.name##','##savedsearch.type## ###savedsearch.id## - ##savedsearch.name##\n\n      ##savedsearch.message##\n\n      ##lang.savedsearch.url##\n      ##savedsearch.url##\n\n      Regards,','&lt;table&gt;\n      &lt;tbody&gt;\n      &lt;tr&gt;&lt;th colspan=\"2\"&gt;&lt;a href=\"##savedsearch.url##\"&gt;##savedsearch.type## ###savedsearch.id## - ##savedsearch.name##&lt;/a&gt;&lt;/th&gt;&lt;/tr&gt;\n      &lt;tr&gt;&lt;td colspan=\"2\"&gt;&lt;a href=\"##savedsearch.url##\"&gt;##savedsearch.message##&lt;/a&gt;&lt;/td&gt;&lt;/tr&gt;\n      &lt;tr&gt;\n      &lt;td&gt;##lang.savedsearch.url##&lt;/td&gt;\n      &lt;td&gt;##savedsearch.url##&lt;/td&gt;\n      &lt;/tr&gt;\n      &lt;/tbody&gt;\n      &lt;/table&gt;\n      &lt;p&gt;&lt;span style=\"font-size: small;\"&gt;Hello &lt;br /&gt;Regards,&lt;/span&gt;&lt;/p&gt;'),
(25,25,'','##certificate.action##  ##certificate.name##','##lang.certificate.entity## : ##certificate.entity##\n\n##lang.certificate.serial## : ##certificate.serial##\n\n##lang.certificate.expirationdate## : ##certificate.expirationdate##\n\n##certificate.url##','&lt;p&gt;\n##lang.certificate.entity## : ##certificate.entity##&lt;br /&gt;\n&lt;br /&gt;##lang.certificate.name## : ##certificate.name##&lt;br /&gt;\n##lang.certificate.serial## : ##certificate.serial##&lt;br /&gt;\n##lang.certificate.expirationdate## : ##certificate.expirationdate##\n&lt;br /&gt; &lt;a href=\"##certificate.url##\"&gt; ##certificate.url##\n&lt;/a&gt;&lt;br /&gt;\n&lt;/p&gt;'),
(26,26,'','##domain.action## : ##domain.name##','##lang.domain.entity## :##domain.entity##\n   ##lang.domain.name## : ##domain.name## - ##lang.domain.dateexpiration## : ##domain.dateexpiration##','&lt;p&gt;##lang.domain.entity## :##domain.entity##&lt;br /&gt; &lt;br /&gt;\n                        ##lang.domain.name##  : ##domain.name## - ##lang.domain.dateexpiration## :  ##domain.dateexpiration##&lt;br /&gt;\n                        &lt;/p&gt;'),
(27,27,'','##user.action##','##user.realname## ##user.firstname##,\n\n##IFuser.password.has_expired=1##\n##lang.password.has_expired.information##\n##ENDIFuser.password.has_expired##\n##ELSEuser.password.has_expired##\n##lang.password.expires_soon.information##\n##ENDELSEuser.password.has_expired##\n##lang.user.password.expiration.date##: ##user.password.expiration.date##\n##IFuser.account.lock.date##\n##lang.user.account.lock.date##: ##user.account.lock.date##\n##ENDIFuser.account.lock.date##\n\n##password.update.link## ##user.password.update.url##','&lt;p&gt;&lt;strong&gt;##user.realname## ##user.firstname##&lt;/strong&gt;&lt;/p&gt;\n\n##IFuser.password.has_expired=1##\n&lt;p&gt;##lang.password.has_expired.information##&lt;/p&gt;\n##ENDIFuser.password.has_expired##\n##ELSEuser.password.has_expired##\n&lt;p&gt;##lang.password.expires_soon.information##&lt;/p&gt;\n##ENDELSEuser.password.has_expired##\n&lt;p&gt;##lang.user.password.expiration.date##: ##user.password.expiration.date##&lt;/p&gt;\n##IFuser.account.lock.date##\n&lt;p&gt;##lang.user.account.lock.date##: ##user.account.lock.date##&lt;/p&gt;\n##ENDIFuser.account.lock.date##\n\n&lt;p&gt;##lang.password.update.link## &lt;a href=\"##user.password.update.url##\"&gt;##user.password.update.url##&lt;/a&gt;&lt;/p&gt;'),
(28,28,'','##lang.plugins_updates_available##','##lang.plugins_updates_available##\n\n##FOREACHplugins##\n##plugin.name## :##plugin.old_version## -&gt; ##plugin.version##\n##ENDFOREACHplugins##\n\n##lang.marketplace.url## : ##marketplace.url##','&lt;p&gt;##lang.plugins_updates_available##&lt;/p&gt;\n&lt;ul&gt;##FOREACHplugins##\n&lt;li&gt;##plugin.name## :##plugin.old_version## -&gt; ##plugin.version##&lt;/li&gt;\n##ENDFOREACHplugins##&lt;/ul&gt;\n&lt;p&gt;##lang.marketplace.url## : &lt;a title=\"##lang.marketplace.url##\" href=\"##marketplace.url##\" target=\"_blank\" rel=\"noopener\"&gt;##marketplace.url##&lt;/a&gt;&lt;/p&gt;'),
(29,29,'','Sua requisição foi salva','Olá,\\nSua requisição do GLPI foi salva com sucesso com o número ##formcreator.request_id## e transmitido para a equipe de helpdesk.\\nVocê pode ver suas respostas no seguinte link:\\n##formcreator.validation_link##','<p>Olá,<br />Sua requisição do GLPI foi salva com sucesso com o número ##formcreator.request_id## e transmitido para a equipe de helpdesk.<br />Você pode ver suas respostas no seguinte link:<br />##formcreator.validation_link##</p>'),
(30,30,'','Um formulário vindo do GLPI necessita ser validado','Olá,\\nUm formulário do GLPI precisa ser validado e você foi escolhido como validador.\\nVocê pode acessá-lo clicando neste link:\\n##formcreator.validation_link##','<p>Olá,<br />Um formulário do GLPI precisa ser validado e você foi escolhido como validador.<br />Você pode acessá-lo clicando neste link:<br />##formcreator.validation_link##</p>'),
(31,31,'','Seu formulário foi recusado pelo validador','Olá,\\nLamentamos informar que o seu formulário foi recusado pelo validador pelo motivo abaixo:\\n##formcreator.validation_comment##\\n\\nVocê pode modificá-lo e re-submetê-lo clicando neste link:\\n##formcreator.validation_link##','<p>Olá,<br />Lamentamos informar que o seu formulário foi recusado pelo validador pelo motivo abaixo:<br />##formcreator.validation_comment##<br /><br />Você pode modificá-lo e re-submetê-lo clicando neste link:<br />##formcreator.validation_link##</p>'),
(32,32,'','Seu formulário foi aceito pelo validador','Olá,\\nTemos a satisfação de informá-lo que o seu formulário foi aceito pelo validador.\\nSua solicitação será considerada em breve.','<p>Olá,<br />Temos a satisfação de informá-lo que o seu formulário foi aceito pelo validador.<br />Sua solicitação será considerada em breve.</p>'),
(33,33,'','Seu formulário foi deletado por um administrador','Olá,\\nNós lamentamos informar que a sua solicitação não pode ser considerada e foi deletada por um administrador.','<p>Olá,<br />Nós lamentamos informar que a sua solicitação não pode ser considerada e foi deletada por um administrador.</p>');

--
-- Table structure for table `glpi_notimportedemails`
--

CREATE TABLE `glpi_notimportedemails` (
  `id` int(10) unsigned NOT NULL AUTO_INCREMENT,
  `from` varchar(255) NOT NULL,
  `to` varchar(255) NOT NULL,
  `mailcollectors_id` int(10) unsigned NOT NULL DEFAULT 0,
  `date` timestamp NOT NULL DEFAULT current_timestamp(),
  `subject` text DEFAULT NULL,
  `messageid` varchar(255) NOT NULL,
  `reason` int(11) NOT NULL DEFAULT 0,
  `users_id` int(10) unsigned NOT NULL DEFAULT 0,
  PRIMARY KEY (`id`),
  KEY `users_id` (`users_id`),
  KEY `mailcollectors_id` (`mailcollectors_id`)
) ENGINE=InnoDB DEFAULT CHARSET=utf8mb4 COLLATE=utf8mb4_unicode_ci ROW_FORMAT=DYNAMIC;

--
-- Dumping data for table `glpi_notimportedemails`
--


--
-- Table structure for table `glpi_objectlocks`
--

CREATE TABLE `glpi_objectlocks` (
  `id` int(10) unsigned NOT NULL AUTO_INCREMENT,
  `itemtype` varchar(100) NOT NULL COMMENT 'Type of locked object',
  `items_id` int(10) unsigned NOT NULL COMMENT 'RELATION to various tables, according to itemtype (ID)',
  `users_id` int(10) unsigned NOT NULL COMMENT 'id of the locker',
  `date` timestamp NOT NULL DEFAULT current_timestamp(),
  PRIMARY KEY (`id`),
  UNIQUE KEY `item` (`itemtype`,`items_id`),
  KEY `users_id` (`users_id`),
  KEY `date` (`date`)
) ENGINE=InnoDB DEFAULT CHARSET=utf8mb4 COLLATE=utf8mb4_unicode_ci ROW_FORMAT=DYNAMIC;

--
-- Dumping data for table `glpi_objectlocks`
--


--
-- Table structure for table `glpi_olalevelactions`
--

CREATE TABLE `glpi_olalevelactions` (
  `id` int(10) unsigned NOT NULL AUTO_INCREMENT,
  `olalevels_id` int(10) unsigned NOT NULL DEFAULT 0,
  `action_type` varchar(255) DEFAULT NULL,
  `field` varchar(255) DEFAULT NULL,
  `value` varchar(255) DEFAULT NULL,
  PRIMARY KEY (`id`),
  KEY `olalevels_id` (`olalevels_id`)
) ENGINE=InnoDB DEFAULT CHARSET=utf8mb4 COLLATE=utf8mb4_unicode_ci ROW_FORMAT=DYNAMIC;

--
-- Dumping data for table `glpi_olalevelactions`
--


--
-- Table structure for table `glpi_olalevelcriterias`
--

CREATE TABLE `glpi_olalevelcriterias` (
  `id` int(10) unsigned NOT NULL AUTO_INCREMENT,
  `olalevels_id` int(10) unsigned NOT NULL DEFAULT 0,
  `criteria` varchar(255) DEFAULT NULL,
  `condition` int(11) NOT NULL DEFAULT 0 COMMENT 'see define.php PATTERN_* and REGEX_* constant',
  `pattern` varchar(255) DEFAULT NULL,
  PRIMARY KEY (`id`),
  KEY `olalevels_id` (`olalevels_id`),
  KEY `condition` (`condition`)
) ENGINE=InnoDB DEFAULT CHARSET=utf8mb4 COLLATE=utf8mb4_unicode_ci ROW_FORMAT=DYNAMIC;

--
-- Dumping data for table `glpi_olalevelcriterias`
--


--
-- Table structure for table `glpi_olalevels`
--

CREATE TABLE `glpi_olalevels` (
  `id` int(10) unsigned NOT NULL AUTO_INCREMENT,
  `name` varchar(255) DEFAULT NULL,
  `olas_id` int(10) unsigned NOT NULL DEFAULT 0,
  `execution_time` int(11) NOT NULL,
  `is_active` tinyint(4) NOT NULL DEFAULT 1,
  `entities_id` int(10) unsigned NOT NULL DEFAULT 0,
  `is_recursive` tinyint(4) NOT NULL DEFAULT 0,
  `match` char(10) DEFAULT NULL COMMENT 'see define.php *_MATCHING constant',
  `uuid` varchar(255) DEFAULT NULL,
  PRIMARY KEY (`id`),
  KEY `name` (`name`),
  KEY `entities_id` (`entities_id`),
  KEY `is_recursive` (`is_recursive`),
  KEY `is_active` (`is_active`),
  KEY `olas_id` (`olas_id`)
) ENGINE=InnoDB DEFAULT CHARSET=utf8mb4 COLLATE=utf8mb4_unicode_ci ROW_FORMAT=DYNAMIC;

--
-- Dumping data for table `glpi_olalevels`
--


--
-- Table structure for table `glpi_olalevels_tickets`
--

CREATE TABLE `glpi_olalevels_tickets` (
  `id` int(10) unsigned NOT NULL AUTO_INCREMENT,
  `tickets_id` int(10) unsigned NOT NULL DEFAULT 0,
  `olalevels_id` int(10) unsigned NOT NULL DEFAULT 0,
  `date` timestamp NULL DEFAULT NULL,
  PRIMARY KEY (`id`),
  UNIQUE KEY `unicity` (`tickets_id`,`olalevels_id`),
  KEY `olalevels_id` (`olalevels_id`)
) ENGINE=InnoDB DEFAULT CHARSET=utf8mb4 COLLATE=utf8mb4_unicode_ci ROW_FORMAT=DYNAMIC;

--
-- Dumping data for table `glpi_olalevels_tickets`
--


--
-- Table structure for table `glpi_olas`
--

CREATE TABLE `glpi_olas` (
  `id` int(10) unsigned NOT NULL AUTO_INCREMENT,
  `name` varchar(255) DEFAULT NULL,
  `entities_id` int(10) unsigned NOT NULL DEFAULT 0,
  `is_recursive` tinyint(4) NOT NULL DEFAULT 0,
  `type` int(11) NOT NULL DEFAULT 0,
  `comment` text DEFAULT NULL,
  `number_time` int(11) NOT NULL,
  `use_ticket_calendar` tinyint(4) NOT NULL DEFAULT 0,
  `calendars_id` int(10) unsigned NOT NULL DEFAULT 0,
  `date_mod` timestamp NULL DEFAULT NULL,
  `definition_time` varchar(255) DEFAULT NULL,
  `end_of_working_day` tinyint(4) NOT NULL DEFAULT 0,
  `date_creation` timestamp NULL DEFAULT NULL,
  `slms_id` int(10) unsigned NOT NULL DEFAULT 0,
  PRIMARY KEY (`id`),
  KEY `name` (`name`),
  KEY `entities_id` (`entities_id`),
  KEY `is_recursive` (`is_recursive`),
  KEY `date_mod` (`date_mod`),
  KEY `date_creation` (`date_creation`),
  KEY `calendars_id` (`calendars_id`),
  KEY `slms_id` (`slms_id`)
) ENGINE=InnoDB DEFAULT CHARSET=utf8mb4 COLLATE=utf8mb4_unicode_ci ROW_FORMAT=DYNAMIC;

--
-- Dumping data for table `glpi_olas`
--


--
-- Table structure for table `glpi_operatingsystemarchitectures`
--

CREATE TABLE `glpi_operatingsystemarchitectures` (
  `id` int(10) unsigned NOT NULL AUTO_INCREMENT,
  `name` varchar(255) DEFAULT NULL,
  `comment` text DEFAULT NULL,
  `date_mod` timestamp NULL DEFAULT NULL,
  `date_creation` timestamp NULL DEFAULT NULL,
  PRIMARY KEY (`id`),
  KEY `name` (`name`),
  KEY `date_mod` (`date_mod`),
  KEY `date_creation` (`date_creation`)
) ENGINE=InnoDB DEFAULT CHARSET=utf8mb4 COLLATE=utf8mb4_unicode_ci ROW_FORMAT=DYNAMIC;

--
-- Dumping data for table `glpi_operatingsystemarchitectures`
--


--
-- Table structure for table `glpi_operatingsystemeditions`
--

CREATE TABLE `glpi_operatingsystemeditions` (
  `id` int(10) unsigned NOT NULL AUTO_INCREMENT,
  `name` varchar(255) DEFAULT NULL,
  `comment` text DEFAULT NULL,
  `date_mod` timestamp NULL DEFAULT NULL,
  `date_creation` timestamp NULL DEFAULT NULL,
  PRIMARY KEY (`id`),
  KEY `name` (`name`),
  KEY `date_creation` (`date_creation`),
  KEY `date_mod` (`date_mod`)
) ENGINE=InnoDB DEFAULT CHARSET=utf8mb4 COLLATE=utf8mb4_unicode_ci ROW_FORMAT=DYNAMIC;

--
-- Dumping data for table `glpi_operatingsystemeditions`
--


--
-- Table structure for table `glpi_operatingsystemkernels`
--

CREATE TABLE `glpi_operatingsystemkernels` (
  `id` int(10) unsigned NOT NULL AUTO_INCREMENT,
  `name` varchar(255) DEFAULT NULL,
  `comment` text DEFAULT NULL,
  `date_mod` timestamp NULL DEFAULT NULL,
  `date_creation` timestamp NULL DEFAULT NULL,
  PRIMARY KEY (`id`),
  KEY `name` (`name`),
  KEY `date_creation` (`date_creation`),
  KEY `date_mod` (`date_mod`)
) ENGINE=InnoDB DEFAULT CHARSET=utf8mb4 COLLATE=utf8mb4_unicode_ci ROW_FORMAT=DYNAMIC;

--
-- Dumping data for table `glpi_operatingsystemkernels`
--


--
-- Table structure for table `glpi_operatingsystemkernelversions`
--

CREATE TABLE `glpi_operatingsystemkernelversions` (
  `id` int(10) unsigned NOT NULL AUTO_INCREMENT,
  `operatingsystemkernels_id` int(10) unsigned NOT NULL DEFAULT 0,
  `name` varchar(255) DEFAULT NULL,
  `comment` text DEFAULT NULL,
  `date_mod` timestamp NULL DEFAULT NULL,
  `date_creation` timestamp NULL DEFAULT NULL,
  PRIMARY KEY (`id`),
  KEY `name` (`name`),
  KEY `operatingsystemkernels_id` (`operatingsystemkernels_id`),
  KEY `date_creation` (`date_creation`),
  KEY `date_mod` (`date_mod`)
) ENGINE=InnoDB DEFAULT CHARSET=utf8mb4 COLLATE=utf8mb4_unicode_ci ROW_FORMAT=DYNAMIC;

--
-- Dumping data for table `glpi_operatingsystemkernelversions`
--


--
-- Table structure for table `glpi_operatingsystems`
--

CREATE TABLE `glpi_operatingsystems` (
  `id` int(10) unsigned NOT NULL AUTO_INCREMENT,
  `name` varchar(255) DEFAULT NULL,
  `comment` text DEFAULT NULL,
  `date_mod` timestamp NULL DEFAULT NULL,
  `date_creation` timestamp NULL DEFAULT NULL,
  PRIMARY KEY (`id`),
  KEY `name` (`name`),
  KEY `date_mod` (`date_mod`),
  KEY `date_creation` (`date_creation`)
) ENGINE=InnoDB DEFAULT CHARSET=utf8mb4 COLLATE=utf8mb4_unicode_ci ROW_FORMAT=DYNAMIC;

--
-- Dumping data for table `glpi_operatingsystems`
--


--
-- Table structure for table `glpi_operatingsystemservicepacks`
--

CREATE TABLE `glpi_operatingsystemservicepacks` (
  `id` int(10) unsigned NOT NULL AUTO_INCREMENT,
  `name` varchar(255) DEFAULT NULL,
  `comment` text DEFAULT NULL,
  `date_mod` timestamp NULL DEFAULT NULL,
  `date_creation` timestamp NULL DEFAULT NULL,
  PRIMARY KEY (`id`),
  KEY `name` (`name`),
  KEY `date_mod` (`date_mod`),
  KEY `date_creation` (`date_creation`)
) ENGINE=InnoDB DEFAULT CHARSET=utf8mb4 COLLATE=utf8mb4_unicode_ci ROW_FORMAT=DYNAMIC;

--
-- Dumping data for table `glpi_operatingsystemservicepacks`
--


--
-- Table structure for table `glpi_operatingsystemversions`
--

CREATE TABLE `glpi_operatingsystemversions` (
  `id` int(10) unsigned NOT NULL AUTO_INCREMENT,
  `name` varchar(255) DEFAULT NULL,
  `comment` text DEFAULT NULL,
  `date_mod` timestamp NULL DEFAULT NULL,
  `date_creation` timestamp NULL DEFAULT NULL,
  PRIMARY KEY (`id`),
  KEY `name` (`name`),
  KEY `date_mod` (`date_mod`),
  KEY `date_creation` (`date_creation`)
) ENGINE=InnoDB DEFAULT CHARSET=utf8mb4 COLLATE=utf8mb4_unicode_ci ROW_FORMAT=DYNAMIC;

--
-- Dumping data for table `glpi_operatingsystemversions`
--


--
-- Table structure for table `glpi_passivedcequipmentmodels`
--

CREATE TABLE `glpi_passivedcequipmentmodels` (
  `id` int(10) unsigned NOT NULL AUTO_INCREMENT,
  `name` varchar(255) DEFAULT NULL,
  `comment` text DEFAULT NULL,
  `product_number` varchar(255) DEFAULT NULL,
  `weight` int(11) NOT NULL DEFAULT 0,
  `required_units` int(11) NOT NULL DEFAULT 1,
  `depth` float NOT NULL DEFAULT 1,
  `power_connections` int(11) NOT NULL DEFAULT 0,
  `power_consumption` int(11) NOT NULL DEFAULT 0,
  `is_half_rack` tinyint(4) NOT NULL DEFAULT 0,
  `picture_front` text DEFAULT NULL,
  `picture_rear` text DEFAULT NULL,
  `pictures` text DEFAULT NULL,
  `date_mod` timestamp NULL DEFAULT NULL,
  `date_creation` timestamp NULL DEFAULT NULL,
  PRIMARY KEY (`id`),
  KEY `name` (`name`),
  KEY `date_mod` (`date_mod`),
  KEY `date_creation` (`date_creation`),
  KEY `product_number` (`product_number`)
) ENGINE=InnoDB DEFAULT CHARSET=utf8mb4 COLLATE=utf8mb4_unicode_ci ROW_FORMAT=DYNAMIC;

--
-- Dumping data for table `glpi_passivedcequipmentmodels`
--


--
-- Table structure for table `glpi_passivedcequipments`
--

CREATE TABLE `glpi_passivedcequipments` (
  `id` int(10) unsigned NOT NULL AUTO_INCREMENT,
  `name` varchar(255) DEFAULT NULL,
  `entities_id` int(10) unsigned NOT NULL DEFAULT 0,
  `is_recursive` tinyint(4) NOT NULL DEFAULT 0,
  `locations_id` int(10) unsigned NOT NULL DEFAULT 0,
  `serial` varchar(255) DEFAULT NULL,
  `otherserial` varchar(255) DEFAULT NULL,
  `passivedcequipmentmodels_id` int(10) unsigned DEFAULT NULL,
  `passivedcequipmenttypes_id` int(10) unsigned NOT NULL DEFAULT 0,
  `users_id_tech` int(10) unsigned NOT NULL DEFAULT 0,
  `groups_id_tech` int(10) unsigned NOT NULL DEFAULT 0,
  `is_template` tinyint(4) NOT NULL DEFAULT 0,
  `template_name` varchar(255) DEFAULT NULL,
  `is_deleted` tinyint(4) NOT NULL DEFAULT 0,
  `states_id` int(10) unsigned NOT NULL DEFAULT 0 COMMENT 'RELATION to states (id)',
  `comment` text DEFAULT NULL,
  `manufacturers_id` int(10) unsigned NOT NULL DEFAULT 0,
  `date_mod` timestamp NULL DEFAULT NULL,
  `date_creation` timestamp NULL DEFAULT NULL,
  PRIMARY KEY (`id`),
  KEY `name` (`name`),
  KEY `entities_id` (`entities_id`),
  KEY `is_recursive` (`is_recursive`),
  KEY `locations_id` (`locations_id`),
  KEY `passivedcequipmentmodels_id` (`passivedcequipmentmodels_id`),
  KEY `passivedcequipmenttypes_id` (`passivedcequipmenttypes_id`),
  KEY `users_id_tech` (`users_id_tech`),
  KEY `group_id_tech` (`groups_id_tech`),
  KEY `is_template` (`is_template`),
  KEY `is_deleted` (`is_deleted`),
  KEY `states_id` (`states_id`),
  KEY `manufacturers_id` (`manufacturers_id`),
  KEY `date_creation` (`date_creation`),
  KEY `date_mod` (`date_mod`)
) ENGINE=InnoDB DEFAULT CHARSET=utf8mb4 COLLATE=utf8mb4_unicode_ci ROW_FORMAT=DYNAMIC;

--
-- Dumping data for table `glpi_passivedcequipments`
--


--
-- Table structure for table `glpi_passivedcequipmenttypes`
--

CREATE TABLE `glpi_passivedcequipmenttypes` (
  `id` int(10) unsigned NOT NULL AUTO_INCREMENT,
  `name` varchar(255) DEFAULT NULL,
  `comment` text DEFAULT NULL,
  `date_mod` timestamp NULL DEFAULT NULL,
  `date_creation` timestamp NULL DEFAULT NULL,
  PRIMARY KEY (`id`),
  KEY `name` (`name`),
  KEY `date_mod` (`date_mod`),
  KEY `date_creation` (`date_creation`)
) ENGINE=InnoDB DEFAULT CHARSET=utf8mb4 COLLATE=utf8mb4_unicode_ci ROW_FORMAT=DYNAMIC;

--
-- Dumping data for table `glpi_passivedcequipmenttypes`
--


--
-- Table structure for table `glpi_pcivendors`
--

CREATE TABLE `glpi_pcivendors` (
  `id` int(10) unsigned NOT NULL AUTO_INCREMENT,
  `entities_id` int(10) unsigned NOT NULL DEFAULT 0,
  `is_recursive` tinyint(4) NOT NULL DEFAULT 0,
  `vendorid` varchar(4) NOT NULL,
  `deviceid` varchar(4) DEFAULT NULL,
  `name` varchar(255) DEFAULT NULL,
  `comment` text DEFAULT NULL,
  `date_creation` timestamp NULL DEFAULT NULL,
  `date_mod` timestamp NULL DEFAULT NULL,
  PRIMARY KEY (`id`),
  UNIQUE KEY `unicity` (`vendorid`,`deviceid`),
  KEY `deviceid` (`deviceid`),
  KEY `name` (`name`),
  KEY `entities_id` (`entities_id`),
  KEY `is_recursive` (`is_recursive`),
  KEY `date_mod` (`date_mod`),
  KEY `date_creation` (`date_creation`)
) ENGINE=InnoDB DEFAULT CHARSET=utf8mb4 COLLATE=utf8mb4_unicode_ci ROW_FORMAT=DYNAMIC;

--
-- Dumping data for table `glpi_pcivendors`
--


--
-- Table structure for table `glpi_pdumodels`
--

CREATE TABLE `glpi_pdumodels` (
  `id` int(10) unsigned NOT NULL AUTO_INCREMENT,
  `name` varchar(255) DEFAULT NULL,
  `comment` text DEFAULT NULL,
  `product_number` varchar(255) DEFAULT NULL,
  `weight` int(11) NOT NULL DEFAULT 0,
  `required_units` int(11) NOT NULL DEFAULT 1,
  `depth` float NOT NULL DEFAULT 1,
  `power_connections` int(11) NOT NULL DEFAULT 0,
  `max_power` int(11) NOT NULL DEFAULT 0,
  `is_half_rack` tinyint(4) NOT NULL DEFAULT 0,
  `picture_front` text DEFAULT NULL,
  `picture_rear` text DEFAULT NULL,
  `pictures` text DEFAULT NULL,
  `is_rackable` tinyint(4) NOT NULL DEFAULT 0,
  `date_mod` timestamp NULL DEFAULT NULL,
  `date_creation` timestamp NULL DEFAULT NULL,
  PRIMARY KEY (`id`),
  KEY `name` (`name`),
  KEY `is_rackable` (`is_rackable`),
  KEY `product_number` (`product_number`),
  KEY `date_creation` (`date_creation`),
  KEY `date_mod` (`date_mod`)
) ENGINE=InnoDB DEFAULT CHARSET=utf8mb4 COLLATE=utf8mb4_unicode_ci ROW_FORMAT=DYNAMIC;

--
-- Dumping data for table `glpi_pdumodels`
--


--
-- Table structure for table `glpi_pdus`
--

CREATE TABLE `glpi_pdus` (
  `id` int(10) unsigned NOT NULL AUTO_INCREMENT,
  `name` varchar(255) DEFAULT NULL,
  `entities_id` int(10) unsigned NOT NULL DEFAULT 0,
  `is_recursive` tinyint(4) NOT NULL DEFAULT 0,
  `locations_id` int(10) unsigned NOT NULL DEFAULT 0,
  `serial` varchar(255) DEFAULT NULL,
  `otherserial` varchar(255) DEFAULT NULL,
  `pdumodels_id` int(10) unsigned DEFAULT NULL,
  `users_id_tech` int(10) unsigned NOT NULL DEFAULT 0,
  `groups_id_tech` int(10) unsigned NOT NULL DEFAULT 0,
  `is_template` tinyint(4) NOT NULL DEFAULT 0,
  `template_name` varchar(255) DEFAULT NULL,
  `is_deleted` tinyint(4) NOT NULL DEFAULT 0,
  `states_id` int(10) unsigned NOT NULL DEFAULT 0 COMMENT 'RELATION to states (id)',
  `comment` text DEFAULT NULL,
  `manufacturers_id` int(10) unsigned NOT NULL DEFAULT 0,
  `pdutypes_id` int(10) unsigned NOT NULL DEFAULT 0,
  `date_mod` timestamp NULL DEFAULT NULL,
  `date_creation` timestamp NULL DEFAULT NULL,
  PRIMARY KEY (`id`),
  KEY `name` (`name`),
  KEY `entities_id` (`entities_id`),
  KEY `is_recursive` (`is_recursive`),
  KEY `locations_id` (`locations_id`),
  KEY `pdumodels_id` (`pdumodels_id`),
  KEY `users_id_tech` (`users_id_tech`),
  KEY `group_id_tech` (`groups_id_tech`),
  KEY `is_template` (`is_template`),
  KEY `is_deleted` (`is_deleted`),
  KEY `states_id` (`states_id`),
  KEY `manufacturers_id` (`manufacturers_id`),
  KEY `pdutypes_id` (`pdutypes_id`),
  KEY `date_creation` (`date_creation`),
  KEY `date_mod` (`date_mod`)
) ENGINE=InnoDB DEFAULT CHARSET=utf8mb4 COLLATE=utf8mb4_unicode_ci ROW_FORMAT=DYNAMIC;

--
-- Dumping data for table `glpi_pdus`
--


--
-- Table structure for table `glpi_pdus_plugs`
--

CREATE TABLE `glpi_pdus_plugs` (
  `id` int(10) unsigned NOT NULL AUTO_INCREMENT,
  `plugs_id` int(10) unsigned NOT NULL DEFAULT 0,
  `pdus_id` int(10) unsigned NOT NULL DEFAULT 0,
  `number_plugs` int(11) DEFAULT 0,
  `date_mod` timestamp NULL DEFAULT NULL,
  `date_creation` timestamp NULL DEFAULT NULL,
  PRIMARY KEY (`id`),
  KEY `plugs_id` (`plugs_id`),
  KEY `pdus_id` (`pdus_id`),
  KEY `date_creation` (`date_creation`),
  KEY `date_mod` (`date_mod`)
) ENGINE=InnoDB DEFAULT CHARSET=utf8mb4 COLLATE=utf8mb4_unicode_ci ROW_FORMAT=DYNAMIC;

--
-- Dumping data for table `glpi_pdus_plugs`
--


--
-- Table structure for table `glpi_pdus_racks`
--

CREATE TABLE `glpi_pdus_racks` (
  `id` int(10) unsigned NOT NULL AUTO_INCREMENT,
  `racks_id` int(10) unsigned NOT NULL DEFAULT 0,
  `pdus_id` int(10) unsigned NOT NULL DEFAULT 0,
  `side` int(11) DEFAULT 0,
  `position` int(11) NOT NULL,
  `bgcolor` varchar(7) DEFAULT NULL,
  `date_mod` timestamp NULL DEFAULT NULL,
  `date_creation` timestamp NULL DEFAULT NULL,
  PRIMARY KEY (`id`),
  KEY `racks_id` (`racks_id`),
  KEY `pdus_id` (`pdus_id`),
  KEY `date_creation` (`date_creation`),
  KEY `date_mod` (`date_mod`)
) ENGINE=InnoDB DEFAULT CHARSET=utf8mb4 COLLATE=utf8mb4_unicode_ci ROW_FORMAT=DYNAMIC;

--
-- Dumping data for table `glpi_pdus_racks`
--


--
-- Table structure for table `glpi_pdutypes`
--

CREATE TABLE `glpi_pdutypes` (
  `id` int(10) unsigned NOT NULL AUTO_INCREMENT,
  `entities_id` int(10) unsigned NOT NULL DEFAULT 0,
  `is_recursive` tinyint(4) NOT NULL DEFAULT 0,
  `name` varchar(255) DEFAULT NULL,
  `comment` text DEFAULT NULL,
  `date_creation` timestamp NULL DEFAULT NULL,
  `date_mod` timestamp NULL DEFAULT NULL,
  PRIMARY KEY (`id`),
  KEY `entities_id` (`entities_id`),
  KEY `is_recursive` (`is_recursive`),
  KEY `name` (`name`),
  KEY `date_creation` (`date_creation`),
  KEY `date_mod` (`date_mod`)
) ENGINE=InnoDB DEFAULT CHARSET=utf8mb4 COLLATE=utf8mb4_unicode_ci ROW_FORMAT=DYNAMIC;

--
-- Dumping data for table `glpi_pdutypes`
--


--
-- Table structure for table `glpi_pendingreasons`
--

CREATE TABLE `glpi_pendingreasons` (
  `id` int(10) unsigned NOT NULL AUTO_INCREMENT,
  `entities_id` int(10) unsigned NOT NULL DEFAULT 0,
  `is_recursive` tinyint(4) NOT NULL DEFAULT 0,
  `name` varchar(255) DEFAULT NULL,
  `followup_frequency` int(11) NOT NULL DEFAULT 0,
  `followups_before_resolution` int(11) NOT NULL DEFAULT 0,
  `itilfollowuptemplates_id` int(10) unsigned NOT NULL DEFAULT 0,
  `solutiontemplates_id` int(10) unsigned NOT NULL DEFAULT 0,
  `comment` text DEFAULT NULL,
  PRIMARY KEY (`id`),
  KEY `name` (`name`),
  KEY `itilfollowuptemplates_id` (`itilfollowuptemplates_id`),
  KEY `entities_id` (`entities_id`),
  KEY `is_recursive` (`is_recursive`),
  KEY `solutiontemplates_id` (`solutiontemplates_id`)
) ENGINE=InnoDB DEFAULT CHARSET=utf8mb4 COLLATE=utf8mb4_unicode_ci ROW_FORMAT=DYNAMIC;

--
-- Dumping data for table `glpi_pendingreasons`
--


--
-- Table structure for table `glpi_pendingreasons_items`
--

CREATE TABLE `glpi_pendingreasons_items` (
  `id` int(10) unsigned NOT NULL AUTO_INCREMENT,
  `pendingreasons_id` int(10) unsigned NOT NULL DEFAULT 0,
  `items_id` int(10) unsigned NOT NULL DEFAULT 0,
  `itemtype` varchar(100) NOT NULL DEFAULT '',
  `followup_frequency` int(11) NOT NULL DEFAULT 0,
  `followups_before_resolution` int(11) NOT NULL DEFAULT 0,
  `bump_count` int(11) NOT NULL DEFAULT 0,
  `last_bump_date` timestamp NULL DEFAULT NULL,
  `previous_status` int(11) DEFAULT NULL,
  PRIMARY KEY (`id`),
  UNIQUE KEY `unicity` (`items_id`,`itemtype`),
  KEY `pendingreasons_id` (`pendingreasons_id`),
  KEY `item` (`itemtype`,`items_id`)
) ENGINE=InnoDB AUTO_INCREMENT=13 DEFAULT CHARSET=utf8mb4 COLLATE=utf8mb4_unicode_ci ROW_FORMAT=DYNAMIC;

--
-- Dumping data for table `glpi_pendingreasons_items`
--

INSERT INTO `glpi_pendingreasons_items` VALUES
(2,0,33,'ITILFollowup',0,0,0,'2025-01-14 15:38:20',NULL),
(4,0,34,'ITILFollowup',0,0,0,'2025-01-14 15:38:37',NULL),
(6,0,35,'ITILFollowup',0,0,0,'2025-01-14 15:38:55',NULL),
(8,0,36,'ITILFollowup',0,0,0,'2025-01-14 15:39:13',NULL),
(10,0,49,'ITILFollowup',0,0,0,'2025-01-20 13:30:58',NULL),
(12,0,85,'ITILFollowup',0,0,0,'2025-01-28 14:40:22',NULL);

--
-- Table structure for table `glpi_peripheralmodels`
--

CREATE TABLE `glpi_peripheralmodels` (
  `id` int(10) unsigned NOT NULL AUTO_INCREMENT,
  `name` varchar(255) DEFAULT NULL,
  `comment` text DEFAULT NULL,
  `product_number` varchar(255) DEFAULT NULL,
  `weight` int(11) NOT NULL DEFAULT 0,
  `required_units` int(11) NOT NULL DEFAULT 1,
  `depth` float NOT NULL DEFAULT 1,
  `power_connections` int(11) NOT NULL DEFAULT 0,
  `power_consumption` int(11) NOT NULL DEFAULT 0,
  `is_half_rack` tinyint(4) NOT NULL DEFAULT 0,
  `picture_front` text DEFAULT NULL,
  `picture_rear` text DEFAULT NULL,
  `pictures` text DEFAULT NULL,
  `date_mod` timestamp NULL DEFAULT NULL,
  `date_creation` timestamp NULL DEFAULT NULL,
  PRIMARY KEY (`id`),
  KEY `name` (`name`),
  KEY `date_mod` (`date_mod`),
  KEY `date_creation` (`date_creation`),
  KEY `product_number` (`product_number`)
) ENGINE=InnoDB DEFAULT CHARSET=utf8mb4 COLLATE=utf8mb4_unicode_ci ROW_FORMAT=DYNAMIC;

--
-- Dumping data for table `glpi_peripheralmodels`
--


--
-- Table structure for table `glpi_peripherals`
--

CREATE TABLE `glpi_peripherals` (
  `id` int(10) unsigned NOT NULL AUTO_INCREMENT,
  `entities_id` int(10) unsigned NOT NULL DEFAULT 0,
  `name` varchar(255) DEFAULT NULL,
  `date_mod` timestamp NULL DEFAULT NULL,
  `contact` varchar(255) DEFAULT NULL,
  `contact_num` varchar(255) DEFAULT NULL,
  `users_id_tech` int(10) unsigned NOT NULL DEFAULT 0,
  `groups_id_tech` int(10) unsigned NOT NULL DEFAULT 0,
  `comment` text DEFAULT NULL,
  `serial` varchar(255) DEFAULT NULL,
  `otherserial` varchar(255) DEFAULT NULL,
  `locations_id` int(10) unsigned NOT NULL DEFAULT 0,
  `peripheraltypes_id` int(10) unsigned NOT NULL DEFAULT 0,
  `peripheralmodels_id` int(10) unsigned NOT NULL DEFAULT 0,
  `brand` varchar(255) DEFAULT NULL,
  `manufacturers_id` int(10) unsigned NOT NULL DEFAULT 0,
  `is_global` tinyint(4) NOT NULL DEFAULT 0,
  `is_deleted` tinyint(4) NOT NULL DEFAULT 0,
  `is_template` tinyint(4) NOT NULL DEFAULT 0,
  `template_name` varchar(255) DEFAULT NULL,
  `users_id` int(10) unsigned NOT NULL DEFAULT 0,
  `groups_id` int(10) unsigned NOT NULL DEFAULT 0,
  `states_id` int(10) unsigned NOT NULL DEFAULT 0,
  `ticket_tco` decimal(20,4) DEFAULT 0.0000,
  `is_dynamic` tinyint(4) NOT NULL DEFAULT 0,
  `autoupdatesystems_id` int(10) unsigned NOT NULL DEFAULT 0,
  `uuid` varchar(255) DEFAULT NULL,
  `date_creation` timestamp NULL DEFAULT NULL,
  `is_recursive` tinyint(4) NOT NULL DEFAULT 0,
  PRIMARY KEY (`id`),
  KEY `name` (`name`),
  KEY `is_template` (`is_template`),
  KEY `is_global` (`is_global`),
  KEY `entities_id` (`entities_id`),
  KEY `manufacturers_id` (`manufacturers_id`),
  KEY `groups_id` (`groups_id`),
  KEY `users_id` (`users_id`),
  KEY `locations_id` (`locations_id`),
  KEY `peripheralmodels_id` (`peripheralmodels_id`),
  KEY `states_id` (`states_id`),
  KEY `users_id_tech` (`users_id_tech`),
  KEY `peripheraltypes_id` (`peripheraltypes_id`),
  KEY `is_deleted` (`is_deleted`),
  KEY `date_mod` (`date_mod`),
  KEY `groups_id_tech` (`groups_id_tech`),
  KEY `is_dynamic` (`is_dynamic`),
  KEY `autoupdatesystems_id` (`autoupdatesystems_id`),
  KEY `serial` (`serial`),
  KEY `otherserial` (`otherserial`),
  KEY `uuid` (`uuid`),
  KEY `date_creation` (`date_creation`),
  KEY `is_recursive` (`is_recursive`)
) ENGINE=InnoDB DEFAULT CHARSET=utf8mb4 COLLATE=utf8mb4_unicode_ci ROW_FORMAT=DYNAMIC;

--
-- Dumping data for table `glpi_peripherals`
--


--
-- Table structure for table `glpi_peripheraltypes`
--

CREATE TABLE `glpi_peripheraltypes` (
  `id` int(10) unsigned NOT NULL AUTO_INCREMENT,
  `name` varchar(255) DEFAULT NULL,
  `comment` text DEFAULT NULL,
  `date_mod` timestamp NULL DEFAULT NULL,
  `date_creation` timestamp NULL DEFAULT NULL,
  PRIMARY KEY (`id`),
  KEY `name` (`name`),
  KEY `date_mod` (`date_mod`),
  KEY `date_creation` (`date_creation`)
) ENGINE=InnoDB DEFAULT CHARSET=utf8mb4 COLLATE=utf8mb4_unicode_ci ROW_FORMAT=DYNAMIC;

--
-- Dumping data for table `glpi_peripheraltypes`
--


--
-- Table structure for table `glpi_phonemodels`
--

CREATE TABLE `glpi_phonemodels` (
  `id` int(10) unsigned NOT NULL AUTO_INCREMENT,
  `name` varchar(255) DEFAULT NULL,
  `comment` text DEFAULT NULL,
  `product_number` varchar(255) DEFAULT NULL,
  `date_mod` timestamp NULL DEFAULT NULL,
  `date_creation` timestamp NULL DEFAULT NULL,
  `picture_front` text DEFAULT NULL,
  `picture_rear` text DEFAULT NULL,
  `pictures` text DEFAULT NULL,
  PRIMARY KEY (`id`),
  KEY `name` (`name`),
  KEY `date_mod` (`date_mod`),
  KEY `date_creation` (`date_creation`),
  KEY `product_number` (`product_number`)
) ENGINE=InnoDB DEFAULT CHARSET=utf8mb4 COLLATE=utf8mb4_unicode_ci ROW_FORMAT=DYNAMIC;

--
-- Dumping data for table `glpi_phonemodels`
--


--
-- Table structure for table `glpi_phonepowersupplies`
--

CREATE TABLE `glpi_phonepowersupplies` (
  `id` int(10) unsigned NOT NULL AUTO_INCREMENT,
  `name` varchar(255) DEFAULT NULL,
  `comment` text DEFAULT NULL,
  `date_mod` timestamp NULL DEFAULT NULL,
  `date_creation` timestamp NULL DEFAULT NULL,
  PRIMARY KEY (`id`),
  KEY `name` (`name`),
  KEY `date_mod` (`date_mod`),
  KEY `date_creation` (`date_creation`)
) ENGINE=InnoDB DEFAULT CHARSET=utf8mb4 COLLATE=utf8mb4_unicode_ci ROW_FORMAT=DYNAMIC;

--
-- Dumping data for table `glpi_phonepowersupplies`
--


--
-- Table structure for table `glpi_phones`
--

CREATE TABLE `glpi_phones` (
  `id` int(10) unsigned NOT NULL AUTO_INCREMENT,
  `entities_id` int(10) unsigned NOT NULL DEFAULT 0,
  `name` varchar(255) DEFAULT NULL,
  `date_mod` timestamp NULL DEFAULT NULL,
  `contact` varchar(255) DEFAULT NULL,
  `contact_num` varchar(255) DEFAULT NULL,
  `users_id_tech` int(10) unsigned NOT NULL DEFAULT 0,
  `groups_id_tech` int(10) unsigned NOT NULL DEFAULT 0,
  `comment` text DEFAULT NULL,
  `serial` varchar(255) DEFAULT NULL,
  `otherserial` varchar(255) DEFAULT NULL,
  `locations_id` int(10) unsigned NOT NULL DEFAULT 0,
  `phonetypes_id` int(10) unsigned NOT NULL DEFAULT 0,
  `phonemodels_id` int(10) unsigned NOT NULL DEFAULT 0,
  `brand` varchar(255) DEFAULT NULL,
  `phonepowersupplies_id` int(10) unsigned NOT NULL DEFAULT 0,
  `number_line` varchar(255) DEFAULT NULL,
  `have_headset` tinyint(4) NOT NULL DEFAULT 0,
  `have_hp` tinyint(4) NOT NULL DEFAULT 0,
  `manufacturers_id` int(10) unsigned NOT NULL DEFAULT 0,
  `is_global` tinyint(4) NOT NULL DEFAULT 0,
  `is_deleted` tinyint(4) NOT NULL DEFAULT 0,
  `is_template` tinyint(4) NOT NULL DEFAULT 0,
  `template_name` varchar(255) DEFAULT NULL,
  `users_id` int(10) unsigned NOT NULL DEFAULT 0,
  `groups_id` int(10) unsigned NOT NULL DEFAULT 0,
  `states_id` int(10) unsigned NOT NULL DEFAULT 0,
  `ticket_tco` decimal(20,4) DEFAULT 0.0000,
  `is_dynamic` tinyint(4) NOT NULL DEFAULT 0,
  `autoupdatesystems_id` int(10) unsigned NOT NULL DEFAULT 0,
  `uuid` varchar(255) DEFAULT NULL,
  `date_creation` timestamp NULL DEFAULT NULL,
  `is_recursive` tinyint(4) NOT NULL DEFAULT 0,
  `last_inventory_update` timestamp NULL DEFAULT NULL,
  PRIMARY KEY (`id`),
  KEY `name` (`name`),
  KEY `is_template` (`is_template`),
  KEY `is_global` (`is_global`),
  KEY `entities_id` (`entities_id`),
  KEY `manufacturers_id` (`manufacturers_id`),
  KEY `groups_id` (`groups_id`),
  KEY `users_id` (`users_id`),
  KEY `locations_id` (`locations_id`),
  KEY `phonemodels_id` (`phonemodels_id`),
  KEY `phonepowersupplies_id` (`phonepowersupplies_id`),
  KEY `states_id` (`states_id`),
  KEY `users_id_tech` (`users_id_tech`),
  KEY `phonetypes_id` (`phonetypes_id`),
  KEY `is_deleted` (`is_deleted`),
  KEY `date_mod` (`date_mod`),
  KEY `groups_id_tech` (`groups_id_tech`),
  KEY `is_dynamic` (`is_dynamic`),
  KEY `autoupdatesystems_id` (`autoupdatesystems_id`),
  KEY `serial` (`serial`),
  KEY `otherserial` (`otherserial`),
  KEY `uuid` (`uuid`),
  KEY `date_creation` (`date_creation`),
  KEY `is_recursive` (`is_recursive`)
) ENGINE=InnoDB DEFAULT CHARSET=utf8mb4 COLLATE=utf8mb4_unicode_ci ROW_FORMAT=DYNAMIC;

--
-- Dumping data for table `glpi_phones`
--


--
-- Table structure for table `glpi_phonetypes`
--

CREATE TABLE `glpi_phonetypes` (
  `id` int(10) unsigned NOT NULL AUTO_INCREMENT,
  `name` varchar(255) DEFAULT NULL,
  `comment` text DEFAULT NULL,
  `date_mod` timestamp NULL DEFAULT NULL,
  `date_creation` timestamp NULL DEFAULT NULL,
  PRIMARY KEY (`id`),
  KEY `name` (`name`),
  KEY `date_mod` (`date_mod`),
  KEY `date_creation` (`date_creation`)
) ENGINE=InnoDB DEFAULT CHARSET=utf8mb4 COLLATE=utf8mb4_unicode_ci ROW_FORMAT=DYNAMIC;

--
-- Dumping data for table `glpi_phonetypes`
--


--
-- Table structure for table `glpi_planningeventcategories`
--

CREATE TABLE `glpi_planningeventcategories` (
  `id` int(10) unsigned NOT NULL AUTO_INCREMENT,
  `name` varchar(255) DEFAULT NULL,
  `color` varchar(255) DEFAULT NULL,
  `comment` text DEFAULT NULL,
  `date_mod` timestamp NULL DEFAULT NULL,
  `date_creation` timestamp NULL DEFAULT NULL,
  PRIMARY KEY (`id`),
  KEY `name` (`name`),
  KEY `date_mod` (`date_mod`),
  KEY `date_creation` (`date_creation`)
) ENGINE=InnoDB DEFAULT CHARSET=utf8mb4 COLLATE=utf8mb4_unicode_ci ROW_FORMAT=DYNAMIC;

--
-- Dumping data for table `glpi_planningeventcategories`
--


--
-- Table structure for table `glpi_planningexternalevents`
--

CREATE TABLE `glpi_planningexternalevents` (
  `id` int(10) unsigned NOT NULL AUTO_INCREMENT,
  `uuid` varchar(255) DEFAULT NULL,
  `planningexternaleventtemplates_id` int(10) unsigned NOT NULL DEFAULT 0,
  `entities_id` int(10) unsigned NOT NULL DEFAULT 0,
  `is_recursive` tinyint(4) NOT NULL DEFAULT 1,
  `date` timestamp NULL DEFAULT NULL,
  `users_id` int(10) unsigned NOT NULL DEFAULT 0,
  `users_id_guests` text DEFAULT NULL,
  `groups_id` int(10) unsigned NOT NULL DEFAULT 0,
  `name` varchar(255) DEFAULT NULL,
  `text` text DEFAULT NULL,
  `begin` timestamp NULL DEFAULT NULL,
  `end` timestamp NULL DEFAULT NULL,
  `rrule` text DEFAULT NULL,
  `state` int(11) NOT NULL DEFAULT 0,
  `planningeventcategories_id` int(10) unsigned NOT NULL DEFAULT 0,
  `background` tinyint(4) NOT NULL DEFAULT 0,
  `date_mod` timestamp NULL DEFAULT NULL,
  `date_creation` timestamp NULL DEFAULT NULL,
  PRIMARY KEY (`id`),
  UNIQUE KEY `uuid` (`uuid`),
  KEY `name` (`name`),
  KEY `planningexternaleventtemplates_id` (`planningexternaleventtemplates_id`),
  KEY `entities_id` (`entities_id`),
  KEY `is_recursive` (`is_recursive`),
  KEY `date` (`date`),
  KEY `begin` (`begin`),
  KEY `end` (`end`),
  KEY `users_id` (`users_id`),
  KEY `groups_id` (`groups_id`),
  KEY `state` (`state`),
  KEY `planningeventcategories_id` (`planningeventcategories_id`),
  KEY `date_mod` (`date_mod`),
  KEY `date_creation` (`date_creation`)
) ENGINE=InnoDB AUTO_INCREMENT=2 DEFAULT CHARSET=utf8mb4 COLLATE=utf8mb4_unicode_ci ROW_FORMAT=DYNAMIC;

--
-- Dumping data for table `glpi_planningexternalevents`
--

INSERT INTO `glpi_planningexternalevents` VALUES
(1,'92f73df7-96e6-47da-8040-5b7d7b56c26a',0,0,1,'2024-12-27 20:24:14',8,'[9]',0,'Manutenção','','2024-12-29 08:30:00','2024-12-29 09:00:00','',0,0,0,'2024-12-27 20:24:14','2024-12-27 20:24:14');

--
-- Table structure for table `glpi_planningexternaleventtemplates`
--

CREATE TABLE `glpi_planningexternaleventtemplates` (
  `id` int(10) unsigned NOT NULL AUTO_INCREMENT,
  `entities_id` int(10) unsigned NOT NULL DEFAULT 0,
  `name` varchar(255) DEFAULT NULL,
  `text` mediumtext DEFAULT NULL,
  `comment` text DEFAULT NULL,
  `duration` int(11) NOT NULL DEFAULT 0,
  `before_time` int(11) NOT NULL DEFAULT 0,
  `rrule` text DEFAULT NULL,
  `state` int(11) NOT NULL DEFAULT 0,
  `planningeventcategories_id` int(10) unsigned NOT NULL DEFAULT 0,
  `background` tinyint(4) NOT NULL DEFAULT 0,
  `date_mod` timestamp NULL DEFAULT NULL,
  `date_creation` timestamp NULL DEFAULT NULL,
  PRIMARY KEY (`id`),
  KEY `name` (`name`),
  KEY `entities_id` (`entities_id`),
  KEY `state` (`state`),
  KEY `planningeventcategories_id` (`planningeventcategories_id`),
  KEY `date_mod` (`date_mod`),
  KEY `date_creation` (`date_creation`)
) ENGINE=InnoDB DEFAULT CHARSET=utf8mb4 COLLATE=utf8mb4_unicode_ci ROW_FORMAT=DYNAMIC;

--
-- Dumping data for table `glpi_planningexternaleventtemplates`
--


--
-- Table structure for table `glpi_planningrecalls`
--

CREATE TABLE `glpi_planningrecalls` (
  `id` int(10) unsigned NOT NULL AUTO_INCREMENT,
  `items_id` int(10) unsigned NOT NULL DEFAULT 0,
  `itemtype` varchar(100) NOT NULL,
  `users_id` int(10) unsigned NOT NULL DEFAULT 0,
  `before_time` int(11) NOT NULL DEFAULT -10,
  `when` timestamp NULL DEFAULT NULL,
  PRIMARY KEY (`id`),
  UNIQUE KEY `unicity` (`itemtype`,`items_id`,`users_id`),
  KEY `users_id` (`users_id`),
  KEY `before_time` (`before_time`),
  KEY `when` (`when`)
) ENGINE=InnoDB AUTO_INCREMENT=2 DEFAULT CHARSET=utf8mb4 COLLATE=utf8mb4_unicode_ci ROW_FORMAT=DYNAMIC;

--
-- Dumping data for table `glpi_planningrecalls`
--

INSERT INTO `glpi_planningrecalls` VALUES
(1,1,'PlanningExternalEvent',8,0,'2024-12-29 08:30:00');

--
-- Table structure for table `glpi_plugin_formcreator_answers`
--

CREATE TABLE `glpi_plugin_formcreator_answers` (
  `id` int(10) unsigned NOT NULL AUTO_INCREMENT,
  `plugin_formcreator_formanswers_id` int(10) unsigned NOT NULL DEFAULT 0,
  `plugin_formcreator_questions_id` int(10) unsigned NOT NULL DEFAULT 0,
  `answer` longtext DEFAULT NULL,
  PRIMARY KEY (`id`),
  KEY `plugin_formcreator_formanswers_id` (`plugin_formcreator_formanswers_id`),
  KEY `plugin_formcreator_questions_id` (`plugin_formcreator_questions_id`)
) ENGINE=InnoDB AUTO_INCREMENT=279 DEFAULT CHARSET=utf8mb4 COLLATE=utf8mb4_unicode_ci ROW_FORMAT=DYNAMIC;

--
-- Dumping data for table `glpi_plugin_formcreator_answers`
--

INSERT INTO `glpi_plugin_formcreator_answers` VALUES
(29,7,3,'Lentidão'),
(30,7,1,'jose.carmo@tecnomulti.com'),
(31,7,2,'81 8695-4083'),
(32,7,6,'1'),
(33,7,5,'<p>O notebook não está abrindo mais de 2 </p>'),
(34,8,3,'Problema no email.'),
(35,8,1,'jayana.monte@tecnomulti.com'),
(36,8,2,'81996609102'),
(37,8,6,'3'),
(38,8,5,'<p>Recebi um email falando sobre a conta de email está cheia, porém não tem muita coisa no email.</p>'),
(39,9,3,'Eu já desinstalei o aplicativo da impressora e já instalei novamente e a impressora não conecta'),
(40,9,1,'karla.minelly@tecnomulti.com'),
(41,9,2,'83988277027'),
(42,9,6,'1'),
(43,9,5,'<p>Eu já desinstalei o aplicativo da impressora e já instalei novamente e a impressora não conecta</p>'),
(44,10,3,'KARLA KINELLY DE AQUINO ALEXANDRE'),
(45,10,1,'karla.minelly@tecnomulti.com'),
(46,10,2,'83988277027'),
(47,10,6,'1'),
(48,10,5,'<p>A IMPRESSORA NÃO CONECTA AO APLICATIVO INSTADO. JÁ DESINSTELEI E INSTALEI O APLICATIVO, MESMO ASSIM NÃO CONECTA.</p>'),
(49,11,3,'Instalação de vpn'),
(50,11,1,'gilberto.silva@tecnomulti.com'),
(51,11,2,'81991391898'),
(52,11,6,'5'),
(53,11,5,'<p>Instalação de vpn</p>\r\n<p> </p>\r\n<p> </p>'),
(54,12,3,'CAIXA DE EMAIL CHEIA '),
(55,12,1,'graciane.coelho@tecnomulti.com'),
(56,12,2,'81986981633'),
(57,12,6,'3'),
(58,12,5,'&#60;p&#62;#ec3ac8cc-b2d8e96f-678e5833761ee6.52395438#&#60;/p&#62;'),
(59,13,3,'Erro navegador'),
(60,13,1,'suporte@tecnomulti.com'),
(61,13,2,'84998426881'),
(62,13,6,'2'),
(63,13,5,'&#60;p&#62;Não está abrindo pagina xxx.xxxx&#60;/p&#62;\\r\\n&#60;p&#62;#ec3ac8cc-b2d8e96f-678ee7e6eb9177.72480582#&#60;/p&#62;'),
(64,14,3,'CONECTAR IMPRESSORA NO PC'),
(65,14,1,'lucia.gomes@tecnomulti.com'),
(66,14,2,'83999075161'),
(67,14,6,'1'),
(68,14,5,'&#60;p&#62;Quando tento imprimir abre essa aba nos documentos #ec3ac8cc-b2d8e96f-678f840b8e9a32.37877242#&#60;/p&#62;'),
(69,15,3,'Expansão - Memória interna ssd + RAM'),
(70,15,1,'arthur.abreu@tecnomulti.com'),
(71,15,2,'84 999460068'),
(72,15,6,'1'),
(73,15,5,'&#60;p&#62;A memória interna do notebook está topado, e juntamente disso, a memoria RAM está sempre em seu uso total (imagem abaixo), e acredito que seja a junção desses fatores que estão ocasionando travamentos e fechamentos de relatórios, assim como limitando o usos de alguns recursos dos mesmos e outros programas.&#60;br&#62;&#60;br&#62;#ec3ac8cc-b2d8e96f-678f9ac07b0fe6.57690040#&#60;/p&#62;'),
(74,16,3,'Excell'),
(75,16,1,'Gerson.Lima@tecnimulti.com'),
(76,16,2,'71992750348'),
(77,16,6,'5'),
(78,16,5,'<p>Excell com problema, expirou  </p>'),
(79,17,3,'Caixa de Email Cheia'),
(80,17,1,'vinicius.silveira@tecnomulti.com'),
(81,17,2,'84 99104-6460'),
(82,17,6,'3'),
(83,17,5,'&#60;p&#62;Caixa de E-mail cheia&#60;br&#62;#ec3ac8cc-b2d8e96f-6790cfd5928179.61613302#&#60;/p&#62;'),
(84,18,3,'Notebook perdendo sinal de Wi FI'),
(85,18,1,'arthur.abreu@tecnomulti.com'),
(86,18,2,'84 999460068'),
(87,18,6,'1'),
(88,18,5,'<p>Wi fi do computador perde conectividade com a rede e deixa de enxergar as redes disponíveis no local.</p>'),
(89,19,3,'SAP COM PROBLEMA '),
(90,19,1,'anacristina.araujo@tecnomulti.com'),
(91,19,2,'83 996110690'),
(92,19,6,'2'),
(93,19,5,'<p>SEM ACESSO AO SAP - JÁ LIMPEI CACHE - REINICIEI E NADA </p>\r\n<p> </p>'),
(94,20,3,'CAIXA DE EMAIL CHEIA '),
(95,20,1,'graciane.coelho@tecnomulti.com'),
(96,20,2,'81986981633'),
(97,20,6,'3'),
(98,20,5,'<p>CAIXA DE EMAIL CHEIAS</p>'),
(99,21,3,'CAIXA DE EMAIL CHEIA '),
(100,21,1,'graciane.coelho@tecnomulti.com'),
(101,21,2,'81986981633'),
(102,21,6,'3'),
(103,21,5,'<p>e-mail com problema </p>'),
(104,22,3,'OSP control não está abrindo e ativar o e-mail '),
(105,22,1,'selma.belizario@tecnomulti.com'),
(106,22,2,'83 98808-8867'),
(107,22,6,'4'),
(108,22,5,'<p>toda vez que tento acessar o OSP Control aparece a mensagem: ops, algo deu errado. Por favor, tente novamente. Consigo acessar em outo notebook, mas no meu não acessa. </p>\r\n<p>Também preciso que o meu e-mail seja migrado do notebook anterior, para o que estou utilizado agora.</p>'),
(109,23,3,'GOOGLE HEART'),
(110,23,1,'gerson.lima@tecnomulti.com'),
(111,23,2,'71992750348'),
(112,23,6,'5'),
(113,23,5,'<p>google heart com erro, necessário reinstalar </p>'),
(114,24,3,'PASTA DE REDE / FROTA'),
(115,24,1,'monalisa.furtado@tecnomulti.com'),
(116,24,2,'84988112339'),
(117,24,6,'5'),
(118,24,5,'<p>Monalisa: 368905108</p>'),
(119,25,3,'PASTA DE REDE / FROTA'),
(120,25,1,'monalisa.furtado@tecnomulti.com'),
(121,25,2,'84988112339'),
(122,25,6,'5'),
(123,25,5,'<p>Monalisa: 368 905 108</p>\r\n<p> </p>'),
(124,26,3,'PASTA FROTA'),
(125,26,1,'laryssa.felix@tecnomulti.com'),
(126,26,2,'84988112339'),
(127,26,6,'5'),
(128,26,5,'<p>ANYDESK: 1050 655 391</p>'),
(129,27,3,'PASTA DE REDE / FROTA'),
(130,27,1,'joaopaulo.leite@tecnomulti.com'),
(131,27,2,'81 98584-2246'),
(132,27,6,'2'),
(133,27,5,'<p>ANYDESK: 723335506</p>'),
(134,28,3,'PASTA DE REDE / FROTA'),
(135,28,1,'arthur.abreu@tecnomulti.com'),
(136,28,2,'84 9946-0068'),
(137,28,6,'2'),
(138,28,5,'<p>Anydesk: 1 307 766 794</p>'),
(139,29,3,'PASTA DE REDE / FROTA'),
(140,29,1,'gilmar.lourenco@tecnomulti.com'),
(141,29,2,'84 99946-0230'),
(142,29,6,'2'),
(143,29,5,'<p>ANYDESK: 777746514</p>'),
(144,30,3,'Configurar o SAP '),
(145,30,1,'jose.carmo@tecnomulti.com'),
(146,30,2,'81986954083'),
(147,30,6,'4'),
(148,30,5,'<p>Preciso urgentemente que configure minha conta nova do Sap nessa maquina. </p>'),
(149,31,3,'CONECTAR IMPRESSORA NO PC'),
(150,31,1,'elton.jorge@tecnomulti.com'),
(151,31,2,'+55 83 8199-1245'),
(152,31,6,'1'),
(153,31,5,'<p>erro ao tentar impressão</p>'),
(154,32,3,'Caixa de E-mail Lotada'),
(155,32,1,'vinicius.silveira@tecnomulti.com'),
(156,32,2,'84 99104-6460'),
(157,32,6,'3'),
(158,32,5,'<p>Caixa Lotada</p>'),
(159,33,3,'teste'),
(160,33,1,'test@test.com'),
(161,33,2,'84982212329'),
(162,33,6,'1'),
(163,33,5,'<p>asd</p>'),
(164,34,3,'Email - Alexandre Onassis'),
(165,34,1,'geimisson.marques@tecnomulti.com'),
(166,34,2,'81 983240445'),
(167,34,6,'3'),
(168,34,5,'<p>Configuração primeiro acesso ao email do coordenador Alexandre Onassis </p>'),
(169,35,3,'configurar VPN'),
(170,35,1,'Sebastiao.clesio@tecnomulti.com'),
(171,35,2,'84991007542'),
(172,35,6,'2'),
(173,35,5,'<p>bom dia.</p>\r\n<p>conforme ja alinhado e autorizado por Paula. cadastrar a VPN no PC.   </p>'),
(174,36,3,'sistema sap não fica com o acesso'),
(175,36,1,'lorenalarissa88@gmail.com'),
(176,36,2,' 81 9402-7371'),
(177,36,6,'5'),
(178,36,5,'<p>não consigo acessar o sistema</p>\r\n<p>anydesk  1 763 954 787</p>'),
(179,37,3,'PROBLEMA AO ACESSAR SAP / CITRIX'),
(180,37,1,'lanna1457@gmail.com'),
(181,37,2,'83999075161'),
(182,37,6,'5'),
(183,37,5,'&#60;p&#62;NÃO CONSIGO ACESSAR O SAP NEM O CITRIX - PORÉM UMA COLEGA CONSEGUIU ACESSAR PELO MESMO LINK E MESMA SENHA #ec3ac8cc-b2d8e96f-679b81f077f908.68527211#&#60;/p&#62;'),
(184,38,3,'EMAIL'),
(185,38,1,'flavia.chagas@tecnomulti.com'),
(186,38,2,' 84 8831-7787'),
(187,38,6,'3'),
(188,38,5,'<p>Meus emails não está saindo da caixa!</p>'),
(189,39,3,'INSTALAR NOBREAK'),
(190,39,1,'denilson.marques@tecnomulti.com'),
(191,39,2,'84999811377'),
(192,39,6,'1'),
(193,39,5,'<p>equipamento para instalação disponivel.</p>'),
(194,40,3,'VPN com problema'),
(195,40,1,'arthur.ulisses@tecnomulti.com'),
(196,40,2,'85992155440'),
(197,40,6,'2'),
(198,40,5,'<p>VPN aparenta estar muito lento, impossibilitando o trabalho.</p>'),
(199,41,3,'VPN FIBRASIL'),
(200,41,1,'danielle.silva@tecnomulti.com'),
(201,41,2,' 81 99256-9899'),
(202,41,6,'5'),
(203,41,5,'<p>A VPN da Fibrasil aprensentando erro ao acesso . </p>'),
(204,42,3,'Erro Envio de mensagens '),
(205,42,1,'mario.lopes@tecnomulti.com'),
(206,42,2,'83993220200'),
(207,42,6,'3'),
(208,42,5,'<p>\"Esta mensagem foi criada automaticamente pelo software de entrega de correio.</p>\r\n<p> </p>\r\n<p>Uma mensagem que você enviou não pôde ser entregue a um ou mais destinatários. Este é um erro permanente. Os seguintes endereços falharam:\"</p>'),
(209,43,3,'Erro Envio de mensagens '),
(210,43,1,'mario.lopes@tecnomulti.com'),
(211,43,2,'83993220200'),
(212,43,6,'3'),
(213,43,5,'<p>This message was created automatically by mail delivery software.</p>\r\n<p> </p>\r\n<p>A message that you sent could not be delivered to one or more of its recipients. This is a permanent error. The following address(es) failed:</p>\r\n<p> </p>\r\n<p>  alexcruzfab@hotmail.com</p>\r\n<p>    host eig-east.smtp.a.cloudfilter.net [3.228.35.199]</p>\r\n<p>    SMTP error from remote mail server after end of data:</p>\r\n<p>    550 Connection Rejected - see http://www.spamhaus.org/query/ip/168.196.197.55 AUP#BL</p>\r\n<p>  alexcruzfab@gmail.com</p>\r\n<p>    host eig-east.smtp.a.cloudfilter.net [18.215.58.191]</p>\r\n<p>    SMTP error from remote mail server after end of data:</p>\r\n<p>    550 Connection Rejected - see http://www.spamhaus.org/query/ip/168.196.197.55 AUP#BL</p>'),
(214,44,3,'VPN'),
(215,44,1,'fabiano.melo@tecnomulti.com'),
(216,44,2,'81988187688'),
(217,44,6,'2'),
(218,44,5,'<p>ACESSO A VPN </p>'),
(219,45,3,'INSTALAÇÃO VPN TECNOMULTI'),
(220,45,1,'danielle.silva@tecnomulti.com'),
(221,45,2,'81 99293-6741'),
(222,45,6,'5'),
(223,45,5,'<p>Instalação da VPN Tecnomulti. </p>'),
(224,46,3,'PASTA FROTA'),
(225,46,1,'fabio.jackson@tecnomulti.com'),
(226,46,2,'83986500039'),
(227,46,6,'2'),
(228,46,5,'<p>favor  configurar acesso para Pasta Frotas </p>'),
(229,47,3,'EMAIL / EXCEL / POWER POINT'),
(230,47,1,'amanda.moreira@tecnomulti.com'),
(231,47,2,'(84)98753-9247'),
(232,47,6,'3'),
(233,47,5,'<p>Não consigo enviar, nem responder emails. Apenas recebo.</p>\r\n<p>Excel, power point e word, apenas abre, não consigo mexer nele. Mostra um aviso informando que \"Está cópia do Microsoft office não está ativada. </p>'),
(234,48,3,'sistema sap não fica com o acesso'),
(235,48,1,'lorenalarissa88@gmail.com'),
(236,48,2,'81988648578'),
(237,48,6,'5'),
(238,48,5,'<p>não consigo usar o sistema funciona em outro e no  meu a senha e login não fica.</p>'),
(239,49,3,'PASTA FROTA'),
(240,49,1,'joao.ferreira@tecnomulti.com'),
(241,49,2,'81 992588071'),
(242,49,6,'2'),
(243,49,5,'<p>Favor criar acesso a pasta Frota</p>'),
(244,50,3,'Acesso Sistema '),
(245,50,1,'michele.souza@tecnomulti.com'),
(246,50,2,'8198555-5446'),
(247,50,6,'5'),
(248,50,5,'<p>Mudanca de setor, nao estou consiguindo acessa Vicky, Sap, OSPCONTROL </p>'),
(249,51,3,'ERRO NO PROGRESSO DE RECEBIMENTO DE E-MAIL | OUTLOOK'),
(250,51,1,'gilmar.lourenco@tecnomulti.com'),
(251,51,2,'84988113027'),
(252,51,6,'3'),
(253,51,5,'<p>O progresso do Outlook indica o recebimento dos e-mails, porém, nada aparece na caixa de entrada, nem nas pastas com regras.</p>'),
(254,52,3,'edson maykon'),
(255,52,1,'edson.maykon@tecnomulti.com.pst'),
(256,52,2,'84 987026218'),
(257,52,6,'3'),
(258,52,5,'<p>nao estou tendo acesso e meu e-mail  edson.maykon@tecnomulti.com.pst</p>'),
(259,53,3,'INSTALAR E-MAIL OUTLOOK'),
(260,53,1,'bruno.ciriaco@tecnomulti.com'),
(261,53,2,'85981013501'),
(262,53,6,'3'),
(263,53,5,'<p>Bom dia configurar o outlook e instalar o DWG. </p>'),
(264,54,3,'não consigo acessar meu outlook'),
(265,54,1,'aprendiz.recifela@tecnomult.com'),
(266,54,2,'81 986981633'),
(267,54,6,'3'),
(268,54,5,'&#60;p&#62;#47cb7c5c-b2d8e96f-67b4c9ad2804d1.68109059#&#60;/p&#62;'),
(269,55,3,'CHAMADO RAYLLA'),
(270,55,1,'raylla.vitoria@tecnomulti.com'),
(271,55,2,'84988082753'),
(272,55,6,'3'),
(273,55,5,'<p>Boa tarde, Alex!<br>Não consigo rever emails antigos nem enviados.</p>'),
(274,56,3,'TROCA DE NOTEBOOK'),
(275,56,1,'evelyn.azevedo@tecnomulti.com'),
(276,56,2,'84981052542'),
(277,56,6,'5'),
(278,56,5,'<p>Troca de notebook, liberar acessos.</p>');

--
-- Table structure for table `glpi_plugin_formcreator_categories`
--

CREATE TABLE `glpi_plugin_formcreator_categories` (
  `id` int(10) unsigned NOT NULL AUTO_INCREMENT,
  `name` varchar(255) NOT NULL DEFAULT '',
  `comment` mediumtext DEFAULT NULL,
  `completename` varchar(255) DEFAULT NULL,
  `plugin_formcreator_categories_id` int(10) unsigned NOT NULL DEFAULT 0,
  `level` int(11) NOT NULL DEFAULT 1,
  `sons_cache` longtext DEFAULT NULL,
  `ancestors_cache` longtext DEFAULT NULL,
  `knowbaseitemcategories_id` int(10) unsigned NOT NULL DEFAULT 0,
  PRIMARY KEY (`id`),
  KEY `name` (`name`),
  KEY `knowbaseitemcategories_id` (`knowbaseitemcategories_id`),
  KEY `plugin_formcreator_categories_id` (`plugin_formcreator_categories_id`)
) ENGINE=InnoDB AUTO_INCREMENT=2 DEFAULT CHARSET=utf8mb4 COLLATE=utf8mb4_unicode_ci ROW_FORMAT=DYNAMIC;

--
-- Dumping data for table `glpi_plugin_formcreator_categories`
--

INSERT INTO `glpi_plugin_formcreator_categories` VALUES
(1,'Chamado','','Chamado',0,1,'{\"1\":1}','[]',0);

--
-- Table structure for table `glpi_plugin_formcreator_conditions`
--

CREATE TABLE `glpi_plugin_formcreator_conditions` (
  `id` int(10) unsigned NOT NULL AUTO_INCREMENT,
  `itemtype` varchar(255) NOT NULL DEFAULT '' COMMENT 'itemtype of the item affected by the condition',
  `items_id` int(10) unsigned NOT NULL DEFAULT 0 COMMENT 'item ID of the item affected by the condition',
  `plugin_formcreator_questions_id` int(10) unsigned NOT NULL DEFAULT 0 COMMENT 'question to test for the condition',
  `show_condition` int(11) NOT NULL DEFAULT 0,
  `show_value` mediumtext DEFAULT NULL,
  `show_logic` int(11) NOT NULL DEFAULT 1,
  `order` int(11) NOT NULL DEFAULT 1,
  `uuid` varchar(255) DEFAULT NULL,
  PRIMARY KEY (`id`),
  KEY `plugin_formcreator_questions_id` (`plugin_formcreator_questions_id`),
  KEY `item` (`itemtype`,`items_id`)
) ENGINE=InnoDB DEFAULT CHARSET=utf8mb4 COLLATE=utf8mb4_unicode_ci ROW_FORMAT=DYNAMIC;

--
-- Dumping data for table `glpi_plugin_formcreator_conditions`
--


--
-- Table structure for table `glpi_plugin_formcreator_entityconfigs`
--

CREATE TABLE `glpi_plugin_formcreator_entityconfigs` (
  `id` int(10) unsigned NOT NULL AUTO_INCREMENT,
  `entities_id` int(10) unsigned NOT NULL DEFAULT 0,
  `replace_helpdesk` int(11) NOT NULL DEFAULT -2,
  `default_form_list_mode` int(11) NOT NULL DEFAULT -2,
  `sort_order` int(11) NOT NULL DEFAULT -2,
  `is_kb_separated` int(11) NOT NULL DEFAULT -2,
  `is_search_visible` int(11) NOT NULL DEFAULT -2,
  `is_dashboard_visible` int(11) NOT NULL DEFAULT -2,
  `is_header_visible` int(11) NOT NULL DEFAULT -2,
  `is_search_issue_visible` int(11) NOT NULL DEFAULT -2,
  `tile_design` int(11) NOT NULL DEFAULT -2,
  `header` text DEFAULT NULL,
  `service_catalog_home` int(11) NOT NULL DEFAULT -2,
  PRIMARY KEY (`id`),
  UNIQUE KEY `unicity` (`entities_id`)
) ENGINE=InnoDB AUTO_INCREMENT=4 DEFAULT CHARSET=utf8mb4 COLLATE=utf8mb4_unicode_ci ROW_FORMAT=DYNAMIC;

--
-- Dumping data for table `glpi_plugin_formcreator_entityconfigs`
--

INSERT INTO `glpi_plugin_formcreator_entityconfigs` VALUES
(1,2,-2,-2,-2,-2,-2,-2,-2,-2,-2,NULL,-2),
(2,0,0,0,0,0,0,1,0,1,0,NULL,-2),
(3,3,-2,-2,-2,-2,-2,-2,-2,-2,-2,'',-2);

--
-- Table structure for table `glpi_plugin_formcreator_formanswers`
--

CREATE TABLE `glpi_plugin_formcreator_formanswers` (
  `id` int(10) unsigned NOT NULL AUTO_INCREMENT,
  `name` varchar(255) NOT NULL DEFAULT '',
  `entities_id` int(10) unsigned NOT NULL DEFAULT 0,
  `is_recursive` tinyint(1) NOT NULL DEFAULT 0,
  `plugin_formcreator_forms_id` int(10) unsigned NOT NULL DEFAULT 0,
  `requester_id` int(10) unsigned NOT NULL DEFAULT 0,
  `users_id_validator` int(10) unsigned NOT NULL DEFAULT 0 COMMENT 'User in charge of validation',
  `groups_id_validator` int(10) unsigned NOT NULL DEFAULT 0 COMMENT 'Group in charge of validation',
  `request_date` timestamp NULL DEFAULT NULL,
  `status` int(11) NOT NULL DEFAULT 101,
  `comment` mediumtext DEFAULT NULL,
  PRIMARY KEY (`id`),
  KEY `plugin_formcreator_forms_id` (`plugin_formcreator_forms_id`),
  KEY `entities_id_is_recursive` (`entities_id`,`is_recursive`),
  KEY `requester_id` (`requester_id`),
  KEY `users_id_validator` (`users_id_validator`),
  KEY `groups_id_validator` (`groups_id_validator`)
) ENGINE=InnoDB AUTO_INCREMENT=57 DEFAULT CHARSET=utf8mb4 COLLATE=utf8mb4_unicode_ci ROW_FORMAT=DYNAMIC;

--
-- Dumping data for table `glpi_plugin_formcreator_formanswers`
--

INSERT INTO `glpi_plugin_formcreator_formanswers` VALUES
(7,'Novo chamado',2,1,1,9,0,0,'2025-01-16 10:59:30',6,''),
(8,'Novo chamado',2,1,1,9,0,0,'2025-01-17 14:47:06',6,''),
(9,'Novo chamado',2,1,1,9,0,0,'2025-01-17 18:01:10',6,''),
(10,'karla.minelly@tecnomulti.com',2,1,1,9,0,0,'2025-01-20 11:22:02',6,''),
(11,'gilberto.silva@tecnomulti.com',2,1,1,9,0,0,'2025-01-20 13:39:01',6,''),
(12,'graciane.coelho@tecnomulti.com',2,1,1,9,0,0,'2025-01-20 14:05:41',6,''),
(13,'suporte@tecnomulti.com',2,1,1,9,0,0,'2025-01-21 00:18:58',6,''),
(14,'lucia.gomes@tecnomulti.com',2,1,1,9,0,0,'2025-01-21 11:27:28',6,''),
(15,'arthur.abreu@tecnomulti.com',2,1,1,9,0,0,'2025-01-21 13:02:41',6,''),
(16,'Gerson.Lima@tecnimulti.com',2,1,1,9,0,0,'2025-01-21 13:50:24',6,''),
(17,'vinicius.silveira@tecnomulti.com',2,1,1,9,0,0,'2025-01-22 11:00:46',6,''),
(18,'arthur.abreu@tecnomulti.com',2,1,1,9,0,0,'2025-01-22 11:12:01',6,''),
(19,'anacristina.araujo@tecnomulti.com',2,1,1,9,0,0,'2025-01-23 13:02:02',6,''),
(20,'graciane.coelho@tecnomulti.com',2,1,1,9,0,0,'2025-01-27 18:40:14',6,''),
(21,'graciane.coelho@tecnomulti.com',2,1,1,9,0,0,'2025-01-28 11:11:21',6,''),
(22,'selma.belizario@tecnomulti.com',2,1,1,9,0,0,'2025-01-28 12:39:13',6,''),
(23,'gerson.lima@tecnomulti.com',2,1,1,9,0,0,'2025-01-28 13:46:40',6,''),
(24,'monalisa.furtado@tecnomulti.com',2,1,1,9,0,0,'2025-01-28 13:53:54',6,''),
(25,'monalisa.furtado@tecnomulti.com',2,1,1,9,0,0,'2025-01-28 13:59:04',6,''),
(26,'laryssa.felix@tecnomulti.com',2,1,1,9,0,0,'2025-01-28 14:02:27',6,''),
(27,'joaopaulo.leite@tecnomulti.com',2,1,1,9,0,0,'2025-01-28 14:04:55',6,''),
(28,'arthur.abreu@tecnomulti.com',2,1,1,9,0,0,'2025-01-28 14:06:03',6,''),
(29,'gilmar.lourenco@tecnomulti.com',2,1,1,9,0,0,'2025-01-28 14:16:01',6,''),
(30,'jose.carmo@tecnomulti.com',2,1,1,9,0,0,'2025-01-28 14:31:35',6,''),
(31,'elton.jorge@tecnomulti.com',2,1,1,9,0,0,'2025-01-28 15:12:53',6,''),
(32,'vinicius.silveira@tecnomulti.com',2,1,1,9,0,0,'2025-01-28 18:47:27',6,''),
(33,'test@test.com',2,1,1,9,0,0,'2025-01-29 02:56:40',6,''),
(34,'geimisson.marques@tecnomulti.com',2,1,1,9,0,0,'2025-01-29 11:52:14',6,''),
(35,'Sebastiao.clesio@tecnomulti.com',2,1,1,9,0,0,'2025-01-29 11:59:27',6,''),
(36,'lorenalarissa88@gmail.com',2,1,1,9,0,0,'2025-01-30 11:24:45',6,''),
(37,'lanna1457@gmail.com',2,1,1,9,0,0,'2025-01-30 13:44:22',6,''),
(38,'flavia.chagas@tecnomulti.com',2,1,1,9,0,0,'2025-01-30 17:53:59',6,''),
(39,'denilson.marques@tecnomulti.com',2,1,1,9,0,0,'2025-01-30 18:41:10',3,''),
(40,'arthur.ulisses@tecnomulti.com',2,1,1,9,0,0,'2025-02-03 13:18:39',6,''),
(41,'danielle.silva@tecnomulti.com',2,1,1,9,0,0,'2025-02-03 17:21:14',6,''),
(42,'mario.lopes@tecnomulti.com',2,1,1,9,0,0,'2025-02-03 17:44:33',6,''),
(43,'mario.lopes@tecnomulti.com',2,1,1,9,0,0,'2025-02-03 20:21:54',6,''),
(44,'fabiano.melo@tecnomulti.com',2,1,1,9,0,0,'2025-02-04 18:37:10',6,''),
(45,'danielle.silva@tecnomulti.com',2,1,1,9,0,0,'2025-02-04 18:43:15',6,''),
(46,'fabio.jackson@tecnomulti.com',2,1,1,9,0,0,'2025-02-07 14:16:50',6,''),
(47,'amanda.moreira@tecnomulti.com',2,1,1,9,0,0,'2025-02-10 11:16:41',6,''),
(48,'lorenalarissa88@gmail.com',2,1,1,9,0,0,'2025-02-11 12:02:54',6,''),
(49,'joao.ferreira@tecnomulti.com',2,1,1,9,0,0,'2025-02-11 12:41:34',6,''),
(50,'michele.souza@tecnomulti.com',2,1,1,9,0,0,'2025-02-11 15:10:17',6,''),
(51,'gilmar.lourenco@tecnomulti.com',2,1,1,9,0,0,'2025-02-12 11:56:10',6,''),
(52,'edson.maykon@tecnomulti.com.pst',2,1,1,9,0,0,'2025-02-17 11:36:06',2,''),
(53,'bruno.ciriaco@tecnomulti.com',2,1,1,9,0,0,'2025-02-17 12:35:59',2,''),
(54,'aprendiz.recifela@tecnomult.com',2,1,1,9,0,0,'2025-02-18 17:56:01',2,''),
(55,'raylla.vitoria@tecnomulti.com',2,1,1,9,0,0,'2025-02-18 17:56:26',2,''),
(56,'evelyn.azevedo@tecnomulti.com',2,1,1,9,0,0,'2025-02-18 18:48:25',1,'');

--
-- Table structure for table `glpi_plugin_formcreator_forms`
--

CREATE TABLE `glpi_plugin_formcreator_forms` (
  `id` int(10) unsigned NOT NULL AUTO_INCREMENT,
  `name` varchar(255) NOT NULL DEFAULT '',
  `entities_id` int(10) unsigned NOT NULL DEFAULT 0,
  `is_recursive` tinyint(1) NOT NULL DEFAULT 0,
  `icon` varchar(255) NOT NULL DEFAULT '',
  `icon_color` varchar(255) NOT NULL DEFAULT '',
  `background_color` varchar(255) NOT NULL DEFAULT '',
  `access_rights` tinyint(1) NOT NULL DEFAULT 1,
  `description` varchar(255) DEFAULT NULL,
  `content` longtext DEFAULT NULL,
  `plugin_formcreator_categories_id` int(10) unsigned NOT NULL DEFAULT 0,
  `is_active` tinyint(1) NOT NULL DEFAULT 0,
  `language` varchar(255) NOT NULL DEFAULT '',
  `helpdesk_home` tinyint(1) NOT NULL DEFAULT 0,
  `is_deleted` tinyint(1) NOT NULL DEFAULT 0,
  `validation_required` tinyint(1) NOT NULL DEFAULT 0,
  `usage_count` int(11) NOT NULL DEFAULT 0,
  `is_default` tinyint(1) NOT NULL DEFAULT 0,
  `is_captcha_enabled` tinyint(1) NOT NULL DEFAULT 0,
  `show_rule` int(11) NOT NULL DEFAULT 1 COMMENT 'Conditions setting to show the submit button',
  `formanswer_name` varchar(255) NOT NULL DEFAULT '',
  `is_visible` tinyint(4) NOT NULL DEFAULT 1,
  `uuid` varchar(255) DEFAULT NULL,
  PRIMARY KEY (`id`),
  KEY `entities_id` (`entities_id`),
  KEY `plugin_formcreator_categories_id` (`plugin_formcreator_categories_id`),
  FULLTEXT KEY `Search` (`name`,`description`)
) ENGINE=InnoDB AUTO_INCREMENT=2 DEFAULT CHARSET=utf8mb4 COLLATE=utf8mb4_unicode_ci ROW_FORMAT=DYNAMIC;

--
-- Dumping data for table `glpi_plugin_formcreator_forms`
--

INSERT INTO `glpi_plugin_formcreator_forms` VALUES
(1,'Abertura de chamado',0,1,'fas fa-ticket-alt','#999999','#e7e7e7',1,'','',1,1,'pt_BR',1,0,0,56,1,0,1,'##answer_1##',1,'796eb77d-aa543a3a-6781930f665063.21145476');

--
-- Table structure for table `glpi_plugin_formcreator_forms_groups`
--

CREATE TABLE `glpi_plugin_formcreator_forms_groups` (
  `id` int(10) unsigned NOT NULL AUTO_INCREMENT,
  `plugin_formcreator_forms_id` int(10) unsigned NOT NULL,
  `groups_id` int(10) unsigned NOT NULL,
  `uuid` varchar(255) DEFAULT NULL,
  PRIMARY KEY (`id`),
  UNIQUE KEY `unicity` (`plugin_formcreator_forms_id`,`groups_id`)
) ENGINE=InnoDB DEFAULT CHARSET=utf8mb4 COLLATE=utf8mb4_unicode_ci ROW_FORMAT=DYNAMIC;

--
-- Dumping data for table `glpi_plugin_formcreator_forms_groups`
--


--
-- Table structure for table `glpi_plugin_formcreator_forms_languages`
--

CREATE TABLE `glpi_plugin_formcreator_forms_languages` (
  `id` int(10) unsigned NOT NULL AUTO_INCREMENT,
  `plugin_formcreator_forms_id` int(10) unsigned NOT NULL DEFAULT 0,
  `name` varchar(255) DEFAULT NULL,
  `comment` text DEFAULT NULL,
  `uuid` varchar(255) DEFAULT NULL,
  PRIMARY KEY (`id`)
) ENGINE=InnoDB AUTO_INCREMENT=2 DEFAULT CHARSET=utf8mb4 COLLATE=utf8mb4_unicode_ci ROW_FORMAT=DYNAMIC;

--
-- Dumping data for table `glpi_plugin_formcreator_forms_languages`
--

INSERT INTO `glpi_plugin_formcreator_forms_languages` VALUES
(1,1,'pt_BR','','796eb77d-aa543a3a-67884f7286df51.83536989');

--
-- Table structure for table `glpi_plugin_formcreator_forms_profiles`
--

CREATE TABLE `glpi_plugin_formcreator_forms_profiles` (
  `id` int(10) unsigned NOT NULL AUTO_INCREMENT,
  `plugin_formcreator_forms_id` int(10) unsigned NOT NULL DEFAULT 0,
  `profiles_id` int(10) unsigned NOT NULL DEFAULT 0,
  `uuid` varchar(255) DEFAULT NULL,
  PRIMARY KEY (`id`),
  UNIQUE KEY `unicity` (`plugin_formcreator_forms_id`,`profiles_id`)
) ENGINE=InnoDB DEFAULT CHARSET=utf8mb4 COLLATE=utf8mb4_unicode_ci ROW_FORMAT=DYNAMIC;

--
-- Dumping data for table `glpi_plugin_formcreator_forms_profiles`
--


--
-- Table structure for table `glpi_plugin_formcreator_forms_users`
--

CREATE TABLE `glpi_plugin_formcreator_forms_users` (
  `id` int(10) unsigned NOT NULL AUTO_INCREMENT,
  `plugin_formcreator_forms_id` int(10) unsigned NOT NULL,
  `users_id` int(10) unsigned NOT NULL,
  `uuid` varchar(255) DEFAULT NULL,
  PRIMARY KEY (`id`),
  UNIQUE KEY `unicity` (`plugin_formcreator_forms_id`,`users_id`)
) ENGINE=InnoDB DEFAULT CHARSET=utf8mb4 COLLATE=utf8mb4_unicode_ci ROW_FORMAT=DYNAMIC;

--
-- Dumping data for table `glpi_plugin_formcreator_forms_users`
--


--
-- Table structure for table `glpi_plugin_formcreator_forms_validators`
--

CREATE TABLE `glpi_plugin_formcreator_forms_validators` (
  `id` int(10) unsigned NOT NULL AUTO_INCREMENT,
  `plugin_formcreator_forms_id` int(10) unsigned NOT NULL DEFAULT 0,
  `itemtype` varchar(255) NOT NULL DEFAULT '',
  `items_id` int(10) unsigned NOT NULL DEFAULT 0,
  `uuid` varchar(255) DEFAULT NULL,
  PRIMARY KEY (`id`),
  UNIQUE KEY `unicity` (`plugin_formcreator_forms_id`,`itemtype`,`items_id`)
) ENGINE=InnoDB DEFAULT CHARSET=utf8mb4 COLLATE=utf8mb4_unicode_ci ROW_FORMAT=DYNAMIC;

--
-- Dumping data for table `glpi_plugin_formcreator_forms_validators`
--


--
-- Table structure for table `glpi_plugin_formcreator_issues`
--

CREATE TABLE `glpi_plugin_formcreator_issues` (
  `id` int(10) unsigned NOT NULL AUTO_INCREMENT,
  `name` varchar(255) DEFAULT NULL,
  `display_id` varchar(255) NOT NULL,
  `items_id` int(10) unsigned NOT NULL DEFAULT 0,
  `itemtype` varchar(255) NOT NULL DEFAULT '',
  `status` varchar(255) NOT NULL DEFAULT '',
  `date_creation` timestamp NULL DEFAULT NULL,
  `date_mod` timestamp NULL DEFAULT NULL,
  `entities_id` int(10) unsigned NOT NULL DEFAULT 0,
  `is_recursive` tinyint(1) NOT NULL DEFAULT 0,
  `requester_id` int(10) unsigned NOT NULL DEFAULT 0,
  `comment` longtext DEFAULT NULL,
  `users_id_recipient` int(10) unsigned NOT NULL DEFAULT 0,
  PRIMARY KEY (`id`),
  KEY `item` (`itemtype`,`items_id`),
  KEY `entities_id` (`entities_id`),
  KEY `requester_id` (`requester_id`)
) ENGINE=InnoDB AUTO_INCREMENT=77 DEFAULT CHARSET=utf8mb4 COLLATE=utf8mb4_unicode_ci ROW_FORMAT=DYNAMIC;

--
-- Dumping data for table `glpi_plugin_formcreator_issues`
--

INSERT INTO `glpi_plugin_formcreator_issues` VALUES
(1,'Sem internet ','t_17',17,'Ticket','6','2025-01-07 13:39:34','2025-01-08 12:28:46',2,0,9,'&#60;p&#62;Telefone: &#60;a href=\"tel:84999811377\"&#62;84999811377&#60;/a&#62;&#60;/p&#62;\n&#60;p&#62;E-mail: Denílson.marques@tecnomtuli.com&#60;/p&#62;',9),
(2,'Não envio de e-mail','t_18',18,'Ticket','6','2025-01-07 13:56:33','2025-01-07 13:58:07',2,0,9,'&#60;p&#62;Telefone: 8199405-5418&#60;/p&#62;\n&#60;p&#62;E-mail: palloma.ferreira@tecnomulti.com&#60;/p&#62;\n&#60;p&#62;&#60;strong&#62;E-mail não esta enviando e-mails&#60;/strong&#62;&#60;/p&#62;',9),
(3,'email tecnomulti ','t_19',19,'Ticket','6','2025-01-08 09:38:38','2025-01-10 00:56:50',2,0,9,'&#60;p&#62;Telefone: 81 992936741&#60;/p&#62;\n&#60;p&#62;E-mail:fabiano.melo@tecnomulti.com&#60;/p&#62;\n&#60;p&#62;gostaria de colocar o email da empresa em telefone IOS &#60;/p&#62;',9),
(4,'ERRO PARA ACESSAR O SAP','t_20',20,'Ticket','6','2025-01-08 13:21:24','2025-01-08 13:36:39',2,0,9,'&#60;p&#62;Telefone: 83 99907-5161&#60;/p&#62;\n&#60;p&#62;E-mail: lucia.gomes@tecnomulti.com&#60;/p&#62;',9),
(5,'Instalação de office 2022','t_21',21,'Ticket','6','2025-01-08 16:36:37','2025-01-08 20:42:50',2,0,9,'&#60;p&#62;Telefone: 85 992080037&#60;/p&#62;\n&#60;p&#62;E-mail: aurelio.matos.for@gmail.com&#60;/p&#62;\n&#60;p&#62;Instalação de office 2022&#60;/p&#62;',9),
(6,'Instalação Microsoft 365','t_22',22,'Ticket','6','2025-01-09 17:57:23','2025-01-10 00:55:36',2,0,9,'&#60;p&#62;Telefone: 84999460230&#60;/p&#62;\n&#60;p&#62;E-mail: gilmar.lourenco@tecnomulti.com&#60;/p&#62;',9),
(7,'Caixa de Email Lotada','t_23',23,'Ticket','6','2025-01-09 18:02:47','2025-01-13 11:40:41',2,0,9,'&#60;p&#62;Telefone: 84 991046460&#60;/p&#62;\n&#60;p&#62;E-mail: vinicius.silveira@tecnomulti.com&#60;/p&#62;',9),
(8,'VPN ','t_24',24,'Ticket','6','2025-01-10 16:41:54','2025-01-14 15:38:26',2,0,9,'&#60;p&#62;Ola, gostaria de solicitar com prioridade a instalação da VPN no meu notebook para que possa utilizar Fora da Rede da Empresa. &#60;/p&#62;',9),
(9,'VPN','t_25',25,'Ticket','6','2025-01-10 16:45:39','2025-01-14 15:39:01',2,0,9,'&#60;p&#62;Ola, gostaria de solicitar com prioridade a instalação da VPN no meu notebook para que possa utilizar Fora da Rede da Empresa.&#60;/p&#62;',9),
(10,'VPN','t_26',26,'Ticket','6','2025-01-10 16:45:54','2025-01-14 15:39:17',2,0,9,'&#60;p&#62;Ola, gostaria de solicitar com prioridade a instalação da VPN no meu notebook para que possa utilizar Fora da Rede da Empresa.&#60;/p&#62;\n&#60;p&#62; &#60;/p&#62;',9),
(11,'VPN','t_27',27,'Ticket','6','2025-01-10 16:46:13','2025-01-14 15:38:44',2,0,9,'&#60;p&#62;Ola, gostaria de solicitar com prioridade a instalação da VPN no meu notebook para que possa utilizar Fora da Rede da Empresa.&#60;/p&#62;',9),
(12,'Barra de pesquisa','t_28',28,'Ticket','6','2025-01-13 12:35:41','2025-01-13 13:43:05',2,0,9,'&#60;p&#62;Telefone:84 8831-7787&#60;/p&#62;\n&#60;p&#62;E-mail:flavia.chagas@tecnomulti.com&#60;/p&#62;',9),
(13,'JAVA BLOQUEADO','t_29',29,'Ticket','6','2025-01-13 12:51:07','2025-01-13 13:31:06',2,0,9,'&#60;p&#62;Telefone: 84 991172132&#60;/p&#62;\n&#60;p&#62;E-mail: kivia.kevelen@tecnomulti.com&#60;/p&#62;',9),
(14,'VPN','t_30',30,'Ticket','6','2025-01-14 14:18:23','2025-01-14 19:35:24',2,0,9,'&#60;p&#62;Telefone:  81 9402-7371&#60;/p&#62;\n&#60;p&#62;E-mail: larissa.lorena@tecnomulti.com&#60;/p&#62;',9),
(15,'VPN','t_31',31,'Ticket','6','2025-01-14 18:57:19','2025-01-28 14:40:30',2,0,9,'&#60;p&#62;Telefone:81 992936741&#60;/p&#62;\n&#60;p&#62;E-mail: fabiano.melo@tecnomulti.com&#60;/p&#62;\n&#60;p&#62;boa tarde ! solicito por favor a VPN para acompanhar os testes da minha equipe &#60;/p&#62;\n&#60;p&#62; &#60;/p&#62;\n&#60;p&#62;favor assim que possivel Grato &#60;/p&#62;',9),
(16,'AUTOCAD, KMZ','t_32',32,'Ticket','6','2025-01-14 19:40:44','2025-01-20 13:31:02',2,0,9,'&#60;p&#62;Telefone: 84 987602692&#60;/p&#62;\n&#60;p&#62;E-mail: lucas.willams@tecnomulti.com&#60;/p&#62;',9),
(20,'MEMORIA CHEIA','t_36',36,'Ticket','6','2025-01-15 19:02:56','2025-01-17 12:03:35',2,0,9,'&#60;p&#62;Telefone: 81 8695-4083&#60;/p&#62;\n&#60;p&#62;E-mail: jose.carmo@tecnomulti.com&#60;/p&#62;',9),
(27,'Lentidão jose.carmo@tecnomulti.com','t_43',43,'Ticket','6','2025-01-16 10:59:30','2025-01-17 12:02:32',2,0,9,'&#60;div&#62;&#60;h1&#62;Dados do formulário&#60;/h1&#62;&#60;h2&#62;Novo chamado&#60;/h2&#62;&#60;div&#62;&#60;b&#62;1) Título : &#60;/b&#62;Lentidão&#60;/div&#62;&#60;div&#62;&#60;b&#62;2) E-mail : &#60;/b&#62;jose.carmo@tecnomulti.com&#60;/div&#62;&#60;div&#62;&#60;b&#62;3) Telefone : &#60;/b&#62;81 8695-4083&#60;/div&#62;&#60;div&#62;&#60;b&#62;4) Categoria : &#60;/b&#62;Equipamentos/Periféricos&#60;/div&#62;&#60;div&#62;&#60;b&#62;5) Informe mais detalhes : &#60;/b&#62;&#60;p&#62;O notebook não está abrindo mais de 2 &#60;/p&#62;&#60;/div&#62;&#60;/div&#62;',9),
(28,'Problema no email. jayana.monte@tecnomulti.com','t_44',44,'Ticket','6','2025-01-17 14:47:06','2025-01-20 11:47:29',2,0,9,'&#60;div&#62;&#60;h1&#62;Dados do formulário&#60;/h1&#62;&#60;h2&#62;Novo chamado&#60;/h2&#62;&#60;div&#62;&#60;b&#62;1) Título : &#60;/b&#62;Problema no email.&#60;/div&#62;&#60;div&#62;&#60;b&#62;2) E-mail : &#60;/b&#62;jayana.monte@tecnomulti.com&#60;/div&#62;&#60;div&#62;&#60;b&#62;3) Telefone : &#60;/b&#62;81996609102&#60;/div&#62;&#60;div&#62;&#60;b&#62;4) Categoria : &#60;/b&#62;E-mail&#60;/div&#62;&#60;div&#62;&#60;b&#62;5) Informe mais detalhes : &#60;/b&#62;&#60;p&#62;Recebi um email falando sobre a conta de email está cheia, porém não tem muita coisa no email.&#60;/p&#62;&#60;/div&#62;&#60;/div&#62;',9),
(29,'Eu já desinstalei o aplicativo da impressora e já instalei novamente e a impressora não conecta karla.minelly@tecnomulti.com','t_45',45,'Ticket','6','2025-01-17 18:01:10','2025-01-20 14:21:56',2,0,9,'&#60;div&#62;&#60;h1&#62;Dados do formulário&#60;/h1&#62;&#60;h2&#62;Novo chamado&#60;/h2&#62;&#60;div&#62;&#60;b&#62;1) Título : &#60;/b&#62;Eu já desinstalei o aplicativo da impressora e já instalei novamente e a impressora não conecta&#60;/div&#62;&#60;div&#62;&#60;b&#62;2) E-mail : &#60;/b&#62;karla.minelly@tecnomulti.com&#60;/div&#62;&#60;div&#62;&#60;b&#62;3) Telefone : &#60;/b&#62;83988277027&#60;/div&#62;&#60;div&#62;&#60;b&#62;4) Categoria : &#60;/b&#62;Equipamentos/Periféricos&#60;/div&#62;&#60;div&#62;&#60;b&#62;5) Informe mais detalhes : &#60;/b&#62;&#60;p&#62;Eu já desinstalei o aplicativo da impressora e já instalei novamente e a impressora não conecta&#60;/p&#62;&#60;/div&#62;&#60;/div&#62;',9),
(30,'KARLA KINELLY DE AQUINO ALEXANDRE','t_46',46,'Ticket','6','2025-01-20 11:22:02','2025-01-20 14:21:10',2,0,9,'&#60;div&#62;&#60;h1&#62;Dados do formulário&#60;/h1&#62;&#60;h2&#62;Novo chamado&#60;/h2&#62;&#60;div&#62;&#60;b&#62;1) Título : &#60;/b&#62;KARLA KINELLY DE AQUINO ALEXANDRE&#60;/div&#62;&#60;div&#62;&#60;b&#62;2) E-mail : &#60;/b&#62;karla.minelly@tecnomulti.com&#60;/div&#62;&#60;div&#62;&#60;b&#62;3) Telefone : &#60;/b&#62;83988277027&#60;/div&#62;&#60;div&#62;&#60;b&#62;4) Categoria : &#60;/b&#62;Equipamentos/Periféricos&#60;/div&#62;&#60;div&#62;&#60;b&#62;5) Informe mais detalhes : &#60;/b&#62;&#60;p&#62;A IMPRESSORA NÃO CONECTA AO APLICATIVO INSTADO. JÁ DESINSTELEI E INSTALEI O APLICATIVO, MESMO ASSIM NÃO CONECTA.&#60;/p&#62;&#60;/div&#62;&#60;/div&#62;',9),
(31,'Instalação de vpn','t_47',47,'Ticket','6','2025-01-20 13:39:01','2025-01-20 14:33:05',2,0,9,'&#60;div&#62;&#60;h1&#62;Dados do formulário&#60;/h1&#62;&#60;h2&#62;Novo chamado&#60;/h2&#62;&#60;div&#62;&#60;b&#62;1) Título : &#60;/b&#62;Instalação de vpn&#60;/div&#62;&#60;div&#62;&#60;b&#62;2) E-mail : &#60;/b&#62;gilberto.silva@tecnomulti.com&#60;/div&#62;&#60;div&#62;&#60;b&#62;3) Telefone : &#60;/b&#62;81991391898&#60;/div&#62;&#60;div&#62;&#60;b&#62;4) Categoria : &#60;/b&#62;Sistema Operacional/Programas&#60;/div&#62;&#60;div&#62;&#60;b&#62;5) Informe mais detalhes : &#60;/b&#62;&#60;p&#62;Instalação de vpn&#60;/p&#62;\n&#60;p&#62; &#60;/p&#62;\n&#60;p&#62; &#60;/p&#62;&#60;/div&#62;&#60;/div&#62;',9),
(32,'CAIXA DE EMAIL CHEIA ','t_48',48,'Ticket','6','2025-01-20 14:05:41','2025-01-24 11:59:40',2,0,9,'&#60;div&#62;&#60;h1&#62;Dados do formulário&#60;/h1&#62;&#60;h2&#62;Novo chamado&#60;/h2&#62;&#60;div&#62;&#60;b&#62;1) Título : &#60;/b&#62;CAIXA DE EMAIL CHEIA &#60;/div&#62;&#60;div&#62;&#60;b&#62;2) E-mail : &#60;/b&#62;graciane.coelho@tecnomulti.com&#60;/div&#62;&#60;div&#62;&#60;b&#62;3) Telefone : &#60;/b&#62;81986981633&#60;/div&#62;&#60;div&#62;&#60;b&#62;4) Categoria : &#60;/b&#62;E-mail&#60;/div&#62;&#60;div&#62;&#60;b&#62;5) Informe mais detalhes : &#60;/b&#62;&#60;p&#62;&#60;a href=\"/front/document.send.php?docid=10&#38;itemtype=Ticket&#38;items_id=48\" target=\"_blank\" &#62;&#60;img alt=\"ec3ac8cc-b2d8e96f-678e5833761ee6.52395438\" width=\"1366\" src=\"/front/document.send.php?docid=10&#38;itemtype=Ticket&#38;items_id=48\" /&#62;&#60;/a&#62;&#60;/p&#62;&#60;/div&#62;&#60;/div&#62;',9),
(34,'CONECTAR IMPRESSORA NO PC','t_50',50,'Ticket','6','2025-01-21 11:27:28','2025-01-21 15:06:20',2,0,9,'&#60;div&#62;&#60;h1&#62;Dados do formulário&#60;/h1&#62;&#60;h2&#62;Novo chamado&#60;/h2&#62;&#60;div&#62;&#60;b&#62;1) Título : &#60;/b&#62;CONECTAR IMPRESSORA NO PC&#60;/div&#62;&#60;div&#62;&#60;b&#62;2) E-mail : &#60;/b&#62;lucia.gomes@tecnomulti.com&#60;/div&#62;&#60;div&#62;&#60;b&#62;3) Telefone : &#60;/b&#62;83999075161&#60;/div&#62;&#60;div&#62;&#60;b&#62;4) Categoria : &#60;/b&#62;Equipamentos/Periféricos&#60;/div&#62;&#60;div&#62;&#60;b&#62;5) Informe mais detalhes : &#60;/b&#62;&#60;p&#62;Quando tento imprimir abre essa aba nos documentos &#60;a href=\"/front/document.send.php?docid=12&#38;itemtype=Ticket&#38;items_id=50\" target=\"_blank\" &#62;&#60;img alt=\"ec3ac8cc-b2d8e96f-678f840b8e9a32.37877242\" width=\"1366\" src=\"/front/document.send.php?docid=12&#38;itemtype=Ticket&#38;items_id=50\" /&#62;&#60;/a&#62;&#60;/p&#62;&#60;/div&#62;&#60;/div&#62;',9),
(35,'Expansão - Memória interna ssd + RAM','t_51',51,'Ticket','6','2025-01-21 13:02:41','2025-01-22 16:59:29',2,0,9,'&#60;div&#62;&#60;h1&#62;Dados do formulário&#60;/h1&#62;&#60;h2&#62;Novo chamado&#60;/h2&#62;&#60;div&#62;&#60;b&#62;1) Título : &#60;/b&#62;Expansão - Memória interna ssd + RAM&#60;/div&#62;&#60;div&#62;&#60;b&#62;2) E-mail : &#60;/b&#62;arthur.abreu@tecnomulti.com&#60;/div&#62;&#60;div&#62;&#60;b&#62;3) Telefone : &#60;/b&#62;84 999460068&#60;/div&#62;&#60;div&#62;&#60;b&#62;4) Categoria : &#60;/b&#62;Equipamentos/Periféricos&#60;/div&#62;&#60;div&#62;&#60;b&#62;5) Informe mais detalhes : &#60;/b&#62;&#60;p&#62;A memória interna do notebook está topado, e juntamente disso, a memoria RAM está sempre em seu uso total (imagem abaixo), e acredito que seja a junção desses fatores que estão ocasionando travamentos e fechamentos de relatórios, assim como limitando o usos de alguns recursos dos mesmos e outros programas.&#60;br&#62;&#60;br&#62;&#60;a href=\"/front/document.send.php?docid=13&#38;itemtype=Ticket&#38;items_id=51\" target=\"_blank\" &#62;&#60;img alt=\"ec3ac8cc-b2d8e96f-678f9ac07b0fe6.57690040\" width=\"1123\" src=\"/front/document.send.php?docid=13&#38;itemtype=Ticket&#38;items_id=51\" /&#62;&#60;/a&#62;&#60;/p&#62;&#60;/div&#62;&#60;/div&#62;',9),
(36,'Excell','t_52',52,'Ticket','6','2025-01-21 13:50:24','2025-01-21 15:27:14',2,0,9,'&#60;div&#62;&#60;h1&#62;Dados do formulário&#60;/h1&#62;&#60;h2&#62;Novo chamado&#60;/h2&#62;&#60;div&#62;&#60;b&#62;1) Título : &#60;/b&#62;Excell&#60;/div&#62;&#60;div&#62;&#60;b&#62;2) E-mail : &#60;/b&#62;Gerson.Lima@tecnimulti.com&#60;/div&#62;&#60;div&#62;&#60;b&#62;3) Telefone : &#60;/b&#62;71992750348&#60;/div&#62;&#60;div&#62;&#60;b&#62;4) Categoria : &#60;/b&#62;Sistema Operacional/Programas&#60;/div&#62;&#60;div&#62;&#60;b&#62;5) Informe mais detalhes : &#60;/b&#62;&#60;p&#62;Excell com problema, expirou  &#60;/p&#62;&#60;/div&#62;&#60;/div&#62;',9),
(37,'Caixa de Email Cheia','t_53',53,'Ticket','6','2025-01-22 11:00:46','2025-01-24 12:00:22',2,0,9,'&#60;div&#62;&#60;h1&#62;Dados do formulário&#60;/h1&#62;&#60;h2&#62;Novo chamado&#60;/h2&#62;&#60;div&#62;&#60;b&#62;1) Título : &#60;/b&#62;Caixa de Email Cheia&#60;/div&#62;&#60;div&#62;&#60;b&#62;2) E-mail : &#60;/b&#62;vinicius.silveira@tecnomulti.com&#60;/div&#62;&#60;div&#62;&#60;b&#62;3) Telefone : &#60;/b&#62;84 99104-6460&#60;/div&#62;&#60;div&#62;&#60;b&#62;4) Categoria : &#60;/b&#62;E-mail&#60;/div&#62;&#60;div&#62;&#60;b&#62;5) Informe mais detalhes : &#60;/b&#62;&#60;p&#62;Caixa de E-mail cheia&#60;br&#62;&#60;a href=\"/front/document.send.php?docid=14&#38;itemtype=Ticket&#38;items_id=53\" target=\"_blank\" &#62;&#60;img alt=\"ec3ac8cc-b2d8e96f-6790cfd5928179.61613302\" width=\"1069\" src=\"/front/document.send.php?docid=14&#38;itemtype=Ticket&#38;items_id=53\" /&#62;&#60;/a&#62;&#60;/p&#62;&#60;/div&#62;&#60;/div&#62;',9),
(38,'Notebook perdendo sinal de Wi FI','t_54',54,'Ticket','6','2025-01-22 11:12:01','2025-01-22 16:52:53',2,0,9,'&#60;div&#62;&#60;h1&#62;Dados do formulário&#60;/h1&#62;&#60;h2&#62;Novo chamado&#60;/h2&#62;&#60;div&#62;&#60;b&#62;1) Título : &#60;/b&#62;Notebook perdendo sinal de Wi FI&#60;/div&#62;&#60;div&#62;&#60;b&#62;2) E-mail : &#60;/b&#62;arthur.abreu@tecnomulti.com&#60;/div&#62;&#60;div&#62;&#60;b&#62;3) Telefone : &#60;/b&#62;84 999460068&#60;/div&#62;&#60;div&#62;&#60;b&#62;4) Categoria : &#60;/b&#62;Equipamentos/Periféricos&#60;/div&#62;&#60;div&#62;&#60;b&#62;5) Informe mais detalhes : &#60;/b&#62;&#60;p&#62;Wi fi do computador perde conectividade com a rede e deixa de enxergar as redes disponíveis no local.&#60;/p&#62;&#60;/div&#62;&#60;/div&#62;',9),
(39,'SAP COM PROBLEMA ','t_55',55,'Ticket','6','2025-01-23 13:02:02','2025-01-23 13:39:28',2,0,9,'&#60;div&#62;&#60;h1&#62;Dados do formulário&#60;/h1&#62;&#60;h2&#62;Novo chamado&#60;/h2&#62;&#60;div&#62;&#60;b&#62;1) Título : &#60;/b&#62;SAP COM PROBLEMA &#60;/div&#62;&#60;div&#62;&#60;b&#62;2) E-mail : &#60;/b&#62;anacristina.araujo@tecnomulti.com&#60;/div&#62;&#60;div&#62;&#60;b&#62;3) Telefone : &#60;/b&#62;83 996110690&#60;/div&#62;&#60;div&#62;&#60;b&#62;4) Categoria : &#60;/b&#62;Rede/Internet&#60;/div&#62;&#60;div&#62;&#60;b&#62;5) Informe mais detalhes : &#60;/b&#62;&#60;p&#62;SEM ACESSO AO SAP - JÁ LIMPEI CACHE - REINICIEI E NADA &#60;/p&#62;\n&#60;p&#62; &#60;/p&#62;&#60;/div&#62;&#60;/div&#62;',9),
(40,'CAIXA DE EMAIL CHEIA ','t_56',56,'Ticket','6','2025-01-27 18:40:14','2025-01-28 12:51:41',2,0,9,'&#60;div&#62;&#60;h1&#62;Dados do formulário&#60;/h1&#62;&#60;h2&#62;Novo chamado&#60;/h2&#62;&#60;div&#62;&#60;b&#62;1) Título : &#60;/b&#62;CAIXA DE EMAIL CHEIA &#60;/div&#62;&#60;div&#62;&#60;b&#62;2) E-mail : &#60;/b&#62;graciane.coelho@tecnomulti.com&#60;/div&#62;&#60;div&#62;&#60;b&#62;3) Telefone : &#60;/b&#62;81986981633&#60;/div&#62;&#60;div&#62;&#60;b&#62;4) Categoria : &#60;/b&#62;E-mail&#60;/div&#62;&#60;div&#62;&#60;b&#62;5) Informe mais detalhes : &#60;/b&#62;&#60;p&#62;CAIXA DE EMAIL CHEIAS&#60;/p&#62;&#60;/div&#62;&#60;/div&#62;',9),
(41,'CAIXA DE EMAIL CHEIA ','t_57',57,'Ticket','6','2025-01-28 11:11:21','2025-01-28 11:41:20',2,0,9,'&#60;div&#62;&#60;h1&#62;Dados do formulário&#60;/h1&#62;&#60;h2&#62;Novo chamado&#60;/h2&#62;&#60;div&#62;&#60;b&#62;1) Título : &#60;/b&#62;CAIXA DE EMAIL CHEIA &#60;/div&#62;&#60;div&#62;&#60;b&#62;2) E-mail : &#60;/b&#62;graciane.coelho@tecnomulti.com&#60;/div&#62;&#60;div&#62;&#60;b&#62;3) Telefone : &#60;/b&#62;81986981633&#60;/div&#62;&#60;div&#62;&#60;b&#62;4) Categoria : &#60;/b&#62;E-mail&#60;/div&#62;&#60;div&#62;&#60;b&#62;5) Informe mais detalhes : &#60;/b&#62;&#60;p&#62;e-mail com problema &#60;/p&#62;&#60;/div&#62;&#60;/div&#62;',9),
(42,'OSP control não está abrindo e ativar o e-mail ','t_58',58,'Ticket','6','2025-01-28 12:39:13','2025-02-13 14:01:10',2,0,9,'&#60;div&#62;&#60;h1&#62;Dados do formulário&#60;/h1&#62;&#60;h2&#62;Novo chamado&#60;/h2&#62;&#60;div&#62;&#60;b&#62;1) Título : &#60;/b&#62;OSP control não está abrindo e ativar o e-mail &#60;/div&#62;&#60;div&#62;&#60;b&#62;2) E-mail : &#60;/b&#62;selma.belizario@tecnomulti.com&#60;/div&#62;&#60;div&#62;&#60;b&#62;3) Telefone : &#60;/b&#62;83 98808-8867&#60;/div&#62;&#60;div&#62;&#60;b&#62;4) Categoria : &#60;/b&#62;Sistemas VIVO/FIBRASIL&#60;/div&#62;&#60;div&#62;&#60;b&#62;5) Informe mais detalhes : &#60;/b&#62;&#60;p&#62;toda vez que tento acessar o OSP Control aparece a mensagem: ops, algo deu errado. Por favor, tente novamente. Consigo acessar em outo notebook, mas no meu não acessa. &#60;/p&#62;\n&#60;p&#62;Também preciso que o meu e-mail seja migrado do notebook anterior, para o que estou utilizado agora.&#60;/p&#62;&#60;/div&#62;&#60;/div&#62;',9),
(43,'GOOGLE HEART','t_59',59,'Ticket','6','2025-01-28 13:46:40','2025-01-28 19:27:19',2,0,9,'&#60;div&#62;&#60;h1&#62;Dados do formulário&#60;/h1&#62;&#60;h2&#62;Novo chamado&#60;/h2&#62;&#60;div&#62;&#60;b&#62;1) Título : &#60;/b&#62;GOOGLE HEART&#60;/div&#62;&#60;div&#62;&#60;b&#62;2) E-mail : &#60;/b&#62;gerson.lima@tecnomulti.com&#60;/div&#62;&#60;div&#62;&#60;b&#62;3) Telefone : &#60;/b&#62;71992750348&#60;/div&#62;&#60;div&#62;&#60;b&#62;4) Categoria : &#60;/b&#62;Sistema Operacional/Programas&#60;/div&#62;&#60;div&#62;&#60;b&#62;5) Informe mais detalhes : &#60;/b&#62;&#60;p&#62;google heart com erro, necessário reinstalar &#60;/p&#62;&#60;/div&#62;&#60;/div&#62;',9),
(44,'PASTA DE REDE / FROTA','t_60',60,'Ticket','6','2025-01-28 13:53:54','2025-01-28 13:58:52',2,0,9,'&#60;div&#62;&#60;h1&#62;Dados do formulário&#60;/h1&#62;&#60;h2&#62;Novo chamado&#60;/h2&#62;&#60;div&#62;&#60;b&#62;1) Título : &#60;/b&#62;PASTA DE REDE / FROTA&#60;/div&#62;&#60;div&#62;&#60;b&#62;2) E-mail : &#60;/b&#62;monalisa.furtado@tecnomulti.com&#60;/div&#62;&#60;div&#62;&#60;b&#62;3) Telefone : &#60;/b&#62;84988112339&#60;/div&#62;&#60;div&#62;&#60;b&#62;4) Categoria : &#60;/b&#62;Sistema Operacional/Programas&#60;/div&#62;&#60;div&#62;&#60;b&#62;5) Informe mais detalhes : &#60;/b&#62;&#60;p&#62;Monalisa: 368905108&#60;/p&#62;&#60;/div&#62;&#60;/div&#62;',9),
(45,'PASTA DE REDE / FROTA','t_61',61,'Ticket','6','2025-01-28 13:59:04','2025-01-28 14:02:05',2,0,9,'&#60;div&#62;&#60;h1&#62;Dados do formulário&#60;/h1&#62;&#60;h2&#62;Novo chamado&#60;/h2&#62;&#60;div&#62;&#60;b&#62;1) Título : &#60;/b&#62;PASTA DE REDE / FROTA&#60;/div&#62;&#60;div&#62;&#60;b&#62;2) E-mail : &#60;/b&#62;monalisa.furtado@tecnomulti.com&#60;/div&#62;&#60;div&#62;&#60;b&#62;3) Telefone : &#60;/b&#62;84988112339&#60;/div&#62;&#60;div&#62;&#60;b&#62;4) Categoria : &#60;/b&#62;Sistema Operacional/Programas&#60;/div&#62;&#60;div&#62;&#60;b&#62;5) Informe mais detalhes : &#60;/b&#62;&#60;p&#62;Monalisa: 368 905 108&#60;/p&#62;\n&#60;p&#62; &#60;/p&#62;&#60;/div&#62;&#60;/div&#62;',9),
(46,'PASTA FROTA','t_62',62,'Ticket','6','2025-01-28 14:02:27','2025-01-28 14:05:20',2,0,9,'&#60;div&#62;&#60;h1&#62;Dados do formulário&#60;/h1&#62;&#60;h2&#62;Novo chamado&#60;/h2&#62;&#60;div&#62;&#60;b&#62;1) Título : &#60;/b&#62;PASTA FROTA&#60;/div&#62;&#60;div&#62;&#60;b&#62;2) E-mail : &#60;/b&#62;laryssa.felix@tecnomulti.com&#60;/div&#62;&#60;div&#62;&#60;b&#62;3) Telefone : &#60;/b&#62;84988112339&#60;/div&#62;&#60;div&#62;&#60;b&#62;4) Categoria : &#60;/b&#62;Sistema Operacional/Programas&#60;/div&#62;&#60;div&#62;&#60;b&#62;5) Informe mais detalhes : &#60;/b&#62;&#60;p&#62;ANYDESK: 1050 655 391&#60;/p&#62;&#60;/div&#62;&#60;/div&#62;',9),
(47,'PASTA DE REDE / FROTA','t_63',63,'Ticket','6','2025-01-28 14:04:55','2025-01-28 14:11:39',2,0,9,'&#60;div&#62;&#60;h1&#62;Dados do formulário&#60;/h1&#62;&#60;h2&#62;Novo chamado&#60;/h2&#62;&#60;div&#62;&#60;b&#62;1) Título : &#60;/b&#62;PASTA DE REDE / FROTA&#60;/div&#62;&#60;div&#62;&#60;b&#62;2) E-mail : &#60;/b&#62;joaopaulo.leite@tecnomulti.com&#60;/div&#62;&#60;div&#62;&#60;b&#62;3) Telefone : &#60;/b&#62;81 98584-2246&#60;/div&#62;&#60;div&#62;&#60;b&#62;4) Categoria : &#60;/b&#62;Rede/Internet&#60;/div&#62;&#60;div&#62;&#60;b&#62;5) Informe mais detalhes : &#60;/b&#62;&#60;p&#62;ANYDESK: 723335506&#60;/p&#62;&#60;/div&#62;&#60;/div&#62;',9),
(48,'PASTA DE REDE / FROTA','t_64',64,'Ticket','6','2025-01-28 14:06:03','2025-01-28 14:13:35',2,0,9,'&#60;div&#62;&#60;h1&#62;Dados do formulário&#60;/h1&#62;&#60;h2&#62;Novo chamado&#60;/h2&#62;&#60;div&#62;&#60;b&#62;1) Título : &#60;/b&#62;PASTA DE REDE / FROTA&#60;/div&#62;&#60;div&#62;&#60;b&#62;2) E-mail : &#60;/b&#62;arthur.abreu@tecnomulti.com&#60;/div&#62;&#60;div&#62;&#60;b&#62;3) Telefone : &#60;/b&#62;84 9946-0068&#60;/div&#62;&#60;div&#62;&#60;b&#62;4) Categoria : &#60;/b&#62;Rede/Internet&#60;/div&#62;&#60;div&#62;&#60;b&#62;5) Informe mais detalhes : &#60;/b&#62;&#60;p&#62;Anydesk: 1 307 766 794&#60;/p&#62;&#60;/div&#62;&#60;/div&#62;',9),
(49,'PASTA DE REDE / FROTA','t_65',65,'Ticket','6','2025-01-28 14:16:01','2025-01-28 14:49:48',2,0,9,'&#60;div&#62;&#60;h1&#62;Dados do formulário&#60;/h1&#62;&#60;h2&#62;Novo chamado&#60;/h2&#62;&#60;div&#62;&#60;b&#62;1) Título : &#60;/b&#62;PASTA DE REDE / FROTA&#60;/div&#62;&#60;div&#62;&#60;b&#62;2) E-mail : &#60;/b&#62;gilmar.lourenco@tecnomulti.com&#60;/div&#62;&#60;div&#62;&#60;b&#62;3) Telefone : &#60;/b&#62;84 99946-0230&#60;/div&#62;&#60;div&#62;&#60;b&#62;4) Categoria : &#60;/b&#62;Rede/Internet&#60;/div&#62;&#60;div&#62;&#60;b&#62;5) Informe mais detalhes : &#60;/b&#62;&#60;p&#62;ANYDESK: 777746514&#60;/p&#62;&#60;/div&#62;&#60;/div&#62;',9),
(50,'Configurar o SAP ','t_66',66,'Ticket','6','2025-01-28 14:31:35','2025-01-28 20:20:30',2,0,9,'&#60;div&#62;&#60;h1&#62;Dados do formulário&#60;/h1&#62;&#60;h2&#62;Novo chamado&#60;/h2&#62;&#60;div&#62;&#60;b&#62;1) Título : &#60;/b&#62;Configurar o SAP &#60;/div&#62;&#60;div&#62;&#60;b&#62;2) E-mail : &#60;/b&#62;jose.carmo@tecnomulti.com&#60;/div&#62;&#60;div&#62;&#60;b&#62;3) Telefone : &#60;/b&#62;81986954083&#60;/div&#62;&#60;div&#62;&#60;b&#62;4) Categoria : &#60;/b&#62;Sistemas VIVO/FIBRASIL&#60;/div&#62;&#60;div&#62;&#60;b&#62;5) Informe mais detalhes : &#60;/b&#62;&#60;p&#62;Preciso urgentemente que configure minha conta nova do Sap nessa maquina. &#60;/p&#62;&#60;/div&#62;&#60;/div&#62;',9),
(51,'CONECTAR IMPRESSORA NO PC','t_67',67,'Ticket','6','2025-01-28 15:12:53','2025-01-28 20:18:45',2,0,9,'&#60;div&#62;&#60;h1&#62;Dados do formulário&#60;/h1&#62;&#60;h2&#62;Novo chamado&#60;/h2&#62;&#60;div&#62;&#60;b&#62;1) Título : &#60;/b&#62;CONECTAR IMPRESSORA NO PC&#60;/div&#62;&#60;div&#62;&#60;b&#62;2) E-mail : &#60;/b&#62;elton.jorge@tecnomulti.com&#60;/div&#62;&#60;div&#62;&#60;b&#62;3) Telefone : &#60;/b&#62;+55 83 8199-1245&#60;/div&#62;&#60;div&#62;&#60;b&#62;4) Categoria : &#60;/b&#62;Equipamentos/Periféricos&#60;/div&#62;&#60;div&#62;&#60;b&#62;5) Informe mais detalhes : &#60;/b&#62;&#60;p&#62;erro ao tentar impressão&#60;/p&#62;&#60;/div&#62;&#60;/div&#62;',9),
(52,'Caixa de E-mail Lotada','t_68',68,'Ticket','6','2025-01-28 18:47:27','2025-01-28 20:17:28',2,0,9,'&#60;div&#62;&#60;h1&#62;Dados do formulário&#60;/h1&#62;&#60;h2&#62;Novo chamado&#60;/h2&#62;&#60;div&#62;&#60;b&#62;1) Título : &#60;/b&#62;Caixa de E-mail Lotada&#60;/div&#62;&#60;div&#62;&#60;b&#62;2) E-mail : &#60;/b&#62;vinicius.silveira@tecnomulti.com&#60;/div&#62;&#60;div&#62;&#60;b&#62;3) Telefone : &#60;/b&#62;84 99104-6460&#60;/div&#62;&#60;div&#62;&#60;b&#62;4) Categoria : &#60;/b&#62;E-mail&#60;/div&#62;&#60;div&#62;&#60;b&#62;5) Informe mais detalhes : &#60;/b&#62;&#60;p&#62;Caixa Lotada&#60;/p&#62;&#60;/div&#62;&#60;/div&#62;',9),
(54,'Email - Alexandre Onassis','t_70',70,'Ticket','6','2025-01-29 11:52:14','2025-01-29 12:01:16',2,0,9,'&#60;div&#62;&#60;h1&#62;Dados do formulário&#60;/h1&#62;&#60;h2&#62;Novo chamado&#60;/h2&#62;&#60;div&#62;&#60;b&#62;1) Título : &#60;/b&#62;Email - Alexandre Onassis&#60;/div&#62;&#60;div&#62;&#60;b&#62;2) E-mail : &#60;/b&#62;geimisson.marques@tecnomulti.com&#60;/div&#62;&#60;div&#62;&#60;b&#62;3) Telefone : &#60;/b&#62;81 983240445&#60;/div&#62;&#60;div&#62;&#60;b&#62;4) Categoria : &#60;/b&#62;E-mail&#60;/div&#62;&#60;div&#62;&#60;b&#62;5) Informe mais detalhes : &#60;/b&#62;&#60;p&#62;Configuração primeiro acesso ao email do coordenador Alexandre Onassis &#60;/p&#62;&#60;/div&#62;&#60;/div&#62;',9),
(55,'configurar VPN','t_71',71,'Ticket','6','2025-01-29 11:59:27','2025-01-29 12:06:26',2,0,9,'&#60;div&#62;&#60;h1&#62;Dados do formulário&#60;/h1&#62;&#60;h2&#62;Novo chamado&#60;/h2&#62;&#60;div&#62;&#60;b&#62;1) Título : &#60;/b&#62;configurar VPN&#60;/div&#62;&#60;div&#62;&#60;b&#62;2) E-mail : &#60;/b&#62;Sebastiao.clesio@tecnomulti.com&#60;/div&#62;&#60;div&#62;&#60;b&#62;3) Telefone : &#60;/b&#62;84991007542&#60;/div&#62;&#60;div&#62;&#60;b&#62;4) Categoria : &#60;/b&#62;Rede/Internet&#60;/div&#62;&#60;div&#62;&#60;b&#62;5) Informe mais detalhes : &#60;/b&#62;&#60;p&#62;bom dia.&#60;/p&#62;\n&#60;p&#62;conforme ja alinhado e autorizado por Paula. cadastrar a VPN no PC.   &#60;/p&#62;&#60;/div&#62;&#60;/div&#62;',9),
(56,'sistema sap não fica com o acesso','t_72',72,'Ticket','6','2025-01-30 11:24:45','2025-01-30 11:51:10',2,0,9,'&#60;div&#62;&#60;h1&#62;Dados do formulário&#60;/h1&#62;&#60;h2&#62;Novo chamado&#60;/h2&#62;&#60;div&#62;&#60;b&#62;1) Título : &#60;/b&#62;sistema sap não fica com o acesso&#60;/div&#62;&#60;div&#62;&#60;b&#62;2) E-mail : &#60;/b&#62;lorenalarissa88@gmail.com&#60;/div&#62;&#60;div&#62;&#60;b&#62;3) Telefone : &#60;/b&#62; 81 9402-7371&#60;/div&#62;&#60;div&#62;&#60;b&#62;4) Categoria : &#60;/b&#62;Sistema Operacional/Programas&#60;/div&#62;&#60;div&#62;&#60;b&#62;5) Informe mais detalhes : &#60;/b&#62;&#60;p&#62;não consigo acessar o sistema&#60;/p&#62;\n&#60;p&#62;anydesk  1 763 954 787&#60;/p&#62;&#60;/div&#62;&#60;/div&#62;',9),
(57,'PROBLEMA AO ACESSAR SAP / CITRIX','t_73',73,'Ticket','6','2025-01-30 13:44:22','2025-01-30 18:52:14',2,0,9,'&#60;div&#62;&#60;h1&#62;Dados do formulário&#60;/h1&#62;&#60;h2&#62;Novo chamado&#60;/h2&#62;&#60;div&#62;&#60;b&#62;1) Título : &#60;/b&#62;PROBLEMA AO ACESSAR SAP / CITRIX&#60;/div&#62;&#60;div&#62;&#60;b&#62;2) E-mail : &#60;/b&#62;lanna1457@gmail.com&#60;/div&#62;&#60;div&#62;&#60;b&#62;3) Telefone : &#60;/b&#62;83999075161&#60;/div&#62;&#60;div&#62;&#60;b&#62;4) Categoria : &#60;/b&#62;Sistema Operacional/Programas&#60;/div&#62;&#60;div&#62;&#60;b&#62;5) Informe mais detalhes : &#60;/b&#62;&#60;p&#62;NÃO CONSIGO ACESSAR O SAP NEM O CITRIX - PORÉM UMA COLEGA CONSEGUIU ACESSAR PELO MESMO LINK E MESMA SENHA &#60;a href=\"/front/document.send.php?docid=16&#38;itemtype=Ticket&#38;items_id=73\" target=\"_blank\" &#62;&#60;img alt=\"ec3ac8cc-b2d8e96f-679b81f077f908.68527211\" width=\"974\" src=\"/front/document.send.php?docid=16&#38;itemtype=Ticket&#38;items_id=73\" /&#62;&#60;/a&#62;&#60;/p&#62;&#60;/div&#62;&#60;/div&#62;',9),
(58,'EMAIL','t_74',74,'Ticket','6','2025-01-30 17:53:59','2025-01-30 19:23:58',2,0,9,'&#60;div&#62;&#60;h1&#62;Dados do formulário&#60;/h1&#62;&#60;h2&#62;Novo chamado&#60;/h2&#62;&#60;div&#62;&#60;b&#62;1) Título : &#60;/b&#62;EMAIL&#60;/div&#62;&#60;div&#62;&#60;b&#62;2) E-mail : &#60;/b&#62;flavia.chagas@tecnomulti.com&#60;/div&#62;&#60;div&#62;&#60;b&#62;3) Telefone : &#60;/b&#62; 84 8831-7787&#60;/div&#62;&#60;div&#62;&#60;b&#62;4) Categoria : &#60;/b&#62;E-mail&#60;/div&#62;&#60;div&#62;&#60;b&#62;5) Informe mais detalhes : &#60;/b&#62;&#60;p&#62;Meus emails não está saindo da caixa!&#60;/p&#62;&#60;/div&#62;&#60;/div&#62;',9),
(59,'INSTALAR NOBREAK','t_75',75,'Ticket','3','2025-01-30 18:41:10','2025-01-30 19:14:11',2,0,9,'&#60;div&#62;&#60;h1&#62;Dados do formulário&#60;/h1&#62;&#60;h2&#62;Novo chamado&#60;/h2&#62;&#60;div&#62;&#60;b&#62;1) Título : &#60;/b&#62;INSTALAR NOBREAK&#60;/div&#62;&#60;div&#62;&#60;b&#62;2) E-mail : &#60;/b&#62;denilson.marques@tecnomulti.com&#60;/div&#62;&#60;div&#62;&#60;b&#62;3) Telefone : &#60;/b&#62;84999811377&#60;/div&#62;&#60;div&#62;&#60;b&#62;4) Categoria : &#60;/b&#62;Equipamentos/Periféricos&#60;/div&#62;&#60;div&#62;&#60;b&#62;5) Informe mais detalhes : &#60;/b&#62;&#60;p&#62;equipamento para instalação disponivel.&#60;/p&#62;&#60;/div&#62;&#60;/div&#62;',9),
(60,'VPN com problema','t_76',76,'Ticket','6','2025-02-03 13:18:39','2025-02-04 11:49:55',2,0,9,'&#60;div&#62;&#60;h1&#62;Dados do formulário&#60;/h1&#62;&#60;h2&#62;Novo chamado&#60;/h2&#62;&#60;div&#62;&#60;b&#62;1) Título : &#60;/b&#62;VPN com problema&#60;/div&#62;&#60;div&#62;&#60;b&#62;2) E-mail : &#60;/b&#62;arthur.ulisses@tecnomulti.com&#60;/div&#62;&#60;div&#62;&#60;b&#62;3) Telefone : &#60;/b&#62;85992155440&#60;/div&#62;&#60;div&#62;&#60;b&#62;4) Categoria : &#60;/b&#62;Rede/Internet&#60;/div&#62;&#60;div&#62;&#60;b&#62;5) Informe mais detalhes : &#60;/b&#62;&#60;p&#62;VPN aparenta estar muito lento, impossibilitando o trabalho.&#60;/p&#62;&#60;/div&#62;&#60;/div&#62;',9),
(61,'VPN FIBRASIL','t_77',77,'Ticket','6','2025-02-03 17:21:14','2025-02-04 11:22:37',2,0,9,'&#60;div&#62;&#60;h1&#62;Dados do formulário&#60;/h1&#62;&#60;h2&#62;Novo chamado&#60;/h2&#62;&#60;div&#62;&#60;b&#62;1) Título : &#60;/b&#62;VPN FIBRASIL&#60;/div&#62;&#60;div&#62;&#60;b&#62;2) E-mail : &#60;/b&#62;danielle.silva@tecnomulti.com&#60;/div&#62;&#60;div&#62;&#60;b&#62;3) Telefone : &#60;/b&#62; 81 99256-9899&#60;/div&#62;&#60;div&#62;&#60;b&#62;4) Categoria : &#60;/b&#62;Sistema Operacional/Programas&#60;/div&#62;&#60;div&#62;&#60;b&#62;5) Informe mais detalhes : &#60;/b&#62;&#60;p&#62;A VPN da Fibrasil aprensentando erro ao acesso . &#60;/p&#62;&#60;/div&#62;&#60;/div&#62;',9),
(62,'Erro Envio de mensagens ','t_78',78,'Ticket','6','2025-02-03 17:44:33','2025-02-03 20:47:33',2,0,9,'&#60;div&#62;&#60;h1&#62;Dados do formulário&#60;/h1&#62;&#60;h2&#62;Novo chamado&#60;/h2&#62;&#60;div&#62;&#60;b&#62;1) Título : &#60;/b&#62;Erro Envio de mensagens &#60;/div&#62;&#60;div&#62;&#60;b&#62;2) E-mail : &#60;/b&#62;mario.lopes@tecnomulti.com&#60;/div&#62;&#60;div&#62;&#60;b&#62;3) Telefone : &#60;/b&#62;83993220200&#60;/div&#62;&#60;div&#62;&#60;b&#62;4) Categoria : &#60;/b&#62;E-mail&#60;/div&#62;&#60;div&#62;&#60;b&#62;5) Informe mais detalhes : &#60;/b&#62;&#60;p&#62;\"Esta mensagem foi criada automaticamente pelo software de entrega de correio.&#60;/p&#62;\n&#60;p&#62; &#60;/p&#62;\n&#60;p&#62;Uma mensagem que você enviou não pôde ser entregue a um ou mais destinatários. Este é um erro permanente. Os seguintes endereços falharam:\"&#60;/p&#62;&#60;/div&#62;&#60;/div&#62;',9),
(63,'Erro Envio de mensagens ','t_79',79,'Ticket','6','2025-02-03 20:21:54','2025-02-03 21:01:20',2,0,9,'&#60;div&#62;&#60;h1&#62;Dados do formulário&#60;/h1&#62;&#60;h2&#62;Novo chamado&#60;/h2&#62;&#60;div&#62;&#60;b&#62;1) Título : &#60;/b&#62;Erro Envio de mensagens &#60;/div&#62;&#60;div&#62;&#60;b&#62;2) E-mail : &#60;/b&#62;mario.lopes@tecnomulti.com&#60;/div&#62;&#60;div&#62;&#60;b&#62;3) Telefone : &#60;/b&#62;83993220200&#60;/div&#62;&#60;div&#62;&#60;b&#62;4) Categoria : &#60;/b&#62;E-mail&#60;/div&#62;&#60;div&#62;&#60;b&#62;5) Informe mais detalhes : &#60;/b&#62;&#60;p&#62;This message was created automatically by mail delivery software.&#60;/p&#62;\n&#60;p&#62; &#60;/p&#62;\n&#60;p&#62;A message that you sent could not be delivered to one or more of its recipients. This is a permanent error. The following address(es) failed:&#60;/p&#62;\n&#60;p&#62; &#60;/p&#62;\n&#60;p&#62;  alexcruzfab@hotmail.com&#60;/p&#62;\n&#60;p&#62;    host eig-east.smtp.a.cloudfilter.net [3.228.35.199]&#60;/p&#62;\n&#60;p&#62;    SMTP error from remote mail server after end of data:&#60;/p&#62;\n&#60;p&#62;    550 Connection Rejected - see http://www.spamhaus.org/query/ip/168.196.197.55 AUP#BL&#60;/p&#62;\n&#60;p&#62;  alexcruzfab@gmail.com&#60;/p&#62;\n&#60;p&#62;    host eig-east.smtp.a.cloudfilter.net [18.215.58.191]&#60;/p&#62;\n&#60;p&#62;    SMTP error from remote mail server after end of data:&#60;/p&#62;\n&#60;p&#62;    550 Connection Rejected - see http://www.spamhaus.org/query/ip/168.196.197.55 AUP#BL&#60;/p&#62;&#60;/div&#62;&#60;/div&#62;',9),
(64,'VPN','t_80',80,'Ticket','6','2025-02-04 18:37:10','2025-02-06 14:41:21',2,0,9,'&#60;div&#62;&#60;h1&#62;Dados do formulário&#60;/h1&#62;&#60;h2&#62;Novo chamado&#60;/h2&#62;&#60;div&#62;&#60;b&#62;1) Título : &#60;/b&#62;VPN&#60;/div&#62;&#60;div&#62;&#60;b&#62;2) E-mail : &#60;/b&#62;fabiano.melo@tecnomulti.com&#60;/div&#62;&#60;div&#62;&#60;b&#62;3) Telefone : &#60;/b&#62;81988187688&#60;/div&#62;&#60;div&#62;&#60;b&#62;4) Categoria : &#60;/b&#62;Rede/Internet&#60;/div&#62;&#60;div&#62;&#60;b&#62;5) Informe mais detalhes : &#60;/b&#62;&#60;p&#62;ACESSO A VPN &#60;/p&#62;&#60;/div&#62;&#60;/div&#62;',9),
(65,'INSTALAÇÃO VPN TECNOMULTI','t_81',81,'Ticket','6','2025-02-04 18:43:15','2025-02-06 14:39:48',2,0,9,'&#60;div&#62;&#60;h1&#62;Dados do formulário&#60;/h1&#62;&#60;h2&#62;Novo chamado&#60;/h2&#62;&#60;div&#62;&#60;b&#62;1) Título : &#60;/b&#62;INSTALAÇÃO VPN TECNOMULTI&#60;/div&#62;&#60;div&#62;&#60;b&#62;2) E-mail : &#60;/b&#62;danielle.silva@tecnomulti.com&#60;/div&#62;&#60;div&#62;&#60;b&#62;3) Telefone : &#60;/b&#62;81 99293-6741&#60;/div&#62;&#60;div&#62;&#60;b&#62;4) Categoria : &#60;/b&#62;Sistema Operacional/Programas&#60;/div&#62;&#60;div&#62;&#60;b&#62;5) Informe mais detalhes : &#60;/b&#62;&#60;p&#62;Instalação da VPN Tecnomulti. &#60;/p&#62;&#60;/div&#62;&#60;/div&#62;',9),
(66,'PASTA FROTA','t_82',82,'Ticket','6','2025-02-07 14:16:50','2025-02-11 12:21:34',2,0,9,'&#60;div&#62;&#60;h1&#62;Dados do formulário&#60;/h1&#62;&#60;h2&#62;Novo chamado&#60;/h2&#62;&#60;div&#62;&#60;b&#62;1) Título : &#60;/b&#62;PASTA FROTA&#60;/div&#62;&#60;div&#62;&#60;b&#62;2) E-mail : &#60;/b&#62;fabio.jackson@tecnomulti.com&#60;/div&#62;&#60;div&#62;&#60;b&#62;3) Telefone : &#60;/b&#62;83986500039&#60;/div&#62;&#60;div&#62;&#60;b&#62;4) Categoria : &#60;/b&#62;Rede/Internet&#60;/div&#62;&#60;div&#62;&#60;b&#62;5) Informe mais detalhes : &#60;/b&#62;&#60;p&#62;favor  configurar acesso para Pasta Frotas &#60;/p&#62;&#60;/div&#62;&#60;/div&#62;',9),
(67,'EMAIL / EXCEL / POWER POINT','t_83',83,'Ticket','6','2025-02-10 11:16:41','2025-02-10 11:46:54',2,0,9,'&#60;div&#62;&#60;h1&#62;Dados do formulário&#60;/h1&#62;&#60;h2&#62;Novo chamado&#60;/h2&#62;&#60;div&#62;&#60;b&#62;1) Título : &#60;/b&#62;EMAIL / EXCEL / POWER POINT&#60;/div&#62;&#60;div&#62;&#60;b&#62;2) E-mail : &#60;/b&#62;amanda.moreira@tecnomulti.com&#60;/div&#62;&#60;div&#62;&#60;b&#62;3) Telefone : &#60;/b&#62;(84)98753-9247&#60;/div&#62;&#60;div&#62;&#60;b&#62;4) Categoria : &#60;/b&#62;E-mail&#60;/div&#62;&#60;div&#62;&#60;b&#62;5) Informe mais detalhes : &#60;/b&#62;&#60;p&#62;Não consigo enviar, nem responder emails. Apenas recebo.&#60;/p&#62;\n&#60;p&#62;Excel, power point e word, apenas abre, não consigo mexer nele. Mostra um aviso informando que \"Está cópia do Microsoft office não está ativada. &#60;/p&#62;&#60;/div&#62;&#60;/div&#62;',9),
(68,'sistema sap não fica com o acesso','t_84',84,'Ticket','6','2025-02-11 12:02:54','2025-02-11 13:08:44',2,0,9,'&#60;div&#62;&#60;h1&#62;Dados do formulário&#60;/h1&#62;&#60;h2&#62;Novo chamado&#60;/h2&#62;&#60;div&#62;&#60;b&#62;1) Título : &#60;/b&#62;sistema sap não fica com o acesso&#60;/div&#62;&#60;div&#62;&#60;b&#62;2) E-mail : &#60;/b&#62;lorenalarissa88@gmail.com&#60;/div&#62;&#60;div&#62;&#60;b&#62;3) Telefone : &#60;/b&#62;81988648578&#60;/div&#62;&#60;div&#62;&#60;b&#62;4) Categoria : &#60;/b&#62;Sistema Operacional/Programas&#60;/div&#62;&#60;div&#62;&#60;b&#62;5) Informe mais detalhes : &#60;/b&#62;&#60;p&#62;não consigo usar o sistema funciona em outro e no  meu a senha e login não fica.&#60;/p&#62;&#60;/div&#62;&#60;/div&#62;',9),
(69,'PASTA FROTA','t_85',85,'Ticket','6','2025-02-11 12:41:34','2025-02-11 13:14:07',2,0,9,'&#60;div&#62;&#60;h1&#62;Dados do formulário&#60;/h1&#62;&#60;h2&#62;Novo chamado&#60;/h2&#62;&#60;div&#62;&#60;b&#62;1) Título : &#60;/b&#62;PASTA FROTA&#60;/div&#62;&#60;div&#62;&#60;b&#62;2) E-mail : &#60;/b&#62;joao.ferreira@tecnomulti.com&#60;/div&#62;&#60;div&#62;&#60;b&#62;3) Telefone : &#60;/b&#62;81 992588071&#60;/div&#62;&#60;div&#62;&#60;b&#62;4) Categoria : &#60;/b&#62;Rede/Internet&#60;/div&#62;&#60;div&#62;&#60;b&#62;5) Informe mais detalhes : &#60;/b&#62;&#60;p&#62;Favor criar acesso a pasta Frota&#60;/p&#62;&#60;/div&#62;&#60;/div&#62;',9),
(70,'Acesso Sistema ','t_86',86,'Ticket','6','2025-02-11 15:10:17','2025-02-13 13:17:14',2,0,9,'&#60;div&#62;&#60;h1&#62;Dados do formulário&#60;/h1&#62;&#60;h2&#62;Novo chamado&#60;/h2&#62;&#60;div&#62;&#60;b&#62;1) Título : &#60;/b&#62;Acesso Sistema &#60;/div&#62;&#60;div&#62;&#60;b&#62;2) E-mail : &#60;/b&#62;michele.souza@tecnomulti.com&#60;/div&#62;&#60;div&#62;&#60;b&#62;3) Telefone : &#60;/b&#62;8198555-5446&#60;/div&#62;&#60;div&#62;&#60;b&#62;4) Categoria : &#60;/b&#62;Sistema Operacional/Programas&#60;/div&#62;&#60;div&#62;&#60;b&#62;5) Informe mais detalhes : &#60;/b&#62;&#60;p&#62;Mudanca de setor, nao estou consiguindo acessa Vicky, Sap, OSPCONTROL &#60;/p&#62;&#60;/div&#62;&#60;/div&#62;',9),
(71,'ERRO NO PROGRESSO DE RECEBIMENTO DE E-MAIL | OUTLOOK','t_87',87,'Ticket','6','2025-02-12 11:56:10','2025-02-12 12:34:09',2,0,9,'&#60;div&#62;&#60;h1&#62;Dados do formulário&#60;/h1&#62;&#60;h2&#62;Novo chamado&#60;/h2&#62;&#60;div&#62;&#60;b&#62;1) Título : &#60;/b&#62;ERRO NO PROGRESSO DE RECEBIMENTO DE E-MAIL | OUTLOOK&#60;/div&#62;&#60;div&#62;&#60;b&#62;2) E-mail : &#60;/b&#62;gilmar.lourenco@tecnomulti.com&#60;/div&#62;&#60;div&#62;&#60;b&#62;3) Telefone : &#60;/b&#62;84988113027&#60;/div&#62;&#60;div&#62;&#60;b&#62;4) Categoria : &#60;/b&#62;E-mail&#60;/div&#62;&#60;div&#62;&#60;b&#62;5) Informe mais detalhes : &#60;/b&#62;&#60;p&#62;O progresso do Outlook indica o recebimento dos e-mails, porém, nada aparece na caixa de entrada, nem nas pastas com regras.&#60;/p&#62;&#60;/div&#62;&#60;/div&#62;',9),
(72,'edson maykon','t_88',88,'Ticket','2','2025-02-17 11:36:06','2025-02-17 20:31:30',2,0,9,'&#60;div&#62;&#60;h1&#62;Dados do formulário&#60;/h1&#62;&#60;h2&#62;Novo chamado&#60;/h2&#62;&#60;div&#62;&#60;b&#62;1) Título : &#60;/b&#62;edson maykon&#60;/div&#62;&#60;div&#62;&#60;b&#62;2) E-mail : &#60;/b&#62;edson.maykon@tecnomulti.com.pst&#60;/div&#62;&#60;div&#62;&#60;b&#62;3) Telefone : &#60;/b&#62;84 987026218&#60;/div&#62;&#60;div&#62;&#60;b&#62;4) Categoria : &#60;/b&#62;E-mail&#60;/div&#62;&#60;div&#62;&#60;b&#62;5) Informe mais detalhes : &#60;/b&#62;&#60;p&#62;nao estou tendo acesso e meu e-mail  edson.maykon@tecnomulti.com.pst&#60;/p&#62;&#60;/div&#62;&#60;/div&#62;',9),
(73,'INSTALAR E-MAIL OUTLOOK','t_89',89,'Ticket','2','2025-02-17 12:35:59','2025-02-18 18:30:40',2,0,9,'&#60;div&#62;&#60;h1&#62;Dados do formulário&#60;/h1&#62;&#60;h2&#62;Novo chamado&#60;/h2&#62;&#60;div&#62;&#60;b&#62;1) Título : &#60;/b&#62;INSTALAR E-MAIL OUTLOOK&#60;/div&#62;&#60;div&#62;&#60;b&#62;2) E-mail : &#60;/b&#62;bruno.ciriaco@tecnomulti.com&#60;/div&#62;&#60;div&#62;&#60;b&#62;3) Telefone : &#60;/b&#62;85981013501&#60;/div&#62;&#60;div&#62;&#60;b&#62;4) Categoria : &#60;/b&#62;E-mail&#60;/div&#62;&#60;div&#62;&#60;b&#62;5) Informe mais detalhes : &#60;/b&#62;&#60;p&#62;Bom dia configurar o outlook e instalar o DWG. &#60;/p&#62;&#60;/div&#62;&#60;/div&#62;',9),
(74,'não consigo acessar meu outlook','t_90',90,'Ticket','2','2025-02-18 17:56:01','2025-02-18 18:17:50',2,0,9,'&#60;div&#62;&#60;h1&#62;Dados do formulário&#60;/h1&#62;&#60;h2&#62;Novo chamado&#60;/h2&#62;&#60;div&#62;&#60;b&#62;1) Título : &#60;/b&#62;não consigo acessar meu outlook&#60;/div&#62;&#60;div&#62;&#60;b&#62;2) E-mail : &#60;/b&#62;aprendiz.recifela@tecnomult.com&#60;/div&#62;&#60;div&#62;&#60;b&#62;3) Telefone : &#60;/b&#62;81 986981633&#60;/div&#62;&#60;div&#62;&#60;b&#62;4) Categoria : &#60;/b&#62;E-mail&#60;/div&#62;&#60;div&#62;&#60;b&#62;5) Informe mais detalhes : &#60;/b&#62;&#60;p&#62;&#60;a href=\"/front/document.send.php?docid=17&#38;itemtype=Ticket&#38;items_id=90\" target=\"_blank\" &#62;&#60;img alt=\"47cb7c5c-b2d8e96f-67b4c9ad2804d1.68109059\" width=\"545\" src=\"/front/document.send.php?docid=17&#38;itemtype=Ticket&#38;items_id=90\" /&#62;&#60;/a&#62;&#60;/p&#62;&#60;/div&#62;&#60;/div&#62;',9),
(75,'CHAMADO RAYLLA','t_91',91,'Ticket','2','2025-02-18 17:56:26','2025-02-18 18:22:40',2,0,9,'&#60;div&#62;&#60;h1&#62;Dados do formulário&#60;/h1&#62;&#60;h2&#62;Novo chamado&#60;/h2&#62;&#60;div&#62;&#60;b&#62;1) Título : &#60;/b&#62;CHAMADO RAYLLA&#60;/div&#62;&#60;div&#62;&#60;b&#62;2) E-mail : &#60;/b&#62;raylla.vitoria@tecnomulti.com&#60;/div&#62;&#60;div&#62;&#60;b&#62;3) Telefone : &#60;/b&#62;84988082753&#60;/div&#62;&#60;div&#62;&#60;b&#62;4) Categoria : &#60;/b&#62;E-mail&#60;/div&#62;&#60;div&#62;&#60;b&#62;5) Informe mais detalhes : &#60;/b&#62;&#60;p&#62;Boa tarde, Alex!&#60;br&#62;Não consigo rever emails antigos nem enviados.&#60;/p&#62;&#60;/div&#62;&#60;/div&#62;',9),
(76,'TROCA DE NOTEBOOK','t_92',92,'Ticket','1','2025-02-18 18:48:25','2025-02-18 18:48:25',2,0,9,'&#60;div&#62;&#60;h1&#62;Dados do formulário&#60;/h1&#62;&#60;h2&#62;Novo chamado&#60;/h2&#62;&#60;div&#62;&#60;b&#62;1) Título : &#60;/b&#62;TROCA DE NOTEBOOK&#60;/div&#62;&#60;div&#62;&#60;b&#62;2) E-mail : &#60;/b&#62;evelyn.azevedo@tecnomulti.com&#60;/div&#62;&#60;div&#62;&#60;b&#62;3) Telefone : &#60;/b&#62;84981052542&#60;/div&#62;&#60;div&#62;&#60;b&#62;4) Categoria : &#60;/b&#62;Sistema Operacional/Programas&#60;/div&#62;&#60;div&#62;&#60;b&#62;5) Informe mais detalhes : &#60;/b&#62;&#60;p&#62;Troca de notebook, liberar acessos.&#60;/p&#62;&#60;/div&#62;&#60;/div&#62;',9);

--
